000
CXUS55 KLOX 011655
CF6PRB
PRELIMINARY LOCAL CLIMATOLOGICAL DATA (WS FORM: F-6)

                                          STATION:   PASO ROBLES AIRPORT CA
                                          MONTH:     JULY
                                          YEAR:      2015
                                          LATITUDE:   35 40 N
                                          LONGITUDE: 120 38 W

  TEMPERATURE IN F:       :PCPN:    SNOW:  WIND      :SUNSHINE: SKY     :PK WND
================================================================================
1   2   3   4   5  6A  6B    7    8   9   10  11  12  13   14  15   16   17  18
                                     12Z  AVG MX 2MIN
DY MAX MIN AVG DEP HDD CDD  WTR  SNW DPTH SPD SPD DIR MIN PSBL S-S WX    SPD DR
================================================================================

 1  94  62  78   6   0  13    T  0.0    0  6.0 21 210   M    M   0        25 210
 2  93  65  79   7   0  14    T  0.0    0 11.1 26 200   M    M   0        35 190
 3  98  57  78   6   0  13 0.00  0.0    0  6.8 23 190   M    M   0        27 190
 4  91  58  75   3   0  10 0.00  0.0    0 10.2 28 210   M    M   0        33 210
 5  84  57  71  -1   0   6 0.00  0.0    0 11.2 26 200   M    M   1        32 210
 6  95  58  77   4   0  12 0.00  0.0    0   M  22 280   M    M   2         M  M
 7  90  60  75   2   0  10 0.00  0.0    0 10.5 22 210   M    M   0        27 210
 8  80  58  69  -4   0   4 0.00  0.0    0 11.7 25 200   M    M   0        31 190
 9  79  56  68  -5   0   3 0.00  0.0    0  8.1 21 200   M    M   3        28 230
10  82  55  69  -4   0   4 0.00  0.0    0  8.5 20 200   M    M   2        24 210
11  85  55  70  -3   0   5 0.00  0.0    0  9.0 25 200   M    M   0        30 190
12  90  59  75   2   0  10 0.00  0.0    0  8.7 20 200   M    M   0        24 200
13  92  59  76   2   0  11 0.00  0.0    0 10.1 21 210   M    M   0        25 210
14  92  58  75   1   0  10 0.00  0.0    0 11.0 20 280   M    M   0 8      24 290
15  85  56  71  -3   0   6 0.00  0.0    0 10.5 24 210   M    M   2        29 210
16  87  52  70  -4   0   5 0.00  0.0    0  7.8 23 200   M    M   2 1      28 170
17  92  53  73  -1   0   8 0.00  0.0    0  6.5 22 210   M    M   0        27 200
18  91  50  71  -3   0   6 0.08  0.0    0  6.2 18 230   M    M   3        27 200
19  75  62  69  -5   0   4 2.09  0.0    0  2.8 13 280   M    M   5 1      14 280
20  90  68  79   5   0  14 0.00  0.0    0  6.4 21 200   M    M   1 1      25 210
21  86  64  75   1   0  10 0.00  0.0    0  8.1 25 210   M    M   0        31 200
22  81  58  70  -4   0   5 0.00  0.0    0 10.3 21 210   M    M   1        26 240
23  83  56  70  -4   0   5 0.00  0.0    0  9.0 20 200   M    M   1        24 200
24  94  55  75   1   0  10 0.00  0.0    0  5.3 20 290   M    M   0        23 300
25  95  56  76   2   0  11 0.00  0.0    0  6.7 20 310   M    M   0        23 240
26  89  56  73  -1   0   8 0.00  0.0    0  8.6 20 210   M    M   2 1      24 290
27  95  54  75   1   0  10 0.00  0.0    0  6.8 20 300   M    M   1        26 310
28  99  56  78   4   0  13 0.00  0.0    0  4.1 17 200   M    M   0 8      21 210
29  98  57  78   4   0  13 0.00  0.0    0  7.0 24 210   M    M   0        30 210
30 102  61  82   8   0  17 0.00  0.0    0  7.2 23 190   M    M   0        28 180
31  91  64  78   4   0  13 0.00  0.0    0  8.6 25 210   M    M   0        33 210
================================================================================
SM 2778 1795         0 283  2.17     0.0 244.9          M       26
================================================================================
AV 89.6 57.9                               8.2 FASTST   M    M   1    MAX(MPH)
                                 MISC ---->  # 28 210               # 35  190
================================================================================
NOTES:
# LAST OF SEVERAL OCCURRENCES

COLUMN 17 PEAK WIND IN M.P.H.

PRELIMINARY LOCAL CLIMATOLOGICAL DATA (WS FORM: F-6) , PAGE 2

                                          STATION:  PASO ROBLES AIRPORT CA
                                          MONTH:    JULY
                                          YEAR:     2015
                                          LATITUDE:   35 40 N
                                          LONGITUDE: 120 38 W

[TEMPERATURE DATA]      [PRECIPITATION DATA]       SYMBOLS USED IN COLUMN 16

AVERAGE MONTHLY: 73.8   TOTAL FOR MONTH:   2.17    1 = FOG OR MIST
DPTR FM NORMAL:   0.4   DPTR FM NORMAL:    2.17    2 = FOG REDUCING VISIBILITY
HIGHEST:   102 ON 30    GRTST 24HR  2.09 ON 19-19      TO 1/4 MILE OR LESS
LOWEST:     50 ON 18                               3 = THUNDER
                        SNOW, ICE PELLETS, HAIL    4 = ICE PELLETS
                        TOTAL MONTH:   0.0 INCH    5 = HAIL
                        GRTST 24HR     0.0         6 = FREEZING RAIN OR DRIZZLE
                        GRTST DEPTH:   0           7 = DUSTSTORM OR SANDSTORM:
                                                       VSBY 1/2 MILE OR LESS
                                                   8 = SMOKE OR HAZE
[NO. OF DAYS WITH]      [WEATHER - DAYS WITH]      9 = BLOWING SNOW
                                                   X = TORNADO
MAX 32 OR BELOW:   0    0.01 INCH OR MORE:   2
MAX 90 OR ABOVE:  19    0.10 INCH OR MORE:   1
MIN 32 OR BELOW:   0    0.50 INCH OR MORE:   1
MIN  0 OR BELOW:   0    1.00 INCH OR MORE:   1

[HDD (BASE 65) ]
TOTAL THIS MO.     0    CLEAR  (SCALE 0-3)  28
DPTR FM NORMAL    -4    PTCLDY (SCALE 4-7)   3
TOTAL FM JUL 1     0    CLOUDY (SCALE 8-10)  0
DPTR FM NORMAL    -4

[CDD (BASE 65) ]
TOTAL THIS MO.   283
DPTR FM NORMAL    17    [PRESSURE DATA]
TOTAL FM JAN 1   617    HIGHEST SLP 30.10 ON 24
DPTR FM NORMAL   140    LOWEST  SLP 29.75 ON 17

[REMARKS]
#FINAL-07-15#
