000
CXUS56 KFGZ 240900
CF6PRC
PRELIMINARY LOCAL CLIMATOLOGICAL DATA (WS FORM: F-6)

                                          STATION:   PRESCOTT AZ AIRPORT
                                          MONTH:     APRIL
                                          YEAR:      2014
                                          LATITUDE:   34 39 N
                                          LONGITUDE: 112 26 W

  TEMPERATURE IN F:       :PCPN:    SNOW:  WIND      :SUNSHINE: SKY     :PK WND
================================================================================
1   2   3   4   5  6A  6B    7    8   9   10  11  12  13   14  15   16   17  18
                                     12Z  AVG MX 2MIN
DY MAX MIN AVG DEP HDD CDD  WTR  SNW DPTH SPD SPD DIR MIN PSBL S-S WX    SPD DR
================================================================================

 1  59  44  52   3  13   0 0.00    M    M 13.5 31 200   M    M   1        45 220
 2  51  33  42  -7  23   0    T    M    M 10.2 29 230   M    M   7        37 230
 3  57  25  41  -9  24   0 0.00    M    M  5.8 14 360   M    M   2 18     17 350
 4  62  32  47  -3  18   0 0.00    M    M  6.9 20 240   M    M   0        27 250
 5  59  37  48  -2  17   0 0.00    M    M  7.5 22 290   M    M   5        26 290
 6  65  34  50   0  15   0 0.00    M    M 11.1 24 350   M    M   0        32 320
 7  74  36  55   5  10   0 0.00    M    M  4.0 13 300   M    M   0        16 280
 8  79  38  59   8   6   0 0.00    M    M  6.2 15 280   M    M   0        20 290
 9  80  44  62  11   3   0 0.00    M    M  8.0 20 300   M    M   0        25 290
10  80  44  62  11   3   0 0.00    M    M 10.4 25 230   M    M   0        33 250
11  78  48  63  12   2   0 0.00    M    M  9.2 21 240   M    M   1        27 210
12  72  46  59   7   6   0 0.00    M    M 10.7 24 250   M    M   0        31 250
13  72  47  60   8   5   0 0.00    M    M 15.4 31 240   M    M   1        40 240
14  68  33  51  -1  14   0 0.00    M    M  7.0 18  50   M    M   0        23  40
15  73  33  53   1  12   0 0.00    M    M  4.6 16 250   M    M   0        20 260
16  77  37  57   4   8   0 0.00    M    M  8.2 22 250   M    M   0        34 280
17  78  41  60   7   5   0 0.00    M    M  7.2 20 230   M    M   0        24 230
18  67  47  57   4   8   0 0.01    M    M  9.0 24 210   M    M   4        31 220
19  70  39  55   2  10   0 0.00    M    M  8.4 23 230   M    M   3 3      29 230
20  77  43  60   6   5   0    T    M    M  6.4 16 230   M    M   3        27 260
21  80  47  64  10   1   0 0.00    M    M  6.6 15 210   M    M   2        20 210
22  76  49  63   9   2   0 0.00    M    0 12.3 31 190   M    M   1        42 200
23  71  40  56   1   9   0 0.00    M    0  8.4 21 330   M    M   0        28 330
================================================================================
SM 1625  917       219   0  0.01    M    197.0          M       30
================================================================================
AV 70.7 39.9                               8.6 FASTST   M    M   1    MAX(MPH)
                                 MISC ---->  # 31 200               # 45  220
================================================================================
NOTES:
# LAST OF SEVERAL OCCURRENCES

COLUMN 17 PEAK WIND IN M.P.H.

PRELIMINARY LOCAL CLIMATOLOGICAL DATA (WS FORM: F-6) , PAGE 2

                                          STATION:  PRESCOTT AZ AIRPORT
                                          MONTH:    APRIL
                                          YEAR:     2014
                                          LATITUDE:   34 39 N
                                          LONGITUDE: 112 26 W

[TEMPERATURE DATA]      [PRECIPITATION DATA]       SYMBOLS USED IN COLUMN 16

AVERAGE MONTHLY: 55.3   TOTAL FOR MONTH:   0.01    1 = FOG OR MIST
DPTR FM NORMAL:   3.6   DPTR FM NORMAL:   -0.40    2 = FOG REDUCING VISIBILITY
HIGHEST:    80 ON 21,10 GRTST 24HR  0.01 ON 18-18      TO 1/4 MILE OR LESS
LOWEST:     25 ON  3                               3 = THUNDER
                        SNOW, ICE PELLETS, HAIL    4 = ICE PELLETS
                        TOTAL MONTH:    M          5 = HAIL
                        GRTST 24HR    M  ON   M    6 = FREEZING RAIN OR DRIZZLE
                        GRTST DEPTH:   0           7 = DUSTSTORM OR SANDSTORM:
                                                       VSBY 1/2 MILE OR LESS
                                                   8 = SMOKE OR HAZE
[NO. OF DAYS WITH]      [WEATHER - DAYS WITH]      9 = BLOWING SNOW
                                                   X = TORNADO
MAX 32 OR BELOW:   0    0.01 INCH OR MORE:   1
MAX 90 OR ABOVE:   0    0.10 INCH OR MORE:   0
MIN 32 OR BELOW:   2    0.50 INCH OR MORE:   0
MIN  0 OR BELOW:   0    1.00 INCH OR MORE:   0

[HDD (BASE 65) ]
TOTAL THIS MO.   219    CLEAR  (SCALE 0-3)  20
DPTR FM NORMAL   -87    PTCLDY (SCALE 4-7)   3
TOTAL FM JUL 1  3593    CLOUDY (SCALE 8-10)  0
DPTR FM NORMAL  -460

[CDD (BASE 65) ]
TOTAL THIS MO.     0
DPTR FM NORMAL     0    [PRESSURE DATA]
TOTAL FM JAN 1     0    HIGHEST SLP M ON M
DPTR FM NORMAL     0    LOWEST  SLP 29.63 ON M

[REMARKS]
