000
CXUS56 KPDT 211832
CF6PSC
PRELIMINARY LOCAL CLIMATOLOGICAL DATA (WS FORM: F-6)

                                          STATION:   PASCO WA
                                          MONTH:     FEBRUARY
                                          YEAR:      2018
                                          LATITUDE:   46 16 N
                                          LONGITUDE: 119  7 W

  TEMPERATURE IN F:       :PCPN:    SNOW:  WIND      :SUNSHINE: SKY     :PK WND
================================================================================
1   2   3   4   5  6A  6B    7    8   9   10  11  12  13   14  15   16   17  18
                                     12Z  AVG MX 2MIN
DY MAX MIN AVG DEP HDD CDD  WTR  SNW DPTH SPD SPD DIR MIN PSBL S-S WX    SPD DR
================================================================================

 1  51  31  41   4  24   0 0.17  0.0    0  3.7  9 320   M    M   7 1      11 310
 2  62  35  49  12  16   0 0.00  0.0    0  6.6 21 260   M    M   3 1      28 270
 3  61  52  57  20   8   0 0.00  0.0    0 13.8 28 230   M    M   4        36 240
 4  64  49  57  20   8   0 0.00  0.0    0 15.3 32 220   M    M   2        39 230
 5  62  36  49  12  16   0 0.00  0.0    0  8.2 17 260   M    M   2        24 260
 6  58  27  43   5  22   0 0.00  0.0    0  3.8 14 210   M    M   1        17 200
 7  56  37  47   9  18   0    T  0.0    0  4.7 15 190   M    M   1        18 190
 8  66  43  55  17  10   0 0.00  0.0    0 13.2 35 230   M    M   0        40 220
 9  51  32  42   4  23   0    T    T    0  5.6 14 320   M    M   7        17 330
10  46  26  36  -2  29   0 0.00  0.0    0  5.3 14 200   M    M   2        18 330
11  44  28  36  -2  29   0 0.00  0.0    0 10.0 20 360   M    M   2        24  10
12  41  19  30  -8  35   0 0.00  0.0    0  9.5 22  10   M    M   1        28  10
13  47  17  32  -6  33   0 0.00  0.0    0  3.4 10 130   M    M   0        12 140
14  50  30  40   2  25   0 0.22    T    0  7.7 20 230   M    M   9 1      25 200
15  49  25  37  -2  28   0 0.00  0.0    0  4.9 14 230   M    M   3 1      18 230
16  55  39  47   8  18   0 0.01  0.0    0 18.4 36 220   M    M   5        46 220
17  61  41  51  12  14   0    T  0.0    0 17.2 43 230   M    M   5 7      55 260
18  44  26  35  -4  30   0    T  0.0    0 15.3 28 230   M    M   5        33 220
19  34  16  25 -14  40   0 0.00  0.0    0  8.9 23  10   M    M   5        27  10
20  36  14  25 -15  40   0    T    M    0  4.6 15 360   M    M   7        19 360
================================================================================
SM 1038  623       466   0  0.40    T    180.1          M       71
================================================================================
AV 51.9 31.2                               9.0 FASTST   M    M   4    MAX(MPH)
                                 MISC ---->  # 43 230               # 55  260
================================================================================
NOTES:
# LAST OF SEVERAL OCCURRENCES

COLUMN 17 PEAK WIND IN M.P.H.

PRELIMINARY LOCAL CLIMATOLOGICAL DATA (WS FORM: F-6) , PAGE 2

                                          STATION:  PASCO WA
                                          MONTH:    FEBRUARY
                                          YEAR:     2018
                                          LATITUDE:   46 16 N
                                          LONGITUDE: 119  7 W

[TEMPERATURE DATA]      [PRECIPITATION DATA]       SYMBOLS USED IN COLUMN 16

AVERAGE MONTHLY: 41.5   TOTAL FOR MONTH:   0.40    1 = FOG OR MIST
DPTR FM NORMAL:   3.4   DPTR FM NORMAL:   -0.23    2 = FOG REDUCING VISIBILITY
HIGHEST:    66 ON  8    GRTST 24HR  0.22 ON 14-14      TO 1/4 MILE OR LESS
LOWEST:     14 ON 20                               3 = THUNDER
                        SNOW, ICE PELLETS, HAIL    4 = ICE PELLETS
                        TOTAL MONTH:    T          5 = HAIL
                        GRTST 24HR    T  ON 14-14  6 = FREEZING RAIN OR DRIZZLE
                        GRTST DEPTH:   0           7 = DUSTSTORM OR SANDSTORM:
                                                       VSBY 1/2 MILE OR LESS
                                                   8 = SMOKE OR HAZE
[NO. OF DAYS WITH]      [WEATHER - DAYS WITH]      9 = BLOWING SNOW
                                                   X = TORNADO
MAX 32 OR BELOW:   0    0.01 INCH OR MORE:   3
MAX 90 OR ABOVE:   0    0.10 INCH OR MORE:   2
MIN 32 OR BELOW:  12    0.50 INCH OR MORE:   0
MIN  0 OR BELOW:   0    1.00 INCH OR MORE:   0

[HDD (BASE 65) ]
TOTAL THIS MO.   466    CLEAR  (SCALE 0-3)  10
DPTR FM NORMAL   -72    PTCLDY (SCALE 4-7)   9
TOTAL FM JUL 1  3455    CLOUDY (SCALE 8-10)  1
DPTR FM NORMAL  -234

[CDD (BASE 65) ]
TOTAL THIS MO.     0
DPTR FM NORMAL     0    [PRESSURE DATA]
TOTAL FM JAN 1     0    HIGHEST SLP M ON M
DPTR FM NORMAL     0    LOWEST  SLP 29.49 ON 17

[REMARKS]
