000
CXUS55 KALY 220710
CF6PSF
PRELIMINARY LOCAL CLIMATOLOGICAL DATA (WS FORM: F-6)

                                          STATION:   PITTSFIELD MA
                                          MONTH:     FEBRUARY
                                          YEAR:      2017
                                          LATITUDE:   42 25 N
                                          LONGITUDE:  73 18 W

  TEMPERATURE IN F:       :PCPN:    SNOW:  WIND      :SUNSHINE: SKY     :PK WND
================================================================================
1   2   3   4   5  6A  6B    7    8   9   10  11  12  13   14  15   16   17  18
                                     12Z  AVG MX 2MIN
DY MAX MIN AVG DEP HDD CDD  WTR  SNW DPTH SPD SPD DIR MIN PSBL S-S WX    SPD DR
================================================================================

 1  36  21  29   8  36   0 0.08    M    M  7.7 26 270   M    M   7 18     35 270
 2  29  13  21   0  44   0    T    M    M  8.0 21 280   M    M   5        30 280
 3  26  15  21   0  44   0 0.00    M    M  8.8 16 280   M    M   5        23 270
 4  26  13  20  -2  45   0    T    M    M 10.1 21 290   M    M   6        29 300
 5  33  19  26   4  39   0 0.00    M    M 10.5 28 280   M    M   8        41 290
 6  32  21  27   5  38   0    T    M    M 10.6 28 300   M    M   9        39 310
 7  31  26  29   7  36   0 0.22    M    M  6.0 14  70   M    M   9 16     25  50
 8  41  26  34  12  31   0 0.20    M    M  7.6 22 290   M    M   5 126    29 300
 9  27   5  16  -6  49   0 0.47    M    M 10.6 24 340   M    M   8 128    36 330
10  19   4  12 -11  53   0 0.15    M    M 14.6 37 290   M    M   4 189    49 280
11  34  16  25   2  40   0 0.09    M    M  3.3 10 290   M    M  10 1      14 300
12  27  22  25   2  40   0 0.43    M    M  5.2 12  60   M    M   8 12     16  60
13  30  18  24   1  41   0 0.07    M    M 14.5 31 290   M    M  10 18     44 280
14  34  18  26   2  39   0 0.00    M    M  4.5 13 290   M    M   5 8      20 300
15  36  22  29   5  36   0 0.03    M    M  5.7 24 290   M    M   9 128    36 300
16  29  19  24   0  41   0 0.02    M    M 14.7 25 280   M    M  10 12     34 310
17  29  18  24   0  41   0    T    M    M 14.7 29 290   M    M   4 8      38 290
18  50  16  33   9  32   0 0.00    M    M  6.4 16 230   M    M   0        24 280
19  50  37  44  19  21   0 0.00  0.0    M 15.8 28 300   M    M   0        37 280
20  39  20  30   5  35   0 0.00  0.0    M  7.2 17 330   M    M   2        25 350
21  42  13  28   3  37   0 0.00  0.0    M  4.0 15 220   M    M   0        21 220
================================================================================
SM  700  382       818   0  1.76     0.0 190.5          M      124
================================================================================
AV 33.3 18.2                               9.1 FASTST   M    M   6    MAX(MPH)
                                 MISC ---->  # 37 290               # 49  280
================================================================================
NOTES:
# LAST OF SEVERAL OCCURRENCES

COLUMN 17 PEAK WIND IN M.P.H.

PRELIMINARY LOCAL CLIMATOLOGICAL DATA (WS FORM: F-6) , PAGE 2

                                          STATION:  PITTSFIELD MA
                                          MONTH:    FEBRUARY
                                          YEAR:     2017
                                          LATITUDE:   42 25 N
                                          LONGITUDE:  73 18 W

[TEMPERATURE DATA]      [PRECIPITATION DATA]       SYMBOLS USED IN COLUMN 16

AVERAGE MONTHLY: 25.8   TOTAL FOR MONTH:   1.76    1 = FOG OR MIST
DPTR FM NORMAL:   2.8   DPTR FM NORMAL:   -0.25    2 = FOG REDUCING VISIBILITY
HIGHEST:    50 ON 19,18 GRTST 24HR  0.49 ON 12-13      TO 1/4 MILE OR LESS
LOWEST:      4 ON 10                               3 = THUNDER
                        SNOW, ICE PELLETS, HAIL    4 = ICE PELLETS
                        TOTAL MONTH:   0.0 INCH    5 = HAIL
                        GRTST 24HR     0.0         6 = FREEZING RAIN OR DRIZZLE
                        GRTST DEPTH:  M  ON   M    7 = DUSTSTORM OR SANDSTORM:
                                                       VSBY 1/2 MILE OR LESS
                                                   8 = SMOKE OR HAZE
[NO. OF DAYS WITH]      [WEATHER - DAYS WITH]      9 = BLOWING SNOW
                                                   X = TORNADO
MAX 32 OR BELOW:  11    0.01 INCH OR MORE:  10
MAX 90 OR ABOVE:   0    0.10 INCH OR MORE:   5
MIN 32 OR BELOW:  20    0.50 INCH OR MORE:   0
MIN  0 OR BELOW:   0    1.00 INCH OR MORE:   0

[HDD (BASE 65) ]
TOTAL THIS MO.   818    CLEAR  (SCALE 0-3)   4
DPTR FM NORMAL   -66    PTCLDY (SCALE 4-7)  11
TOTAL FM JUL 1  4550    CLOUDY (SCALE 8-10)  6
DPTR FM NORMAL  -559

[CDD (BASE 65) ]
TOTAL THIS MO.     0
DPTR FM NORMAL     0    [PRESSURE DATA]
TOTAL FM JAN 1     0    HIGHEST SLP M ON M
DPTR FM NORMAL     0    LOWEST  SLP 29.34 ON 15

[REMARKS]
