000
CXUS54 KFWD 220730
CF6PSN
PRELIMINARY LOCAL CLIMATOLOGICAL DATA (WS FORM: F-6)

                                          STATION:   PALESTINE
                                          MONTH:     OCTOBER
                                          YEAR:      2017
                                          LATITUDE:   31 46 N
                                          LONGITUDE:  95 42 W

  TEMPERATURE IN F:       :PCPN:    SNOW:  WIND      :SUNSHINE: SKY     :PK WND
================================================================================
1   2   3   4   5  6A  6B    7    8   9   10  11  12  13   14  15   16   17  18
                                     12Z  AVG MX 2MIN
DY MAX MIN AVG DEP HDD CDD  WTR  SNW DPTH SPD SPD DIR MIN PSBL S-S WX    SPD DR
================================================================================

 1  88  63  76   5   0  11 0.00  0.0    0  3.9  8 190   M    M   1         M  M
 2  89  72  81  10   0  16 0.00  0.0    0  7.1 14 100   M    M   3        18  90
 3  81  75  78   8   0  13 1.23  0.0    0  5.7 10 110   M    M   8 1       M  M
 4  87  72  80  10   0  15 0.00  0.0    0  5.3  9  90   M    M   2         M  M
 5  87  68  78   8   0  13 0.00  0.0    0  3.7  9 100   M    M   0         M  M
 6  85  64  75   5   0  10 0.00  0.0    0  2.8  7 160   M    M   0         M  M
 7  88  63  76   7   0  11 0.00  0.0    0  2.3  8 230   M    M   1         M  M
 8  88  65  77   8   0  12 0.00  0.0    0  1.6  7 190   M    M   0         M  M
 9  91  71  81  13   0  16 0.00  0.0    0  5.5 12 180   M    M   2        18 180
10  77  57  67  -1   0   2 0.00  0.0    0  6.6 15 330   M    M   1        22 330
11  78  50  64  -4   1   0 0.00  0.0    0  4.1 10 340   M    M   0        16 340
12  86  55  71   3   0   6 0.00  0.0    0  1.3  7 240   M    M   0 8       M  M
13  89  69  79  12   0  14 0.00  0.0    0  3.5  8 160   M    M   0 18      M  M
14  88  69  79  12   0  14 0.00  0.0    0  4.0 12 170   M    M   1 1      17 170
15  77  57  67   0   0   2 0.00  0.0    0  6.5 14 340   M    M   3        23 330
16  74  49  62  -4   3   0 0.00  0.0    0  6.4 10  50   M    M   0        21  50
17  77  48  63  -3   2   0 0.00  0.0    0  2.9  8 100   M    M   0         M  M
18  80  44  62  -4   3   0 0.00  0.0    0  3.1  8 190   M    M   0         M  M
19  82  54  68   2   0   3 0.00  0.0    0  3.4  8 100   M    M   0         M  M
20  81  65  73   8   0   8 0.00  0.0    0  7.2 13 120   M    M   4        17 110
21  89  70  80  15   0  15 0.00  0.0    0  8.0 12 150   M    M   7 1      16 150
================================================================================
SM 1762 1300         9 181  1.23     0.0  94.9          M       33
================================================================================
AV 83.9 61.9                               4.5 FASTST   M    M   2    MAX(MPH)
                                 MISC ---->  # 15 330               # 23  330
================================================================================
NOTES:
# LAST OF SEVERAL OCCURRENCES

COLUMN 17 PEAK WIND IN M.P.H.

PRELIMINARY LOCAL CLIMATOLOGICAL DATA (WS FORM: F-6) , PAGE 2

                                          STATION:  PALESTINE
                                          MONTH:    OCTOBER
                                          YEAR:     2017
                                          LATITUDE:   31 46 N
                                          LONGITUDE:  95 42 W

[TEMPERATURE DATA]      [PRECIPITATION DATA]       SYMBOLS USED IN COLUMN 16

AVERAGE MONTHLY: 72.9   TOTAL FOR MONTH:   1.23    1 = FOG OR MIST
DPTR FM NORMAL:   5.0   DPTR FM NORMAL:   -2.11    2 = FOG REDUCING VISIBILITY
HIGHEST:    91 ON  9    GRTST 24HR  1.23 ON  3- 3      TO 1/4 MILE OR LESS
LOWEST:     44 ON 18                               3 = THUNDER
                        SNOW, ICE PELLETS, HAIL    4 = ICE PELLETS
                        TOTAL MONTH:   0.0 INCH    5 = HAIL
                        GRTST 24HR     0.0         6 = FREEZING RAIN OR DRIZZLE
                        GRTST DEPTH:   0           7 = DUSTSTORM OR SANDSTORM:
                                                       VSBY 1/2 MILE OR LESS
                                                   8 = SMOKE OR HAZE
[NO. OF DAYS WITH]      [WEATHER - DAYS WITH]      9 = BLOWING SNOW
                                                   X = TORNADO
MAX 32 OR BELOW:   0    0.01 INCH OR MORE:   1
MAX 90 OR ABOVE:   1    0.10 INCH OR MORE:   1
MIN 32 OR BELOW:   0    0.50 INCH OR MORE:   1
MIN  0 OR BELOW:   0    1.00 INCH OR MORE:   1

[HDD (BASE 65) ]
TOTAL THIS MO.     9    CLEAR  (SCALE 0-3)  17
DPTR FM NORMAL   -27    PTCLDY (SCALE 4-7)   3
TOTAL FM JUL 1     9    CLOUDY (SCALE 8-10)  1
DPTR FM NORMAL   -33

[CDD (BASE 65) ]
TOTAL THIS MO.   181
DPTR FM NORMAL    82    [PRESSURE DATA]
TOTAL FM JAN 1  2741    HIGHEST SLP M ON M
DPTR FM NORMAL   473    LOWEST  SLP M ON M

[REMARKS]
