000
CXUS51 KBOX 251200
CF6PVD
PRELIMINARY LOCAL CLIMATOLOGICAL DATA (WS FORM: F-6)

                                          STATION:   PROVIDENCE RI
                                          MONTH:     FEBRUARY
                                          YEAR:      2017
                                          LATITUDE:   41 43 N
                                          LONGITUDE:  71 26 W

  TEMPERATURE IN F:       :PCPN:    SNOW:  WIND      :SUNSHINE: SKY     :PK WND
================================================================================
1   2   3   4   5  6A  6B    7    8   9   10  11  12  13   14  15   16   17  18
                                     12Z  AVG MX 2MIN
DY MAX MIN AVG DEP HDD CDD  WTR  SNW DPTH SPD SPD DIR MIN PSBL S-S WX    SPD DR
================================================================================

 1  44  22  33   3  32   0 0.01  0.1    M  7.2 22 260   M    M   5 12     30 280
 2  40  22  31   1  34   0    T    T    0  6.6 20 310   M    M   4 8      26 320
 3  33  21  27  -3  38   0 0.00  0.0    0  8.6 16 310   M    M   6        22 320
 4  34  19  27  -3  38   0 0.00  0.0    0 11.0 18 270   M    M   2        26 290
 5  44  25  35   5  30   0 0.00  0.0    0  8.9 25 230   M    M   6        32 220
 6  40  27  34   3  31   0 0.00  0.0    0  9.9 24 300   M    M   4        31 310
 7  39  28  34   3  31   0 0.18  0.0    0  8.2 15  20   M    M   9 12     19  20
 8  57  34  46  15  19   0 0.00  0.0    0  5.6 17 320   M    M   9 128    24 240
 9  38  14  26  -5  39   0 1.04 11.9    0 15.9 43  20   M    M   9 123489 54  20
10  27   8  18 -13  47   0 0.03  0.5   11 10.2 28 300   M    M   4 18     40 260
11  28  20  24  -7  41   0 0.10  1.4    0  7.7 14 360   M    M  10 18     20 350
12  34  20  27  -4  38   0 0.61  2.9    9  9.9 16 360   M    M  10 14     19  10
13  36  25  31  -1  34   0 0.01    T   10 16.8 33 310   M    M   5 18     47 330
14  36  22  29  -3  36   0 0.00  0.0   10  6.7 20 330   M    M   2        23 340
15  41  20  31  -1  34   0 0.09  0.0   10  4.6 17 300   M    M   8 18     25 310
16  37  25  31  -1  34   0 0.00  0.0    7 14.4 22 310   M    M   5        30 300
17  40  23  32   0  33   0 0.00  0.0    7  9.6 20 310   M    M   2        29 310
18  48  21  35   2  30   0 0.00  0.0    4  7.9 24 220   M    M   2        33 220
19  62  37  50  17  15   0 0.00  0.0    3 10.3 22 290   M    M   4        29 280
20  48  32  40   7  25   0 0.00  0.0    0  9.7 21 360   M    M   2        29 360
21  44  27  36   3  29   0 0.00  0.0    0  6.6 14 160   M    M   5        16 160
22  57  35  46  13  19   0 0.00  0.0    0  5.5 10 270   M    M   6        13 270
23  66  35  51  18  14   0 0.00  0.0    0  7.7 25 220   M    M   3 1      34 220
24  71  45  58  24   7   0 0.00  0.0    0  7.8 25 220   M    M   5 1      31 220
================================================================================
SM 1044  607       728   0  2.07    16.8 217.3          M      127
================================================================================
AV 43.5 25.3                               9.1 FASTST   M    M   5    MAX(MPH)
                                 MISC ---->  # 43  20               # 54   20
================================================================================
NOTES:
# LAST OF SEVERAL OCCURRENCES

COLUMN 17 PEAK WIND IN M.P.H.

PRELIMINARY LOCAL CLIMATOLOGICAL DATA (WS FORM: F-6) , PAGE 2

                                          STATION:  PROVIDENCE RI
                                          MONTH:    FEBRUARY
                                          YEAR:     2017
                                          LATITUDE:   41 43 N
                                          LONGITUDE:  71 26 W

[TEMPERATURE DATA]      [PRECIPITATION DATA]       SYMBOLS USED IN COLUMN 16

AVERAGE MONTHLY: 34.4   TOTAL FOR MONTH:   2.07    1 = FOG OR MIST
DPTR FM NORMAL:   2.8   DPTR FM NORMAL:   -0.69    2 = FOG REDUCING VISIBILITY
HIGHEST:    71 ON 24    GRTST 24HR  1.04 ON  9- 9      TO 1/4 MILE OR LESS
LOWEST:      8 ON 10                               3 = THUNDER
                        SNOW, ICE PELLETS, HAIL    4 = ICE PELLETS
                        TOTAL MONTH:  16.8 INCHES  5 = HAIL
                        GRTST 24HR  11.9 ON   M    6 = FREEZING RAIN OR DRIZZLE
                        GRTST DEPTH:  11 ON 10     7 = DUSTSTORM OR SANDSTORM:
                                                       VSBY 1/2 MILE OR LESS
                                                   8 = SMOKE OR HAZE
[NO. OF DAYS WITH]      [WEATHER - DAYS WITH]      9 = BLOWING SNOW
                                                   X = TORNADO
MAX 32 OR BELOW:   2    0.01 INCH OR MORE:   8
MAX 90 OR ABOVE:   0    0.10 INCH OR MORE:   4
MIN 32 OR BELOW:  19    0.50 INCH OR MORE:   2
MIN  0 OR BELOW:   0    1.00 INCH OR MORE:   1

[HDD (BASE 65) ]
TOTAL THIS MO.   728    CLEAR  (SCALE 0-3)   5
DPTR FM NORMAL   -74    PTCLDY (SCALE 4-7)  14
TOTAL FM JUL 1  3472    CLOUDY (SCALE 8-10)  5
DPTR FM NORMAL  -467

[CDD (BASE 65) ]
TOTAL THIS MO.     0
DPTR FM NORMAL     0    [PRESSURE DATA]
TOTAL FM JAN 1     0    HIGHEST SLP M ON M
DPTR FM NORMAL     0    LOWEST  SLP 29.21 ON 15

[REMARKS]
