000
CXUS54 KOUN 290700
CF6PWA
PRELIMINARY LOCAL CLIMATOLOGICAL DATA (WS FORM: F-6)

                                          STATION:   BETHANY/WILEY POST
                                          MONTH:     APRIL
                                          YEAR:      2016
                                          LATITUDE:   35 31 N
                                          LONGITUDE:  97 38 W

  TEMPERATURE IN F:       :PCPN:    SNOW:  WIND      :SUNSHINE: SKY     :PK WND
================================================================================
1   2   3   4   5  6A  6B    7    8   9   10  11  12  13   14  15   16   17  18
                                     12Z  AVG MX 2MIN
DY MAX MIN AVG DEP HDD CDD  WTR  SNW DPTH SPD SPD DIR MIN PSBL S-S WX    SPD DR
================================================================================

 1  62  42  52  -3  13   0 0.00  0.0    0  8.5 21  10   M    M   0        25  10
 2  73  29  51  -5  14   0 0.00  0.0    0  7.7 17 310   M    M   0        28 330
 3  79  48  64   8   1   0 0.00  0.0    0 15.0 26 200   M    M   0        33 210
 4  84  47  66  10   0   1 0.00  0.0    0 12.0 20  50   M    M   0        24  30
 5  87  61  74  18   0   9 0.00  0.0    0 22.1 38 200   M    M   0        47 170
 6  74  46  60   3   5   0 0.00  0.0    0 17.1 35 330   M    M   1        50 350
 7  78  47  63   6   2   0 0.00  0.0    0 12.5 28 360   M    M   0        36  10
 8  71  39  55  -2  10   0 0.00  0.0    0  5.5 16 210   M    M   1 8      23 250
 9  77  50  64   6   1   0    T  0.0    0 18.6 33 200   M    M   4        42 200
10  87  58  73  15   0   8 1.49  0.0    0 19.4 30 180   M    M   5 13     40 180
11  66  47  57  -1   8   0 0.08  0.0    0 13.1 33 350   M    M   6 13     40 350
12  68  41  55  -3  10   0 0.00  0.0    0  7.9 16  80   M    M   1        20  70
13  65  52  59   0   6   0 0.31  0.0    0  6.3 15 180   M    M   8 1      17 170
14  70  47  59   0   6   0 0.00  0.0    0  6.8 15 140   M    M   4 1      18 130
15  75  55  65   6   0   0 0.00  0.0    0 15.4 24 140   M    M   1        30 130
16  77  63  70  10   0   5 0.00  0.0    0 20.6 35 150   M    M   9        43 150
17  68  60  64   4   1   0 2.63  0.0    0  9.6 29 130   M    M  10 13     36 130
18  64  50  57  -3   8   0 0.09  0.0    0  8.4 16 320   M    M   9 1      21 350
19  70  54  62   2   3   0 0.80  0.0    0  7.0 20  60   M    M   6 13     26 310
20  67  52  60  -1   5   0 0.00  0.0    0  6.0 14 320   M    M   6 1      19 330
21  73  48  61   0   4   0    T  0.0    0  7.3 17 340   M    M   1 12     25 340
22  78  47  63   2   2   0 0.00  0.0    0  4.3 14 340   M    M   0        20 340
23  80  54  67   5   0   2 0.00  0.0    0 12.7 24 160   M    M   0        31 160
24  79  60  70   8   0   5 0.00  0.0    0 22.0 33 170   M    M   1        40 170
25  84  66  75  13   0  10 0.00  0.0    0 18.4 26 180   M    M   4        35 180
26  80  57  69   6   0   4 0.76  0.0    0 17.2 39 280   M    M   5 13     50 230
27  72  52  62  -1   3   0 0.00  0.0    0 10.2 18 310   M    M   2 1      27 290
28  74  48  61  -2   4   0 0.00  0.0    0 10.9 18  80   M    M   0        23 110
================================================================================
SM 2082 1420       106  44  6.16     0.0 342.5          M       84
================================================================================
AV 74.4 50.7                              12.2 FASTST   M    M   3    MAX(MPH)
                                 MISC ---->  # 39 280               # 50  350
================================================================================
NOTES:
# LAST OF SEVERAL OCCURRENCES

COLUMN 17 PEAK WIND IN M.P.H.

PRELIMINARY LOCAL CLIMATOLOGICAL DATA (WS FORM: F-6) , PAGE 2

                                          STATION:  BETHANY/WILEY POST
                                          MONTH:    APRIL
                                          YEAR:     2016
                                          LATITUDE:   35 31 N
                                          LONGITUDE:  97 38 W

[TEMPERATURE DATA]      [PRECIPITATION DATA]       SYMBOLS USED IN COLUMN 16

AVERAGE MONTHLY: 62.5   TOTAL FOR MONTH:   6.16    1 = FOG OR MIST
DPTR FM NORMAL:   3.4   DPTR FM NORMAL:    3.38    2 = FOG REDUCING VISIBILITY
HIGHEST:    87 ON 10, 5 GRTST 24HR  2.65 ON 17-18      TO 1/4 MILE OR LESS
LOWEST:     29 ON  2                               3 = THUNDER
                        SNOW, ICE PELLETS, HAIL    4 = ICE PELLETS
                        TOTAL MONTH:   0.0 INCH    5 = HAIL
                        GRTST 24HR     0.0         6 = FREEZING RAIN OR DRIZZLE
                        GRTST DEPTH:   0           7 = DUSTSTORM OR SANDSTORM:
                                                       VSBY 1/2 MILE OR LESS
                                                   8 = SMOKE OR HAZE
[NO. OF DAYS WITH]      [WEATHER - DAYS WITH]      9 = BLOWING SNOW
                                                   X = TORNADO
MAX 32 OR BELOW:   0    0.01 INCH OR MORE:   7
MAX 90 OR ABOVE:   0    0.10 INCH OR MORE:   5
MIN 32 OR BELOW:   1    0.50 INCH OR MORE:   4
MIN  0 OR BELOW:   0    1.00 INCH OR MORE:   2

[HDD (BASE 65) ]
TOTAL THIS MO.   106    CLEAR  (SCALE 0-3)  16
DPTR FM NORMAL   -93    PTCLDY (SCALE 4-7)   9
TOTAL FM JUL 1  2744    CLOUDY (SCALE 8-10)  3
DPTR FM NORMAL  -843

[CDD (BASE 65) ]
TOTAL THIS MO.    44
DPTR FM NORMAL     4    [PRESSURE DATA]
TOTAL FM JAN 1    55    HIGHEST SLP M ON M
DPTR FM NORMAL     6    LOWEST  SLP 29.43 ON 26

[REMARKS]
