000
CXUS51 KGYX 250900
CF6PWM
PRELIMINARY LOCAL CLIMATOLOGICAL DATA (WS FORM: F-6)

                                          STATION:   PORTLAND ME
                                          MONTH:     MAY
                                          YEAR:      2017
                                          LATITUDE:   43 39 N
                                          LONGITUDE:  70 19 W

  TEMPERATURE IN F:       :PCPN:    SNOW:  WIND      :SUNSHINE: SKY     :PK WND
================================================================================
1   2   3   4   5  6A  6B    7    8   9   10  11  12  13   14  15   16   17  18
                                     12Z  AVG MX 2MIN
DY MAX MIN AVG DEP HDD CDD  WTR  SNW DPTH SPD SPD DIR MIN PSBL S-S WX    SPD DR
================================================================================

 1  44  42  43  -6  22   0 0.13  0.0    0  9.7 16 140   M    M  10 18     21 140
 2  57  42  50   0  15   0 0.33  0.0    0  5.8 16 260   M    M   8 1      23 260
 3  64  39  52   2  13   0    T  0.0    0 12.8 26 290   M    M   4        38 330
 4  58  34  46  -4  19   0 0.00  0.0    0  7.5 18 180   M    M   5        25 180
 5  50  44  47  -3  18   0 0.68  0.0    0 11.1 32 100   M    M  10 1      39 100
 6  59  47  53   2  12   0 0.13  0.0    0 10.0 24 140   M    M  10 12     38 150
 7  60  47  54   3  11   0 0.01  0.0    0 13.8 28 180   M    M   7 1      37 190
 8  53  40  47  -4  18   0 0.05  0.0    0  7.7 16 220   M    M   9 1      27 250
 9  53  32  43  -9  22   0 0.00  0.0    0  4.8 14  90   M    M   7 1      20 130
10  56  42  49  -3  16   0    T  0.0    0  6.7 16 120   M    M   9        21 130
11  55  44  50  -2  15   0 0.01  0.0    0  7.4 16  20   M    M   9 1      21  20
12  59  46  53   0  12   0    T  0.0    0  6.9 14 180   M    M   7 1      21 170
13  58  39  49  -4  16   0    T  0.0    0  5.8 14 150   M    M   7 1      22 140
14  48  45  47  -6  18   0 0.72  0.0    0 11.5 18 350   M    M   9 1      39  30
15  57  43  50  -4  15   0 0.04  0.0    0 11.0 22 350   M    M   7 1      36 350
16  77  40  59   5   6   0 0.00  0.0    0  9.2 21 330   M    M   2 8      30 330
17  77  47  62   8   3   0 0.00  0.0    0  8.0 24 170   M    M   3        31 170
18  93  59  76  22   0  11    T  0.0    0  8.1 23 160   M    M   4        30 160
19  85  53  69  14   0   4 0.00  0.0    0 14.0 26 290   M    M   3        36 360
20  68  47  58   3   7   0 0.00  0.0    0  8.3 18 350   M    M   1        22 360
21  65  39  52  -3  13   0 0.00  0.0    0  6.2 16 190   M    M   2        23 160
22  56  48  52  -4  13   0 0.53  0.0    0  7.4 21 180   M    M  10 18     31 190
23  67  50  59   3   6   0    T  0.0    0  4.2 12 210   M    M   7 1      18 190
24  68  49  59   3   6   0 0.00  0.0    0  3.9 10 100   M    M   6        14  70
================================================================================
SM 1487 1058       296  15  2.63     0.0 201.8          M      156
================================================================================
AV 62.0 44.1                               8.4 FASTST   M    M   7    MAX(MPH)
                                 MISC ---->  # 32 100               # 39  100
================================================================================
NOTES:
# LAST OF SEVERAL OCCURRENCES

COLUMN 17 PEAK WIND IN M.P.H.

PRELIMINARY LOCAL CLIMATOLOGICAL DATA (WS FORM: F-6) , PAGE 2

                                          STATION:  PORTLAND ME
                                          MONTH:    MAY
                                          YEAR:     2017
                                          LATITUDE:   43 39 N
                                          LONGITUDE:  70 19 W

[TEMPERATURE DATA]      [PRECIPITATION DATA]       SYMBOLS USED IN COLUMN 16

AVERAGE MONTHLY: 53.0   TOTAL FOR MONTH:   2.63    1 = FOG OR MIST
DPTR FM NORMAL:   0.3   DPTR FM NORMAL:   -0.48    2 = FOG REDUCING VISIBILITY
HIGHEST:    93 ON 18    GRTST 24HR  0.72 ON 14-14      TO 1/4 MILE OR LESS
LOWEST:     32 ON  9                               3 = THUNDER
                        SNOW, ICE PELLETS, HAIL    4 = ICE PELLETS
                        TOTAL MONTH:   0.0 INCH    5 = HAIL
                        GRTST 24HR     0.0         6 = FREEZING RAIN OR DRIZZLE
                        GRTST DEPTH:   0           7 = DUSTSTORM OR SANDSTORM:
                                                       VSBY 1/2 MILE OR LESS
                                                   8 = SMOKE OR HAZE
[NO. OF DAYS WITH]      [WEATHER - DAYS WITH]      9 = BLOWING SNOW
                                                   X = TORNADO
MAX 32 OR BELOW:   0    0.01 INCH OR MORE:  10
MAX 90 OR ABOVE:   1    0.10 INCH OR MORE:   6
MIN 32 OR BELOW:   1    0.50 INCH OR MORE:   3
MIN  0 OR BELOW:   0    1.00 INCH OR MORE:   0

[HDD (BASE 65) ]
TOTAL THIS MO.   296    CLEAR  (SCALE 0-3)   4
DPTR FM NORMAL    -1    PTCLDY (SCALE 4-7)  11
TOTAL FM JUL 1  6432    CLOUDY (SCALE 8-10)  9
DPTR FM NORMAL  -513

[CDD (BASE 65) ]
TOTAL THIS MO.    15
DPTR FM NORMAL    15    [PRESSURE DATA]
TOTAL FM JAN 1    17    HIGHEST SLP M ON M
DPTR FM NORMAL    17    LOWEST  SLP 29.41 ON  6

[REMARKS]
