000
CXUS56 KSGX 261445
CF6RAL

PRELIMINARY LOCAL CLIMATOLOGICAL DATA (WS FORM: F-6)

                                          STATION:   RIVERSIDE MUNI AIRPORT CA
                                          MONTH:     JANUARY
                                          YEAR:      2015
                                          LATITUDE:   33 57 N
                                          LONGITUDE: 117 27 W

  TEMPERATURE IN F:       :PCPN:    SNOW:  WIND      :SUNSHINE: SKY     :PK WND
================================================================================
1   2   3   4   5  6A  6B    7    8   9   10  11  12  13   14  15   16   17  18
                                     12Z  AVG MX 2MIN
DY MAX MIN AVG DEP HDD CDD  WTR  SNW DPTH SPD SPD DIR MIN PSBL S-S WX    SPD DR
================================================================================

 1  55  30  43 -11  22   0 0.00  0.0    0  3.5  8 260   M    M   0 8      11 250
 2  58  30  44 -10  21   0 0.00  0.0    0  3.5  7  50   M    M   0 8      10 310
 3  59  35  47  -7  18   0 0.00  0.0    0  3.0  8  50   M    M   0 18     10  50
 4  69  36  53  -2  12   0 0.00  0.0    0  4.3 12  70   M    M   1 18     15  80
 5  78  47  63   8   2   0 0.00  0.0    0  7.1 15  30   M    M   1        24  40
 6  83  51  67  12   0   2 0.00  0.0    0  5.7 16  40   M    M   0        22  40
 7  84  52  68  13   0   3 0.00  0.0    0  3.9 10  90   M    M   3        15 100
 8  73  48  61   6   4   0 0.00  0.0    0  2.4 14 280   M    M   2        17 270
 9  64  49  57   2   8   0    T    M    0  2.4  9 250   M    M   5        10 240
10  62  45  54  -1  11   0    T    M    0  1.8  8 280   M    M   6 18     10 270
11  59  51  55   0  10   0 0.20  0.0    0  1.6  7  30   M    M  10 128     9  50
12  63  48  56   1   9   0 0.00  0.0    0  2.0  8 240   M    M   7 128    10 270
13  69  50  60   5   5   0 0.00  0.0    0  5.6 20  30   M    M   2 12     32  30
14  71  49  60   5   5   0 0.00  0.0    0  5.9 16 360   M    M   0        25  10
15  74  42  58   3   7   0 0.00  0.0    0  5.7 14  60   M    M   0        20  70
16  76  42  59   4   6   0 0.00  0.0    0  3.1  9 280   M    M   0        12 280
17  80  45  63   8   2   0 0.00  0.0    0  4.4 10  90   M    M   0 8      14  70
18  75  47  61   6   4   0 0.00  0.0    0  3.1  9  30   M    M   1 8      11  40
19  74  46  60   5   5   0 0.00  0.0    0  2.9  8 260   M    M   1 8      11 250
20  67  46  57   2   8   0 0.00  0.0    0  2.8  9 270   M    M   5 18      M  M
21  74  44  59   4   6   0 0.00  0.0    0  7.0 22 360   M    M   2 128    35  40
22  74  43  59   4   6   0 0.00  0.0    0  6.5 14  40   M    M   1        24  30
23  75  44  60   5   5   0 0.00  0.0    0  7.8 17  40   M    M   0        25  50
24  76  51  64   9   1   0 0.00  0.0    0 11.6 24  30   M    M   0        39  20
25  82  46  64   9   1   0 0.00  0.0    0  4.1 14  40   M    M   2        21  40
================================================================================
SM 1774 1117       178   5  0.20     0.0 111.7          M       49
================================================================================
AV 71.0 44.7                               4.5 FASTST   M    M   2    MAX(MPH)
                                 MISC ---->  # 24  30               # 39   20
================================================================================
NOTES:
# LAST OF SEVERAL OCCURRENCES

COLUMN 17 PEAK WIND IN M.P.H.

PRELIMINARY LOCAL CLIMATOLOGICAL DATA (WS FORM: F-6) , PAGE 2

                                          STATION:  RIVERSIDE MUNI AIRPORT CA
                                          MONTH:    JANUARY
                                          YEAR:     2015
                                          LATITUDE:   33 57 N
                                          LONGITUDE: 117 27 W

[TEMPERATURE DATA]      [PRECIPITATION DATA]       SYMBOLS USED IN COLUMN 16

AVERAGE MONTHLY: 57.8   TOTAL FOR MONTH:   0.20    1 = FOG OR MIST
DPTR FM NORMAL:   2.9   DPTR FM NORMAL:   -2.40    2 = FOG REDUCING VISIBILITY
HIGHEST:    84 ON  7    GRTST 24HR  0.20 ON 11-11      TO 1/4 MILE OR LESS
LOWEST:     30 ON  2, 1                            3 = THUNDER
                        SNOW, ICE PELLETS, HAIL    4 = ICE PELLETS
                        TOTAL MONTH:   0.0 INCH    5 = HAIL
                        GRTST 24HR     0.0         6 = FREEZING RAIN OR DRIZZLE
                        GRTST DEPTH:   0           7 = DUSTSTORM OR SANDSTORM:
                                                       VSBY 1/2 MILE OR LESS
                                                   8 = SMOKE OR HAZE
[NO. OF DAYS WITH]      [WEATHER - DAYS WITH]      9 = BLOWING SNOW
                                                   X = TORNADO
MAX 32 OR BELOW:   0    0.01 INCH OR MORE:   1
MAX 90 OR ABOVE:   0    0.10 INCH OR MORE:   1
MIN 32 OR BELOW:   2    0.50 INCH OR MORE:   0
MIN  0 OR BELOW:   0    1.00 INCH OR MORE:   0

[HDD (BASE 65) ]
TOTAL THIS MO.   178    CLEAR  (SCALE 0-3)  20
DPTR FM NORMAL   -76    PTCLDY (SCALE 4-7)   4
TOTAL FM JUL 1   501    CLOUDY (SCALE 8-10)  1
DPTR FM NORMAL  -279

[CDD (BASE 65) ]
TOTAL THIS MO.     5
DPTR FM NORMAL     5    [PRESSURE DATA]
TOTAL FM JAN 1     5    HIGHEST SLP M ON M
DPTR FM NORMAL     5    LOWEST  SLP 29.92 ON 25

[REMARKS]
