000
CXUS54 KFWD 240730
CF6RBD
PRELIMINARY LOCAL CLIMATOLOGICAL DATA (WS FORM: F-6)

                                          STATION:   DALLAS EXECUTIVE
                                          MONTH:     JUNE
                                          YEAR:      2017
                                          LATITUDE:   32 40 N
                                          LONGITUDE:  96 52 W

  TEMPERATURE IN F:       :PCPN:    SNOW:  WIND      :SUNSHINE: SKY     :PK WND
================================================================================
1   2   3   4   5  6A  6B    7    8   9   10  11  12  13   14  15   16   17  18
                                     12Z  AVG MX 2MIN
DY MAX MIN AVG DEP HDD CDD  WTR  SNW DPTH SPD SPD DIR MIN PSBL S-S WX    SPD DR
================================================================================

 1  88  69  79   2   0  14 0.26  0.0    0  6.1 17  30   M    M   3 13     25  20
 2  84  68  76  -2   0  11 2.01  0.0    0  8.5 29 320   M    M   5 123    33 340
 3  80  66  73  -5   0   8 0.63  0.0    0  3.7 17 290   M    M   6 13     21 300
 4  87  68  78   0   0  13 1.88  0.0    0  3.1 15 250   M    M   3 13     18 250
 5  86  68  77  -1   0  12 0.52  0.0    0  3.9 24 340   M    M   5 13     30 340
 6  93  69  81   3   0  16 0.00  0.0    0  8.6 16  30   M    M   1 1      24  30
 7  90  66  78  -1   0  13 0.00  0.0    0  5.8 12 330   M    M   2        16 330
 8  88  67  78  -1   0  13 0.00  0.0    0  6.3 14 130   M    M   4        19 140
 9  77  65  71  -8   0   6 1.06  0.0    0  9.7 18 330   M    M   7 13     26 320
10  88  69  79   0   0  14 0.00  0.0    0  9.9 21 140   M    M   2 1      26 130
11  89  73  81   2   0  16 0.00  0.0    0  9.8 21 140   M    M   3        28 140
12  92  74  83   3   0  18 0.00  0.0    0 11.1 20 150   M    M   2 1      26 130
13  92  77  85   5   0  20 0.00  0.0    0 10.6 20 140   M    M   5        27 140
14  93  77  85   5   0  20 0.00  0.0    0  9.8 16 170   M    M   5        28 160
15  93  76  85   5   0  20 0.00  0.0    0  7.4 15 140   M    M   2        22 140
16  94  77  86   6   0  21 0.00  0.0    0  8.8 17 150   M    M   0        25 160
17  92  76  84   4   0  19 0.00  0.0    0 10.4 20 140   M    M   1        26 140
18  94  78  86   6   0  21 0.00  0.0    0  8.8 15 150   M    M   4        25 190
19  90  73  82   1   0  17 1.15  0.0    0  5.4 15  60   M    M   6 13     18  60
20  92  75  84   3   0  19 0.00  0.0    0  7.2 14  80   M    M   2        17  70
21  92  70  81   0   0  16 0.00  0.0    0  7.2 17  80   M    M   0        22  80
22  90  76  83   2   0  18 0.00  0.0    0  6.6 16  70   M    M   6        22  60
23  98  77  88   7   0  23    T  0.0    0  6.3 26  60   M    M   1 3      35  60
================================================================================
SM 2062 1654         0 368  7.51     0.0 175.0          M       75
================================================================================
AV 89.7 71.9                               7.6 FASTST   M    M   3    MAX(MPH)
                                 MISC ---->  # 29 320               # 35   60
================================================================================
NOTES:
# LAST OF SEVERAL OCCURRENCES

COLUMN 17 PEAK WIND IN M.P.H.

PRELIMINARY LOCAL CLIMATOLOGICAL DATA (WS FORM: F-6) , PAGE 2

                                          STATION:  DALLAS EXECUTIVE
                                          MONTH:    JUNE
                                          YEAR:     2017
                                          LATITUDE:   32 40 N
                                          LONGITUDE:  96 52 W

[TEMPERATURE DATA]      [PRECIPITATION DATA]       SYMBOLS USED IN COLUMN 16

AVERAGE MONTHLY: 80.8   TOTAL FOR MONTH:   7.51    1 = FOG OR MIST
DPTR FM NORMAL:   1.3   DPTR FM NORMAL:    4.35    2 = FOG REDUCING VISIBILITY
HIGHEST:    98 ON 23    GRTST 24HR  2.64 ON  2- 3      TO 1/4 MILE OR LESS
LOWEST:     65 ON  9                               3 = THUNDER
                        SNOW, ICE PELLETS, HAIL    4 = ICE PELLETS
                        TOTAL MONTH:   0.0 INCH    5 = HAIL
                        GRTST 24HR     0.0         6 = FREEZING RAIN OR DRIZZLE
                        GRTST DEPTH:   0           7 = DUSTSTORM OR SANDSTORM:
                                                       VSBY 1/2 MILE OR LESS
                                                   8 = SMOKE OR HAZE
[NO. OF DAYS WITH]      [WEATHER - DAYS WITH]      9 = BLOWING SNOW
                                                   X = TORNADO
MAX 32 OR BELOW:   0    0.01 INCH OR MORE:   7
MAX 90 OR ABOVE:  14    0.10 INCH OR MORE:   7
MIN 32 OR BELOW:   0    0.50 INCH OR MORE:   6
MIN  0 OR BELOW:   0    1.00 INCH OR MORE:   4

[HDD (BASE 65) ]
TOTAL THIS MO.     0    CLEAR  (SCALE 0-3)  11
DPTR FM NORMAL     0    PTCLDY (SCALE 4-7)  12
TOTAL FM JUL 1  1365    CLOUDY (SCALE 8-10)  0
DPTR FM NORMAL  -882

[CDD (BASE 65) ]
TOTAL THIS MO.   368
DPTR FM NORMAL    36    [PRESSURE DATA]
TOTAL FM JAN 1   915    HIGHEST SLP M ON M
DPTR FM NORMAL   196    LOWEST  SLP 29.59 ON 22

[REMARKS]
