000
CXUS51 KPHI 230800
CF6RDG
PRELIMINARY LOCAL CLIMATOLOGICAL DATA (WS FORM: F-6)

                                          STATION:   READING PA
                                          MONTH:     OCTOBER
                                          YEAR:      2017
                                          LATITUDE:   40 22 N
                                          LONGITUDE:  75 58 W

  TEMPERATURE IN F:       :PCPN:    SNOW:  WIND      :SUNSHINE: SKY     :PK WND
================================================================================
1   2   3   4   5  6A  6B    7    8   9   10  11  12  13   14  15   16   17  18
                                     12Z  AVG MX 2MIN
DY MAX MIN AVG DEP HDD CDD  WTR  SNW DPTH SPD SPD DIR MIN PSBL S-S WX    SPD DR
================================================================================

 1  68  40  54  -5  11   0 0.00    M    M  2.3  9  20   M    M   0        13  50
 2  74  42  58   0   7   0 0.00    M    M  1.2  8 340   M    M   0        11 340
 3  73  46  60   2   5   0 0.00    M    M  3.2 12 180   M    M   0        15 170
 4  78  46  62   4   3   0 0.00    M    M  4.2 14 210   M    M   1 1      18 210
 5  82  58  70  13   0   5 0.21    M    M  3.3 24 290   M    M   4 1      30 280
 6  80  63  72  15   0   7 0.00    M    M  1.8  9 300   M    M   3 1      12 230
 7  83  61  72  15   0   7    T    M    M  6.6 18 200   M    M   2 1      24 200
 8  80  73  77  21   0  12 0.10    M    M  7.9 16 200   M    M   7        23 210
 9  80  72  76  20   0  11 0.76    M    M  8.4 21 150   M    M   9 1      28 150
10  81  62  72  16   0   7 0.00    M    M  2.9 10 330   M    M   2 1      13 310
11  72  62  67  12   0   2 0.30    M    M  4.7 13 100   M    M   6 1      18 100
12  63  56  60   5   5   0 0.13    M    M  7.3 20  90   M    M   9 1      29  80
13  62  54  58   4   7   0    T    M    M  3.5  9 130   M    M   9 1      14  80
14  68  59  64  10   1   0    T    M    M  3.5  8 320   M    M  10 1      10 300
15  72  61  67  13   0   2 0.03    M    M  5.5 15 320   M    M   8 1      20 310
16  67  44  56   2   9   0 0.01    M    M 10.9 23 320   M    M   4        31 340
17  61  35  48  -5  17   0 0.00    M    M  2.5 10 240   M    M   0 1      13 270
18  72  40  56   3   9   0 0.00    M    M  2.6 10 200   M    M   0        13 220
19  73  42  58   5   7   0 0.00    M    M  3.7 15 220   M    M   0 1      19 230
20  73  47  60   8   5   0 0.00    M    M  4.0 16 310   M    M   0 1      22 300
21  77  42  60   8   5   0 0.00    M    M  0.6  6 230   M    M   0         9 210
22  76  43  60   8   5   0 0.00    M    M  2.7 13 150   M    M   0 18     16 160
================================================================================
SM 1615 1148        96  53  1.54    M     93.3          M       74
================================================================================
AV 73.4 52.2                               4.2 FASTST   M    M   3    MAX(MPH)
                                 MISC ---->  # 24 290               # 31  340
================================================================================
NOTES:
# LAST OF SEVERAL OCCURRENCES

COLUMN 17 PEAK WIND IN M.P.H.

PRELIMINARY LOCAL CLIMATOLOGICAL DATA (WS FORM: F-6) , PAGE 2

                                          STATION:  READING PA
                                          MONTH:    OCTOBER
                                          YEAR:     2017
                                          LATITUDE:   40 22 N
                                          LONGITUDE:  75 58 W

[TEMPERATURE DATA]      [PRECIPITATION DATA]       SYMBOLS USED IN COLUMN 16

AVERAGE MONTHLY: 62.8   TOTAL FOR MONTH:   1.54    1 = FOG OR MIST
DPTR FM NORMAL:   7.7   DPTR FM NORMAL:   -0.98    2 = FOG REDUCING VISIBILITY
HIGHEST:    83 ON  7    GRTST 24HR  0.76 ON  9- 9      TO 1/4 MILE OR LESS
LOWEST:     35 ON 17                               3 = THUNDER
                        SNOW, ICE PELLETS, HAIL    4 = ICE PELLETS
                        TOTAL MONTH:    M          5 = HAIL
                        GRTST 24HR    M  ON   M    6 = FREEZING RAIN OR DRIZZLE
                        GRTST DEPTH:  M  ON   M    7 = DUSTSTORM OR SANDSTORM:
                                                       VSBY 1/2 MILE OR LESS
                                                   8 = SMOKE OR HAZE
[NO. OF DAYS WITH]      [WEATHER - DAYS WITH]      9 = BLOWING SNOW
                                                   X = TORNADO
MAX 32 OR BELOW:   0    0.01 INCH OR MORE:   7
MAX 90 OR ABOVE:   0    0.10 INCH OR MORE:   5
MIN 32 OR BELOW:   0    0.50 INCH OR MORE:   1
MIN  0 OR BELOW:   0    1.00 INCH OR MORE:   0

[HDD (BASE 65) ]
TOTAL THIS MO.    96    CLEAR  (SCALE 0-3)  12
DPTR FM NORMAL  -131    PTCLDY (SCALE 4-7)   6
TOTAL FM JUL 1   156    CLOUDY (SCALE 8-10)  4
DPTR FM NORMAL  -150

[CDD (BASE 65) ]
TOTAL THIS MO.    53
DPTR FM NORMAL    48    [PRESSURE DATA]
TOTAL FM JAN 1  1085    HIGHEST SLP M ON M
DPTR FM NORMAL   193    LOWEST  SLP 29.84 ON M

[REMARKS]
