000
CXUS51 KPHI 200800
CF6RDG
PRELIMINARY LOCAL CLIMATOLOGICAL DATA (WS FORM: F-6)

                                          STATION:   READING PA
                                          MONTH:     AUGUST
                                          YEAR:      2017
                                          LATITUDE:   40 22 N
                                          LONGITUDE:  75 58 W

  TEMPERATURE IN F:       :PCPN:    SNOW:  WIND      :SUNSHINE: SKY     :PK WND
================================================================================
1   2   3   4   5  6A  6B    7    8   9   10  11  12  13   14  15   16   17  18
                                     12Z  AVG MX 2MIN
DY MAX MIN AVG DEP HDD CDD  WTR  SNW DPTH SPD SPD DIR MIN PSBL S-S WX    SPD DR
================================================================================

 1  89  65  77   3   0  12 0.00    M    M  2.7  8 180   M    M   0 13     11 240
 2  85  66  76   2   0  11 0.47    M    M  3.2 25 310   M    M   1 13     33 310
 3  86  65  76   2   0  11 0.26    M    M  2.5 33 190   M    M   3 13     43 190
 4  89  68  79   5   0  14 0.51    M    M  6.8 18 270   M    M   3 13     25 140
 5  76  59  68  -6   0   3 0.39    M    M  8.0 22 300   M    M   5 13     29 300
 6  76  57  67  -7   0   2 0.00    M    M  2.3  9 270   M    M   1        14 280
 7  68  63  66  -8   0   1 0.66    M    M  3.7  8 150   M    M  10 1      10  90
 8  80  62  71  -3   0   6    T    M    M  5.8 14 340   M    M   4 1      19 270
 9  83  58  71  -3   0   6 0.00    M    M  1.9  9 320   M    M   1 1      13 330
10  85  60  73  -1   0   8 0.00    M    M  2.4  9 250   M    M   2        14 270
11  83  66  75   1   0  10 0.11    M    M  3.6 16 200   M    M   8 13     21 200
12  85  65  75   1   0  10 0.29    M    M  2.5 12 160   M    M   6 13     15 170
13  82  63  73  -1   0   8 0.00    M    M  4.3 12 340   M    M   3 1      18 330
14  76  61  69  -4   0   4 0.10    M    M  1.0  9 210   M    M   1 1      12 220
15  78  66  72  -1   0   7 0.01    M    M  1.6  6 180   M    M   8 12      8 190
16  87  67  77   4   0  12 0.00    M    M  2.8 13 310   M    M   5 12     17 290
17  87  63  75   2   0  10 0.00    M    M  3.6 12 170   M    M   2 18     16 190
18  91  73  82   9   0  17 1.86    M    M  5.5 30 330   M    M   7 123    38 340
19  86  64  75   2   0  10 0.45    M    M  4.7 30 280   M    M   3 13     40 280
================================================================================
SM 1572 1211         0 162  5.11    M     68.9          M       73
================================================================================
AV 82.7 63.7                               3.6 FASTST   M    M   4    MAX(MPH)
                                 MISC ---->  # 33 190               # 43  190
================================================================================
NOTES:
# LAST OF SEVERAL OCCURRENCES

COLUMN 17 PEAK WIND IN M.P.H.

PRELIMINARY LOCAL CLIMATOLOGICAL DATA (WS FORM: F-6) , PAGE 2

                                          STATION:  READING PA
                                          MONTH:    AUGUST
                                          YEAR:     2017
                                          LATITUDE:   40 22 N
                                          LONGITUDE:  75 58 W

[TEMPERATURE DATA]      [PRECIPITATION DATA]       SYMBOLS USED IN COLUMN 16

AVERAGE MONTHLY: 73.2   TOTAL FOR MONTH:   5.11    1 = FOG OR MIST
DPTR FM NORMAL:  -0.4   DPTR FM NORMAL:    2.90    2 = FOG REDUCING VISIBILITY
HIGHEST:    91 ON 18    GRTST 24HR  1.86 ON 18-18      TO 1/4 MILE OR LESS
LOWEST:     57 ON  6                               3 = THUNDER
                        SNOW, ICE PELLETS, HAIL    4 = ICE PELLETS
                        TOTAL MONTH:    M          5 = HAIL
                        GRTST 24HR    M  ON   M    6 = FREEZING RAIN OR DRIZZLE
                        GRTST DEPTH:  M  ON   M    7 = DUSTSTORM OR SANDSTORM:
                                                       VSBY 1/2 MILE OR LESS
                                                   8 = SMOKE OR HAZE
[NO. OF DAYS WITH]      [WEATHER - DAYS WITH]      9 = BLOWING SNOW
                                                   X = TORNADO
MAX 32 OR BELOW:   0    0.01 INCH OR MORE:  11
MAX 90 OR ABOVE:   1    0.10 INCH OR MORE:  10
MIN 32 OR BELOW:   0    0.50 INCH OR MORE:   3
MIN  0 OR BELOW:   0    1.00 INCH OR MORE:   1

[HDD (BASE 65) ]
TOTAL THIS MO.     0    CLEAR  (SCALE 0-3)   9
DPTR FM NORMAL     0    PTCLDY (SCALE 4-7)   9
TOTAL FM JUL 1     0    CLOUDY (SCALE 8-10)  1
DPTR FM NORMAL    -1

[CDD (BASE 65) ]
TOTAL THIS MO.   162
DPTR FM NORMAL    -4    [PRESSURE DATA]
TOTAL FM JAN 1   834    HIGHEST SLP M ON M
DPTR FM NORMAL   116    LOWEST  SLP 29.78 ON 18

[REMARKS]
