000
CXUS56 KPDT 011032
CF6RDM
PRELIMINARY LOCAL CLIMATOLOGICAL DATA (WS FORM: F-6)

                                          STATION:   REDMOND OR
                                          MONTH:     FEBRUARY
                                          YEAR:      2015
                                          LATITUDE:   44 16 N
                                          LONGITUDE: 121  9 W

  TEMPERATURE IN F:       :PCPN:    SNOW:  WIND      :SUNSHINE: SKY     :PK WND
================================================================================
1   2   3   4   5  6A  6B    7    8   9   10  11  12  13   14  15   16   17  18
                                     12Z  AVG MX 2MIN
DY MAX MIN AVG DEP HDD CDD  WTR  SNW DPTH SPD SPD DIR MIN PSBL S-S WX    SPD DR
================================================================================

 1  46  29  38   4  27   0    T  0.0    0  3.4  9  70   M    M   8 12     12 130
 2  58  28  43   9  22   0 0.21  0.0    0  5.6 25 290   M    M   3 1      33 290
 3  43  32  38   4  27   0 0.20  0.0    0  3.5 16 320   M    M   8 1      19 320
 4  51  35  43   9  22   0 0.00  0.0    0  2.8 10 190   M    M   6 12     12 190
 5  56  46  51  17  14   0    T  0.0    0 10.8 25 180   M    M   4        33 200
 6  55  43  49  15  16   0 0.03  0.0    0 15.7 36 190   M    M   5        53 160
 7  57  43  50  16  15   0 0.01  0.0    0 13.1 31 230   M    M   4        43 210
 8  56  38  47  13  18   0 0.03  0.0    0  9.0 18 190   M    M   6        26 210
 9  51  40  46  11  19   0 0.06  0.0    0 15.6 29 210   M    M   7        41 210
10  54  28  41   6  24   0 0.00  0.0    0  4.3 13 200   M    M   0        17 190
11  60  29  45  10  20   0 0.00  0.0    0  4.5 15 160   M    M   0        20 140
12  64  32  48  13  17   0 0.00  0.0    0  4.1 10 130   M    M   0        14 130
13  63  28  46  11  19   0 0.00  0.0    0  3.3 12 320   M    M   0        14 330
14  58  29  44   9  21   0 0.00  0.0    0  4.5 13 340   M    M   0        15 360
15  53  22  38   3  27   0 0.00  0.0    0  3.3  8 310   M    M   0        11 310
16  50  20  35   0  30   0 0.00  0.0    0  2.8 13 320   M    M   2 1      16 320
17  51  21  36   1  29   0 0.00  0.0    0  4.3 12 330   M    M   0        14 330
18  61  22  42   6  23   0 0.00  0.0    0  3.0 10 340   M    M   0        13 330
19  58  21  40   4  25   0 0.00  0.0    0  5.4 20 290   M    M   0        25 280
20  53  26  40   4  25   0 0.00  0.0    0  4.8 12 350   M    M   0        17 340
21  46  21  34  -2  31   0 0.00  0.0    0  8.5 22  20   M    M   5        28  20
22  40  21  31  -5  34   0 0.00  0.0    0 10.5 20 340   M    M   0        25 320
23  45  10  28  -8  37   0 0.00  0.0    0  3.5  9 300   M    M   0        13 290
24  65  19  42   6  23   0 0.00  0.0    0  8.1 24 300   M    M   0        33 310
25  49  22  36   0  29   0    T  0.0    0  5.1 15 310   M    M   4        20 300
26  53  30  42   5  23   0    T  0.0    0  5.5 17 300   M    M   5        21 300
27  50  32  41   4  24   0 0.16  0.0    0  6.1 20 320   M    M   9 1      24 330
28  40  18  29  -8  36   0    T    M    0 11.9 24  20   M    M   4 1      31  10
================================================================================
SM 1486  785       677   0  0.70     0.0 183.0          M       80
================================================================================
AV 53.1 28.0                               6.5 FASTST   M    M   3    MAX(MPH)
                                 MISC ---->  # 36 190               # 53  160
================================================================================
NOTES:
# LAST OF SEVERAL OCCURRENCES

COLUMN 17 PEAK WIND IN M.P.H.

PRELIMINARY LOCAL CLIMATOLOGICAL DATA (WS FORM: F-6) , PAGE 2

                                          STATION:  REDMOND OR
                                          MONTH:    FEBRUARY
                                          YEAR:     2015
                                          LATITUDE:   44 16 N
                                          LONGITUDE: 121  9 W

[TEMPERATURE DATA]      [PRECIPITATION DATA]       SYMBOLS USED IN COLUMN 16

AVERAGE MONTHLY: 40.6   TOTAL FOR MONTH:   0.70    1 = FOG OR MIST
DPTR FM NORMAL:   5.4   DPTR FM NORMAL:    0.05    2 = FOG REDUCING VISIBILITY
HIGHEST:    65 ON 24    GRTST 24HR  0.21 ON  1- 2      TO 1/4 MILE OR LESS
LOWEST:     10 ON 23                               3 = THUNDER
                        SNOW, ICE PELLETS, HAIL    4 = ICE PELLETS
                        TOTAL MONTH:   0.0 INCH    5 = HAIL
                        GRTST 24HR     0.0         6 = FREEZING RAIN OR DRIZZLE
                        GRTST DEPTH:   0           7 = DUSTSTORM OR SANDSTORM:
                                                       VSBY 1/2 MILE OR LESS
                                                   8 = SMOKE OR HAZE
[NO. OF DAYS WITH]      [WEATHER - DAYS WITH]      9 = BLOWING SNOW
                                                   X = TORNADO
MAX 32 OR BELOW:   0    0.01 INCH OR MORE:   7
MAX 90 OR ABOVE:   0    0.10 INCH OR MORE:   3
MIN 32 OR BELOW:  22    0.50 INCH OR MORE:   0
MIN  0 OR BELOW:   0    1.00 INCH OR MORE:   0

[HDD (BASE 65) ]
TOTAL THIS MO.   677    CLEAR  (SCALE 0-3)  14
DPTR FM NORMAL  -156    PTCLDY (SCALE 4-7)  12
TOTAL FM JUL 1  4033    CLOUDY (SCALE 8-10)  2
DPTR FM NORMAL  -640

[CDD (BASE 65) ]
TOTAL THIS MO.     0
DPTR FM NORMAL     0    [PRESSURE DATA]
TOTAL FM JAN 1     0    HIGHEST SLP 30.50 ON 23
DPTR FM NORMAL     0    LOWEST  SLP 29.47 ON  7

[REMARKS]
#FINAL-02-15#
