000
CXUS56 KPDT 011032
CF6RDM
PRELIMINARY LOCAL CLIMATOLOGICAL DATA (WS FORM: F-6)

                                          STATION:   REDMOND OR
                                          MONTH:     JUNE
                                          YEAR:      2015
                                          LATITUDE:   44 16 N
                                          LONGITUDE: 121  9 W

  TEMPERATURE IN F:       :PCPN:    SNOW:  WIND      :SUNSHINE: SKY     :PK WND
================================================================================
1   2   3   4   5  6A  6B    7    8   9   10  11  12  13   14  15   16   17  18
                                     12Z  AVG MX 2MIN
DY MAX MIN AVG DEP HDD CDD  WTR  SNW DPTH SPD SPD DIR MIN PSBL S-S WX    SPD DR
================================================================================

 1  69  51  60   5   5   0 0.11  0.0    0  7.1 20 260   M    M   5 1      25 260
 2  66  44  55  -1  10   0    T    M    0  8.4 24 310   M    M   6        29 320
 3  69  39  54  -2  11   0 0.00  0.0    0  5.5 18 340   M    M   3        23 350
 4  73  36  55  -1  10   0 0.00  0.0    0  6.6 18 340   M    M   1        28 340
 5  79  40  60   4   5   0 0.00  0.0    0  8.3 22  20   M    M   1        29 360
 6  86  46  66  10   0   1 0.00  0.0    0  6.7 20 320   M    M   0        24 340
 7  92  49  71  15   0   6 0.00  0.0    0  4.4 14 350   M    M   0        19 310
 8  98  52  75  18   0  10 0.00  0.0    0  5.9 17 340   M    M   0 3      21 360
 9  90  56  73  16   0   8 0.00  0.0    0  6.0 16 360   M    M   1 3      20 360
10  87  45  66   9   0   1 0.00  0.0    0  7.6 21 290   M    M   0        26 290
11  87  43  65   8   0   0 0.00  0.0    0  8.8 22 340   M    M   0        27 340
12  81  39  60   2   5   0 0.00  0.0    0  6.4 17  30   M    M   0        22  30
13  78  33  56  -2   9   0 0.00  0.0    0  5.7 17 330   M    M   0        22 330
14  81  38  60   2   5   0 0.00  0.0    0  6.7 20 330   M    M   0        24 340
15  83  41  62   4   3   0 0.00  0.0    0  8.5 23 360   M    M   0        27 360
16  86  46  66   8   0   1 0.00  0.0    0  5.8 17 320   M    M   0        24 310
17  86  41  64   5   1   0 0.00  0.0    0  5.8 16 340   M    M   0        19 320
18  87  49  68   9   0   3 0.00  0.0    0  7.5 22 300   M    M   0        27 320
19  77  41  59   0   6   0 0.00  0.0    0  7.6 18 330   M    M   0        24 330
20  82  45  64   4   1   0 0.00  0.0    0  6.5 15 340   M    M   0        19  10
21  82  45  64   4   1   0    T  0.0    0  7.6 22 290   M    M   1 3      28 290
22  84  44  64   4   1   0 0.00  0.0    0  8.3 22 320   M    M   0        31 340
23  83  39  61   1   4   0 0.00  0.0    0  5.2 16 330   M    M   0        23 350
24  85  48  67   6   0   2 0.00  0.0    0  6.5 17 350   M    M   0        22 360
25  93  47  70   9   0   5 0.00  0.0    0  6.9 17 340   M    M   0        21 320
26 101  55  78  17   0  13    T  0.0    0  8.0 31 200   M    M   1 3      47 210
27 100  71  86  24   0  21 0.00  0.0    0  6.5 16 340   M    M   0        20 320
28  95  60  78  16   0  13 0.00  0.0    0  6.9 20 310   M    M   0        24 290
29  96  61  79  17   0  14 0.00  0.0    0  6.7 21 300   M    M   0        27 310
30  93  55  74  12   0   9 0.00  0.0    0  6.8 16 340   M    M   0        23 340
================================================================================
SM 2549 1399        77 107  0.11     0.0 205.2          M       19
================================================================================
AV 85.0 46.6                               6.8 FASTST   M    M   1    MAX(MPH)
                                 MISC ---->  # 31 200               # 47  210
================================================================================
NOTES:
# LAST OF SEVERAL OCCURRENCES

COLUMN 17 PEAK WIND IN M.P.H.

PRELIMINARY LOCAL CLIMATOLOGICAL DATA (WS FORM: F-6) , PAGE 2

                                          STATION:  REDMOND OR
                                          MONTH:    JUNE
                                          YEAR:     2015
                                          LATITUDE:   44 16 N
                                          LONGITUDE: 121  9 W

[TEMPERATURE DATA]      [PRECIPITATION DATA]       SYMBOLS USED IN COLUMN 16

AVERAGE MONTHLY: 65.8   TOTAL FOR MONTH:   0.11    1 = FOG OR MIST
DPTR FM NORMAL:   7.3   DPTR FM NORMAL:   -0.53    2 = FOG REDUCING VISIBILITY
HIGHEST:   101 ON 26    GRTST 24HR  0.11 ON  1- 1      TO 1/4 MILE OR LESS
LOWEST:     33 ON 13                               3 = THUNDER
                        SNOW, ICE PELLETS, HAIL    4 = ICE PELLETS
                        TOTAL MONTH:   0.0 INCH    5 = HAIL
                        GRTST 24HR     0.0         6 = FREEZING RAIN OR DRIZZLE
                        GRTST DEPTH:   0           7 = DUSTSTORM OR SANDSTORM:
                                                       VSBY 1/2 MILE OR LESS
                                                   8 = SMOKE OR HAZE
[NO. OF DAYS WITH]      [WEATHER - DAYS WITH]      9 = BLOWING SNOW
                                                   X = TORNADO
MAX 32 OR BELOW:   0    0.01 INCH OR MORE:   1
MAX 90 OR ABOVE:   9    0.10 INCH OR MORE:   1
MIN 32 OR BELOW:   0    0.50 INCH OR MORE:   0
MIN  0 OR BELOW:   0    1.00 INCH OR MORE:   0

[HDD (BASE 65) ]
TOTAL THIS MO.    77    CLEAR  (SCALE 0-3)  28
DPTR FM NORMAL  -140    PTCLDY (SCALE 4-7)   2
TOTAL FM JUL 1  5747    CLOUDY (SCALE 8-10)  0
DPTR FM NORMAL  -966

[CDD (BASE 65) ]
TOTAL THIS MO.   107
DPTR FM NORMAL    83    [PRESSURE DATA]
TOTAL FM JAN 1   116    HIGHEST SLP 30.13 ON 25
DPTR FM NORMAL    87    LOWEST  SLP 29.75 ON  1

[REMARKS]
#FINAL-06-15#
