000
CXUS52 KRAH 291345
CF6RDU
PRELIMINARY LOCAL CLIMATOLOGICAL DATA (WS FORM: F-6)

                                          STATION:   RALEIGH-DURHAM INTL AIRPORT NC
                                          MONTH:     JUNE
                                          YEAR:      2015
                                          LATITUDE:   35 52 N
                                          LONGITUDE:  78 47 W

  TEMPERATURE IN F:       :PCPN:    SNOW:  WIND      :SUNSHINE: SKY     :PK WND
================================================================================
1   2   3   4   5  6A  6B    7    8   9   10  11  12  13   14  15   16   17  18
                                     12Z  AVG MX 2MIN
DY MAX MIN AVG DEP HDD CDD  WTR  SNW DPTH SPD SPD DIR MIN PSBL S-S WX    SPD DR
================================================================================

 1  90  68  79   6   0  14 0.08  0.0    0  7.0 26 220   M    M   6 13     35 220
 2  82  67  75   2   0  10 0.15  0.0    0  3.7 10 260   M    M   9 1      15 240
 3  68  63  66  -7   0   1 0.02  0.0    0  7.2 15  50   M    M  10 1      18  50
 4  68  61  65  -9   0   0 0.02  0.0    0  5.4 12  30   M    M  10 18     16  20
 5  78  60  69  -5   0   4 0.01  0.0    0  3.6 10  90   M    M   8 1      14  90
 6  88  59  74   0   0   9 0.00  0.0    0  5.5 14  40   M    M   3        20  30
 7  86  62  74   0   0   9 0.00  0.0    0  6.7 13 130   M    M   5        21 130
 8  89  65  77   2   0  12 0.00  0.0    0 11.1 21 230   M    M   7 3      25 230
 9  89  67  78   3   0  13 0.31  0.0    0  7.6 18 230   M    M   6 13     24 260
10  88  67  78   3   0  13 0.25  0.0    0  4.5 12  70   M    M   6 1      18 300
11  93  70  82   6   0  17 0.08  0.0    0  6.4 16 220   M    M   4 13     25 230
12  90  71  81   5   0  16    T  0.0    0  8.1 18 230   M    M   6        22 230
13  95  74  85   9   0  20 0.00  0.0    0  4.9 10  40   M    M   5        15 310
14  96  71  84   8   0  19 0.00  0.0    0  3.3 15  50   M    M   4        22  30
15  99  72  86   9   0  21 0.00  0.0    0  3.2 10 250   M    M   3 1      16  30
16 100  73  87  10   0  22 0.00  0.0    0  4.1 15  50   M    M   3        23 340
17  96  74  85   8   0  20 0.51  0.0    0  3.7 16  80   M    M   5 13     21 160
18  98  71  85   8   0  20 2.10  0.0    0  5.6 23  90   M    M   7 13     30  90
19  95  72  84   6   0  19 0.23  0.0    0  4.6 14 100   M    M   5 13     20 110
20  96  71  84   6   0  19 0.01  0.0    0  9.3 36 220   M    M   6 123    51 220
21  95  73  84   6   0  19 0.00  0.0    0  6.5 15 230   M    M   4 1      20 260
22  96  70  83   5   0  18 0.00  0.0    0  2.2 10 210   M    M   5        14 210
23  98  76  87   9   0  22 0.00  0.0    0  8.2 17 220   M    M   4        22 230
24  95  74  85   7   0  20 0.00  0.0    0  4.8 14 220   M    M   6        17 230
25  92  71  82   3   0  17 0.31  0.0    0  5.8 20 230   M    M   7 13     25 230
26  92  69  81   2   0  16 1.26  0.0    0  4.6 29 250   M    M   7 138    43 240
27  88  70  79   0   0  14 0.99  0.0    0  8.2 18 210   M    M   8 13     30 210
28  84  64  74  -5   0   9 0.00  0.0    0  5.8 16 230   M    M   5        24 240
================================================================================
SM 2524 1925         0 413  6.33     0.0 161.6          M      164
================================================================================
AV 90.1 68.8                               5.8 FASTST   M    M   6    MAX(MPH)
                                 MISC ---->  # 36 220               # 51  220
================================================================================
NOTES:
# LAST OF SEVERAL OCCURRENCES

COLUMN 17 PEAK WIND IN M.P.H.

PRELIMINARY LOCAL CLIMATOLOGICAL DATA (WS FORM: F-6) , PAGE 2

                                          STATION:  RALEIGH-DURHAM INTL AIRPORT NC
                                          MONTH:    JUNE
                                          YEAR:     2015
                                          LATITUDE:   35 52 N
                                          LONGITUDE:  78 47 W

[TEMPERATURE DATA]      [PRECIPITATION DATA]       SYMBOLS USED IN COLUMN 16

AVERAGE MONTHLY: 79.4   TOTAL FOR MONTH:   6.33    1 = FOG OR MIST
DPTR FM NORMAL:   3.2   DPTR FM NORMAL:    3.05    2 = FOG REDUCING VISIBILITY
HIGHEST:   100 ON 16    GRTST 24HR  2.25 ON 17-18      TO 1/4 MILE OR LESS
LOWEST:     59 ON  6                               3 = THUNDER
                        SNOW, ICE PELLETS, HAIL    4 = ICE PELLETS
                        TOTAL MONTH:   0.0 INCH    5 = HAIL
                        GRTST 24HR     0.0         6 = FREEZING RAIN OR DRIZZLE
                        GRTST DEPTH:   0           7 = DUSTSTORM OR SANDSTORM:
                                                       VSBY 1/2 MILE OR LESS
                                                   8 = SMOKE OR HAZE
[NO. OF DAYS WITH]      [WEATHER - DAYS WITH]      9 = BLOWING SNOW
                                                   X = TORNADO
MAX 32 OR BELOW:   0    0.01 INCH OR MORE:  15
MAX 90 OR ABOVE:  17    0.10 INCH OR MORE:   9
MIN 32 OR BELOW:   0    0.50 INCH OR MORE:   4
MIN  0 OR BELOW:   0    1.00 INCH OR MORE:   2

[HDD (BASE 65) ]
TOTAL THIS MO.     0    CLEAR  (SCALE 0-3)   2
DPTR FM NORMAL     0    PTCLDY (SCALE 4-7)  23
TOTAL FM JUL 1  3484    CLOUDY (SCALE 8-10)  3
DPTR FM NORMAL   241

[CDD (BASE 65) ]
TOTAL THIS MO.   413
DPTR FM NORMAL    94    [PRESSURE DATA]
TOTAL FM JAN 1   683    HIGHEST SLP M ON M
DPTR FM NORMAL   155    LOWEST  SLP 29.71 ON 27

[REMARKS]
