145
CXUS56 KBOI 211002
CF6REO
PRELIMINARY LOCAL CLIMATOLOGICAL DATA (WS FORM: F-6)

                                          STATION:   ROME OR
                                          MONTH:     FEBRUARY
                                          YEAR:      2018
                                          LATITUDE:   42 35 N
                                          LONGITUDE: 117 52 W

  TEMPERATURE IN F:       :PCPN:    SNOW:  WIND      :SUNSHINE: SKY     :PK WND
================================================================================
1   2   3   4   5  6A  6B    7    8   9   10  11  12  13   14  15   16   17  18
                                     12Z  AVG MX 2MIN
DY MAX MIN AVG DEP HDD CDD  WTR  SNW DPTH SPD SPD DIR MIN PSBL S-S WX    SPD DR
================================================================================

 1  54  30  42  11  23   0 0.00    M    M  4.6 10 260   M    M   0        13 270
 2  65  38  52  21  13   0 0.00    M    M  9.7 23 230   M    M   0        27 230
 3  64  39  52  21  13   0 0.00    M    M 10.9 23 270   M    M   0        28 270
 4  63  39  51  20  14   0 0.00    M    M 11.7 25 210   M    M   0        33 210
 5  58  32  45  14  20   0 0.00    M    M  9.2 30 290   M    M   0        38 290
 6  55  24  40   8  25   0 0.00    M    M  5.5 14 250   M    M   0        16 260
 7  62  27  45  13  20   0 0.00    M    M  7.2 16 130   M    M   0        20 140
 8  65  38  52  20  13   0 0.00    M    M 11.8 24 220   M    M   0        31 220
 9  60  39  50  18  15   0 0.00    M    M 11.1 22 210   M    M   0        29 210
10  44  21  33   1  32   0 0.00    M    M  9.7 20 340   M    M   0        27 340
11  37  19  28  -4  37   0 0.00    M    M  7.9 17 130   M    M   0        21 130
12  37  18  28  -5  37   0 0.04    M    M  7.1 16 350   M    M   0        20 360
13  46   8  27  -6  38   0 0.00    M    M  5.4 13 140   M    M   0        16 140
14  42  21  32  -1  33   0 0.01    M    M 13.3 33 230   M    M   0        41 230
15  41  20  31  -2  34   0 0.00    M    M  7.1 14 320   M    M   0        18 230
16  47  11  29  -5  36   0 0.00    M    M  4.8 12 140   M    M   0        14  30
17  62  21  42   8  23   0 0.00    M    M 16.2 35 200   M    M   0        45 220
18  51  17  34   0  31   0 0.01    M    M 11.5 30 240   M    M   0        40 230
19  32  12  22 -12  43   0 0.00    M    M 10.4 23 310   M    M   0        29 290
20  31  -1  15 -19  50   0 0.00    M    M  6.6 14 190   M    M   0        18 190
================================================================================
SM 1016  473       550   0  0.06    M    181.7          M        0
================================================================================
AV 50.8 23.7                               9.1 FASTST   M    M   0    MAX(MPH)
                                 MISC ---->  # 35 200               # 45  220
================================================================================
NOTES:
# LAST OF SEVERAL OCCURRENCES

COLUMN 17 PEAK WIND IN M.P.H.

PRELIMINARY LOCAL CLIMATOLOGICAL DATA (WS FORM: F-6) , PAGE 2

                                          STATION:  ROME OR
                                          MONTH:    FEBRUARY
                                          YEAR:     2018
                                          LATITUDE:   42 35 N
                                          LONGITUDE: 117 52 W

[TEMPERATURE DATA]      [PRECIPITATION DATA]       SYMBOLS USED IN COLUMN 16

AVERAGE MONTHLY: 37.2   TOTAL FOR MONTH:   0.06    1 = FOG OR MIST
DPTR FM NORMAL:   4.8   DPTR FM NORMAL:   -0.47    2 = FOG REDUCING VISIBILITY
HIGHEST:    65 ON  8, 2 GRTST 24HR  0.04 ON 12-12      TO 1/4 MILE OR LESS
LOWEST:     -1 ON 20                               3 = THUNDER
                        SNOW, ICE PELLETS, HAIL    4 = ICE PELLETS
                        TOTAL MONTH:    M          5 = HAIL
                        GRTST 24HR    M  ON   M    6 = FREEZING RAIN OR DRIZZLE
                        GRTST DEPTH:  M  ON   M    7 = DUSTSTORM OR SANDSTORM:
                                                       VSBY 1/2 MILE OR LESS
                                                   8 = SMOKE OR HAZE
[NO. OF DAYS WITH]      [WEATHER - DAYS WITH]      9 = BLOWING SNOW
                                                   X = TORNADO
MAX 32 OR BELOW:   2    0.01 INCH OR MORE:   3
MAX 90 OR ABOVE:   0    0.10 INCH OR MORE:   0
MIN 32 OR BELOW:  15    0.50 INCH OR MORE:   0
MIN  0 OR BELOW:   1    1.00 INCH OR MORE:   0

[HDD (BASE 65) ]
TOTAL THIS MO.   550    CLEAR  (SCALE 0-3)  20
DPTR FM NORMAL   -99    PTCLDY (SCALE 4-7)   0
TOTAL FM JUL 1  4016    CLOUDY (SCALE 8-10)  0
DPTR FM NORMAL  -482

[CDD (BASE 65) ]
TOTAL THIS MO.     0
DPTR FM NORMAL     0    [PRESSURE DATA]
TOTAL FM JAN 1     0    HIGHEST SLP M ON M
DPTR FM NORMAL     0    LOWEST  SLP 29.58 ON 18

[REMARKS]
