000
CXUS56 KBOI 301002
CF6REO
PRELIMINARY LOCAL CLIMATOLOGICAL DATA (WS FORM: F-6)

                                          STATION:   ROME OR
                                          MONTH:     OCTOBER
                                          YEAR:      2014
                                          LATITUDE:   42 35 N
                                          LONGITUDE: 117 52 W

  TEMPERATURE IN F:       :PCPN:    SNOW:  WIND      :SUNSHINE: SKY     :PK WND
================================================================================
1   2   3   4   5  6A  6B    7    8   9   10  11  12  13   14  15   16   17  18
                                     12Z  AVG MX 2MIN
DY MAX MIN AVG DEP HDD CDD  WTR  SNW DPTH SPD SPD DIR MIN PSBL S-S WX    SPD DR
================================================================================

 1  61  36  49  -5  16   0 0.00    M    M  5.4 12 140   M    M   0        15 290
 2  72  37  55   2  10   0 0.00    M    M  7.0 13 220   M    M   0        17 240
 3  75  36  56   3   9   0 0.00    M    M  4.7 10  80   M    M   0        13  30
 4  79  36  58   6   7   0 0.00    M    M  5.0 14 130   M    M   0        16 130
 5  81  40  61   9   4   0 0.00    M    M  5.4 13 130   M    M   0        14 130
 6  85  45  65  14   0   0 0.00    M    M  5.0 13 140   M    M   0        22 290
 7  85  44  65  14   0   0 0.00    M    M  3.3 12 170   M    M   0        14 150
 8  81  41  61  10   4   0 0.00    M    M  5.1 10 140   M    M   0        13  10
 9  76  39  58   8   7   0 0.00    M    M  5.1 15  10   M    M   0        20  20
10  75  38  57   7   8   0 0.00    M    M  6.3 14 140   M    M   0        17 140
11  75  45  60  10   5   0 0.00    M    M 11.5 35 280   M    M   0        44 280
12  64  39  52   3  13   0 0.00    M    M  6.7 20 270   M    M   0        26 280
13  80  35  58   9   7   0 0.00    M    M 11.7 28 150   M    M   0        34 150
14  77  56  67  19   0   2 0.00    M    M 15.6 29 190   M    M   0        36 170
15  65  37  51   3  14   0 0.00    M    M 12.6 36 230   M    M   0        45 220
16  64  34  49   1  16   0 0.00    M    M  4.2 12  70   M    M   0        13  70
17  68  35  52   5  13   0 0.00    M    M  4.6 13 240   M    M   0        15 250
18  71  34  53   6  12   0 0.00    M    M  3.4 12 140   M    M   0        12 140
19  77  32  55   8  10   0 0.00    M    M  6.2 15 170   M    M   0        19 200
20  77  37  57  11   8   0 0.04    M    M  8.7 28 180   M    M   0        35 230
21  58  38  48   2  17   0 0.11    M    M 10.0 23 230   M    M   0        30 200
22  65  34  50   4  15   0 0.00    M    M  8.4 23 140   M    M   0        30 150
23  62  49  56  11   9   0 0.02    M    M 11.8 26 180   M    M   0        37 200
24  74  42  58  13   7   0 0.00    M    M  5.8 16 210   M    M   0        20 210
25  74  32  53   8  12   0 0.00    M    M 17.1 44 200   M    M   0        57 180
26  54  37  46   2  19   0 0.02    M    M 10.9 23 210   M    M   0        29 210
27  53  26  40  -4  25   0 0.00    M    M  6.6 12 150   M    M   0        20  70
28  66  23  45   1  20   0 0.00    M    M  6.8 20 130   M    M   0        24 140
29  69  39  54  11  11   0 0.00    M    M  5.4 14 260   M    M   0        18 250
================================================================================
SM 2063 1096       298   2  0.19    M    220.3          M        0
================================================================================
AV 71.1 37.8                               7.6 FASTST   M    M   0    MAX(MPH)
                                 MISC ---->  # 44 200               # 57  180
================================================================================
NOTES:
# LAST OF SEVERAL OCCURRENCES

COLUMN 17 PEAK WIND IN M.P.H.

PRELIMINARY LOCAL CLIMATOLOGICAL DATA (WS FORM: F-6) , PAGE 2

                                          STATION:  ROME OR
                                          MONTH:    OCTOBER
                                          YEAR:     2014
                                          LATITUDE:   42 35 N
                                          LONGITUDE: 117 52 W

[TEMPERATURE DATA]      [PRECIPITATION DATA]       SYMBOLS USED IN COLUMN 16

AVERAGE MONTHLY: 54.5   TOTAL FOR MONTH:   0.19    1 = FOG OR MIST
DPTR FM NORMAL:   6.3   DPTR FM NORMAL:   -0.50    2 = FOG REDUCING VISIBILITY
HIGHEST:    85 ON  7, 6 GRTST 24HR  0.15 ON 20-21      TO 1/4 MILE OR LESS
LOWEST:     23 ON 28                               3 = THUNDER
                        SNOW, ICE PELLETS, HAIL    4 = ICE PELLETS
                        TOTAL MONTH:    M          5 = HAIL
                        GRTST 24HR    M  ON   M    6 = FREEZING RAIN OR DRIZZLE
                        GRTST DEPTH:  M  ON   M    7 = DUSTSTORM OR SANDSTORM:
                                                       VSBY 1/2 MILE OR LESS
                                                   8 = SMOKE OR HAZE
[NO. OF DAYS WITH]      [WEATHER - DAYS WITH]      9 = BLOWING SNOW
                                                   X = TORNADO
MAX 32 OR BELOW:   0    0.01 INCH OR MORE:   4
MAX 90 OR ABOVE:   0    0.10 INCH OR MORE:   1
MIN 32 OR BELOW:   4    0.50 INCH OR MORE:   0
MIN  0 OR BELOW:   0    1.00 INCH OR MORE:   0

[HDD (BASE 65) ]
TOTAL THIS MO.   298    CLEAR  (SCALE 0-3)  29
DPTR FM NORMAL  -191    PTCLDY (SCALE 4-7)   0
TOTAL FM JUL 1   416    CLOUDY (SCALE 8-10)  0
DPTR FM NORMAL  -297

[CDD (BASE 65) ]
TOTAL THIS MO.     2
DPTR FM NORMAL     2    [PRESSURE DATA]
TOTAL FM JAN 1   690    HIGHEST SLP M ON M
DPTR FM NORMAL   184    LOWEST  SLP 29.51 ON 14

[REMARKS]
