000
CXUS51 KAKQ 201010
CF6RIC
PRELIMINARY LOCAL CLIMATOLOGICAL DATA (WS FORM: F-6)

                                          STATION:   RICHMOND VA
                                          MONTH:     APRIL
                                          YEAR:      2014
                                          LATITUDE:   37 30 N
                                          LONGITUDE:  77 20 W

  TEMPERATURE IN F:       :PCPN:    SNOW:  WIND      :SUNSHINE: SKY     :PK WND
================================================================================
1   2   3   4   5  6A  6B    7    8   9   10  11  12  13   14  15   16   17  18
                                     12Z  AVG MX 2MIN
DY MAX MIN AVG DEP HDD CDD  WTR  SNW DPTH SPD SPD DIR MIN PSBL S-S WX    SPD DR
================================================================================

 1  72  39  56   2   9   0 0.00  0.0    0  3.9 13 180   M    M   4        14 180
 2  78  45  62   8   3   0 0.00  0.0    0  5.8 15  40   M    M   4        22  50
 3  70  52  61   7   4   0    T  0.0    0  5.4 21 310   M    M  10        28 300
 4  85  51  68  13   0   3 0.01  0.0    0  6.3 28 230   M    M   9 8      36 220
 5  70  47  59   4   6   0 0.00  0.0    0  7.7 18 350   M    M   3 18     22 350
 6  62  37  50  -5  15   0 0.00  0.0    0  5.9 16  40   M    M   6        21  50
 7  62  43  53  -3  12   0 0.96  0.0    0  7.1 16 120   M    M  10 1      22 120
 8  70  53  62   6   3   0    T  0.0    0  8.2 20 260   M    M   8 1      25 250
 9  69  50  60   4   5   0    T  0.0    0  6.7 20 320   M    M   7        24 310
10  74  42  58   1   7   0 0.00  0.0    0  8.1 22 210   M    M   2        28 190
11  82  53  68  11   0   3 0.00  0.0    0 11.9 25 200   M    M   6        31 200
12  79  54  67  10   0   2 0.00  0.0    0  8.2 17 130   M    M   4        22 130
13  83  55  69  11   0   4 0.00  0.0    0 11.7 22 210   M    M   6        28 180
14  81  62  72  14   0   7    T  0.0    0 13.9 24 200   M    M   8        32 200
15  75  38  57  -1   8   0 0.57  0.0    0 17.9 31 360   M    M  10 1      43 350
16  53  33  43 -15  22   0 0.00  0.0    0 11.0 29 340   M    M   1        36 330
17  60  33  47 -12  18   0 0.00  0.0    0  7.2 16  50   M    M   4        21  60
18  55  36  46 -13  19   0 0.00  0.0    0  5.0 13  40   M    M   8 8      16  60
19  66  46  56  -3   9   0 0.00  0.0    0  6.2 20  60   M    M  10        25  30
================================================================================
SM 1346  869       140  19  1.54     0.0 158.1          M      120
================================================================================
AV 70.8 45.7                               8.3 FASTST   M    M   6    MAX(MPH)
                                 MISC ---->  # 31 360               # 43  350
================================================================================
NOTES:
# LAST OF SEVERAL OCCURRENCES

COLUMN 17 PEAK WIND IN M.P.H.

PRELIMINARY LOCAL CLIMATOLOGICAL DATA (WS FORM: F-6) , PAGE 2

                                          STATION:  RICHMOND VA
                                          MONTH:    APRIL
                                          YEAR:     2014
                                          LATITUDE:   37 30 N
                                          LONGITUDE:  77 20 W

[TEMPERATURE DATA]      [PRECIPITATION DATA]       SYMBOLS USED IN COLUMN 16

AVERAGE MONTHLY: 58.3   TOTAL FOR MONTH:   1.54    1 = FOG OR MIST
DPTR FM NORMAL:   1.7   DPTR FM NORMAL:   -0.56    2 = FOG REDUCING VISIBILITY
HIGHEST:    85 ON  4    GRTST 24HR  0.96 ON  6- 7      TO 1/4 MILE OR LESS
LOWEST:     33 ON 17,16                            3 = THUNDER
                        SNOW, ICE PELLETS, HAIL    4 = ICE PELLETS
                        TOTAL MONTH:   0.0 INCH    5 = HAIL
                        GRTST 24HR     0.0         6 = FREEZING RAIN OR DRIZZLE
                        GRTST DEPTH:   0           7 = DUSTSTORM OR SANDSTORM:
                                                       VSBY 1/2 MILE OR LESS
                                                   8 = SMOKE OR HAZE
[NO. OF DAYS WITH]      [WEATHER - DAYS WITH]      9 = BLOWING SNOW
                                                   X = TORNADO
MAX 32 OR BELOW:   0    0.01 INCH OR MORE:   3
MAX 90 OR ABOVE:   0    0.10 INCH OR MORE:   2
MIN 32 OR BELOW:   0    0.50 INCH OR MORE:   2
MIN  0 OR BELOW:   0    1.00 INCH OR MORE:   0

[HDD (BASE 65) ]
TOTAL THIS MO.   140    CLEAR  (SCALE 0-3)   3
DPTR FM NORMAL   -37    PTCLDY (SCALE 4-7)   9
TOTAL FM JUL 1  3706    CLOUDY (SCALE 8-10)  7
DPTR FM NORMAL    77

[CDD (BASE 65) ]
TOTAL THIS MO.    19
DPTR FM NORMAL     1    [PRESSURE DATA]
TOTAL FM JAN 1    21    HIGHEST SLP M ON M
DPTR FM NORMAL    -3    LOWEST  SLP 29.54 ON  8

[REMARKS]
