000
CXUS51 KAKQ 271010
CF6RIC
PRELIMINARY LOCAL CLIMATOLOGICAL DATA (WS FORM: F-6)

                                          STATION:   RICHMOND VA
                                          MONTH:     SEPTEMBER
                                          YEAR:      2016
                                          LATITUDE:   37 30 N
                                          LONGITUDE:  77 20 W

  TEMPERATURE IN F:       :PCPN:    SNOW:  WIND      :SUNSHINE: SKY     :PK WND
================================================================================
1   2   3   4   5  6A  6B    7    8   9   10  11  12  13   14  15   16   17  18
                                     12Z  AVG MX 2MIN
DY MAX MIN AVG DEP HDD CDD  WTR  SNW DPTH SPD SPD DIR MIN PSBL S-S WX    SPD DR
================================================================================

 1  87  71  79   4   0  14    T  0.0    0  6.9 16 360   M    M   6 1      22 360
 2  81  67  74  -1   0   9 0.02  0.0    0 11.1 18  10   M    M   9        23  10
 3  72  64  68  -7   0   3 0.67  0.0    0 12.2 23 360   M    M  10 1      33  40
 4  81  61  71  -3   0   6    T  0.0    0  7.3 16  10   M    M   6        21 350
 5  83  58  71  -3   0   6 0.00  0.0    0  5.8 16  10   M    M   4        20  10
 6  91  64  78   4   0  13 0.00  0.0    0  8.2 25 320   M    M   1        35 320
 7  88  69  79   5   0  14 0.92  0.0    0  5.6 22  10   M    M   7 13     27  10
 8  92  71  82   9   0  17 0.11  0.0    0  6.5 13 190   M    M   5 13     17 190
 9  94  71  83  10   0  18 0.00  0.0    0  7.7 15 210   M    M   5        18 220
10  91  72  82   9   0  17 0.00  0.0    0  9.0 20 180   M    M   6 1      25 180
11  86  67  77   5   0  12 0.00  0.0    0  7.8 17 360   M    M   6 1      21 360
12  85  62  74   2   0   9 0.00  0.0    0  6.2 14 130   M    M   5        17  90
13  87  63  75   3   0  10 0.00  0.0    0  5.1 13 140   M    M   3        17 140
14  92  67  80   9   0  15 0.00  0.0    0  5.8 12 250   M    M   2        14 250
15  75  66  71   0   0   6 0.00  0.0    0  8.2 16  40   M    M   7        21  50
16  82  63  73   2   0   8 0.00  0.0    0  7.1 12  90   M    M   4         M  M
17  86  61  74   4   0   9 0.00  0.0    0  4.9 14 140   M    M   3        17 140
18  88  67  78   8   0  13 0.01  0.0    0  5.6 13 170   M    M   7 12     16 190
19  77  70  74   4   0   9 1.64  0.0    0  6.6 24  20   M    M  10 1      28  20
20  73  69  71   2   0   6 0.02  0.0    0 10.4 16  20   M    M  10 1      21  20
21  74  70  72   3   0   7 0.54  0.0    0  9.2 16  40   M    M  10 1      20  40
22  80  68  74   6   0   9 0.03  0.0    0  7.2 14 360   M    M   9 1      17 360
23  86  65  76   8   0  11 0.00  0.0    0  2.7  9 330   M    M   2        12 340
24  86  64  75   7   0  10 0.00  0.0    0  6.1 16  60   M    M   3        22  70
25  74  63  69   2   0   4 0.00  0.0    0  4.9 12  50   M    M   9        15  60
26  71  63  67   0   0   2 0.20  0.0    0  5.9 13 140   M    M  10 13     17 180
================================================================================
SM 2162 1716         0 257  4.16     0.0 184.0          M      159
================================================================================
AV 83.2 66.0                               7.1 FASTST   M    M   6    MAX(MPH)
                                 MISC ---->  # 25 320               # 35  320
================================================================================
NOTES:
# LAST OF SEVERAL OCCURRENCES

COLUMN 17 PEAK WIND IN M.P.H.

PRELIMINARY LOCAL CLIMATOLOGICAL DATA (WS FORM: F-6) , PAGE 2

                                          STATION:  RICHMOND VA
                                          MONTH:    SEPTEMBER
                                          YEAR:     2016
                                          LATITUDE:   37 30 N
                                          LONGITUDE:  77 20 W

[TEMPERATURE DATA]      [PRECIPITATION DATA]       SYMBOLS USED IN COLUMN 16

AVERAGE MONTHLY: 74.6   TOTAL FOR MONTH:   4.16    1 = FOG OR MIST
DPTR FM NORMAL:   3.2   DPTR FM NORMAL:    0.53    2 = FOG REDUCING VISIBILITY
HIGHEST:    94 ON  9    GRTST 24HR  1.65 ON 18-19      TO 1/4 MILE OR LESS
LOWEST:     58 ON  5                               3 = THUNDER
                        SNOW, ICE PELLETS, HAIL    4 = ICE PELLETS
                        TOTAL MONTH:   0.0 INCH    5 = HAIL
                        GRTST 24HR     0.0         6 = FREEZING RAIN OR DRIZZLE
                        GRTST DEPTH:   0           7 = DUSTSTORM OR SANDSTORM:
                                                       VSBY 1/2 MILE OR LESS
                                                   8 = SMOKE OR HAZE
[NO. OF DAYS WITH]      [WEATHER - DAYS WITH]      9 = BLOWING SNOW
                                                   X = TORNADO
MAX 32 OR BELOW:   0    0.01 INCH OR MORE:  10
MAX 90 OR ABOVE:   5    0.10 INCH OR MORE:   6
MIN 32 OR BELOW:   0    0.50 INCH OR MORE:   4
MIN  0 OR BELOW:   0    1.00 INCH OR MORE:   1

[HDD (BASE 65) ]
TOTAL THIS MO.     0    CLEAR  (SCALE 0-3)   4
DPTR FM NORMAL   -16    PTCLDY (SCALE 4-7)  14
TOTAL FM JUL 1     0    CLOUDY (SCALE 8-10)  8
DPTR FM NORMAL   -17

[CDD (BASE 65) ]
TOTAL THIS MO.   257
DPTR FM NORMAL    73    [PRESSURE DATA]
TOTAL FM JAN 1  1611    HIGHEST SLP M ON M
DPTR FM NORMAL   120    LOWEST  SLP 29.72 ON  3

[REMARKS]
