000
CXUS55 KGJT 281000
CF6RIL
PRELIMINARY LOCAL CLIMATOLOGICAL DATA (WS FORM: F-6)

                                          STATION:   RIFLE CO
                                          MONTH:     MARCH
                                          YEAR:      2017
                                          LATITUDE:   39 31 N
                                          LONGITUDE: 107 43 W

  TEMPERATURE IN F:       :PCPN:    SNOW:  WIND      :SUNSHINE: SKY     :PK WND
================================================================================
1   2   3   4   5  6A  6B    7    8   9   10  11  12  13   14  15   16   17  18
                                     12Z  AVG MX 2MIN
DY MAX MIN AVG DEP HDD CDD  WTR  SNW DPTH SPD SPD DIR MIN PSBL S-S WX    SPD DR
================================================================================

 1  39  14  27  -8  38   0 0.00    M    M  3.6 12 260   M    M   2        15 270
 2  48  16  32  -4  33   0 0.00    M    M  2.1  8  50   M    M   0        11  80
 3  56  18  37   1  28   0 0.00    M    M  2.0  9 150   M    M   0        10 290
 4  63  21  42   6  23   0 0.00    M    M  5.0 24 230   M    M   0        40 240
 5  58  34  46  10  19   0    T    M    M 13.8 44 230   M    M   3        59 240
 6  48  17  33  -4  32   0    T    M    M 16.0 40 250   M    M   6 12     51 250
 7  47  13  30  -7  35   0 0.00    M    M  7.9 23 280   M    M   2        29 280
 8  61  27  44   7  21   0 0.00    M    M  6.2 25 280   M    M   2        31 280
 9  65  27  46   8  19   0 0.00    M    M  4.6 21 260   M    M   0        25 260
10  68  31  50  12  15   0 0.00    M    M  5.8 23 260   M    M   0        30 270
11  65  34  50  12  15   0 0.00    M    M  3.9 15 320   M    M   1        19 270
12  62  31  47   9  18   0 0.00    M    M  5.6 21 290   M    M   2        27 290
13  61  25  43   4  22   0 0.00    M    M  4.6 20 260   M    M   1        24 260
14  71  28  50  11  15   0 0.00    M    M  4.3 18 260   M    M   0        23 260
15  74  29  52  13  13   0 0.00    M    M  5.5 24 270   M    M   0        30 260
16  72  30  51  11  14   0 0.00    M    M  7.8 24 260   M    M   0        31 270
17  73  35  54  14  11   0 0.00    M    M  4.7 20 260   M    M   2        26 260
18  78  32  55  15  10   0 0.00    M    M  5.7 25 280   M    M   0        29 270
19  75  34  55  15  10   0 0.00    M    M  6.8 26 260   M    M   0        33 260
20  73  38  56  15   9   0 0.00    M    M  6.1 24 250   M    M   3        30 250
21  75  36  56  15   9   0 0.00    M    M  6.9 25 230   M    M   1        33 210
22  70  44  57  16   8   0    T    M    M  8.5 29 240   M    M   4 8      37 220
23  61  43  52  10  13   0    T    M    M 14.3 35 260   M    M   5        40 240
24  60  35  48   6  17   0    T    M    M  9.2 24 300   M    M   4        31 310
25  64  28  46   4  19   0 0.00    M    M  6.8 29 260   M    M   3        39 260
26  59  35  47   5  18   0 0.02    M    M  6.8 16 280   M    M   5        21 300
27  62  33  48   5  17   0    T    M    M  7.3 25 160   M    M   7        32 270
================================================================================
SM 1708  788       501   0  0.02    M    181.8          M       53
================================================================================
AV 63.3 29.2                               6.7 FASTST   M    M   2    MAX(MPH)
                                 MISC ---->  # 44 230               # 59  240
================================================================================
NOTES:
# LAST OF SEVERAL OCCURRENCES

COLUMN 17 PEAK WIND IN M.P.H.

PRELIMINARY LOCAL CLIMATOLOGICAL DATA (WS FORM: F-6) , PAGE 2

                                          STATION:  RIFLE CO
                                          MONTH:    MARCH
                                          YEAR:     2017
                                          LATITUDE:   39 31 N
                                          LONGITUDE: 107 43 W

[TEMPERATURE DATA]      [PRECIPITATION DATA]       SYMBOLS USED IN COLUMN 16

AVERAGE MONTHLY: 46.2   TOTAL FOR MONTH:   0.02    1 = FOG OR MIST
DPTR FM NORMAL:   7.2   DPTR FM NORMAL:   -0.96    2 = FOG REDUCING VISIBILITY
HIGHEST:    78 ON 18    GRTST 24HR  0.02 ON 26-26      TO 1/4 MILE OR LESS
LOWEST:     13 ON  7                               3 = THUNDER
                        SNOW, ICE PELLETS, HAIL    4 = ICE PELLETS
                        TOTAL MONTH:    M          5 = HAIL
                        GRTST 24HR    M  ON   M    6 = FREEZING RAIN OR DRIZZLE
                        GRTST DEPTH:  M  ON   M    7 = DUSTSTORM OR SANDSTORM:
                                                       VSBY 1/2 MILE OR LESS
                                                   8 = SMOKE OR HAZE
[NO. OF DAYS WITH]      [WEATHER - DAYS WITH]      9 = BLOWING SNOW
                                                   X = TORNADO
MAX 32 OR BELOW:   0    0.01 INCH OR MORE:   1
MAX 90 OR ABOVE:   0    0.10 INCH OR MORE:   0
MIN 32 OR BELOW:  16    0.50 INCH OR MORE:   0
MIN  0 OR BELOW:   0    1.00 INCH OR MORE:   0

[HDD (BASE 65) ]
TOTAL THIS MO.   501    CLEAR  (SCALE 0-3)  20
DPTR FM NORMAL  -199    PTCLDY (SCALE 4-7)   7
TOTAL FM JUL 1  4638    CLOUDY (SCALE 8-10)  0
DPTR FM NORMAL -1059

[CDD (BASE 65) ]
TOTAL THIS MO.     0
DPTR FM NORMAL     0    [PRESSURE DATA]
TOTAL FM JAN 1     0    HIGHEST SLP M ON M
DPTR FM NORMAL     0    LOWEST  SLP 29.29 ON  6

[REMARKS]
