000
CXUS55 KGJT 181000
CF6RIL
PRELIMINARY LOCAL CLIMATOLOGICAL DATA (WS FORM: F-6)

                                          STATION:   RIFLE CO
                                          MONTH:     APRIL
                                          YEAR:      2014
                                          LATITUDE:   39 31 N
                                          LONGITUDE: 107 43 W

  TEMPERATURE IN F:       :PCPN:    SNOW:  WIND      :SUNSHINE: SKY     :PK WND
================================================================================
1   2   3   4   5  6A  6B    7    8   9   10  11  12  13   14  15   16   17  18
                                     12Z  AVG MX 2MIN
DY MAX MIN AVG DEP HDD CDD  WTR  SNW DPTH SPD SPD DIR MIN PSBL S-S WX    SPD DR
================================================================================

 1  56  37  47   3  18   0    T    M    M 11.8 38 210   M    M   7        48 210
 2  46  31  39  -5  26   0 0.04    M    M  9.2 28 270   M    M   8 1      34 270
 3  50  29  40  -4  25   0 0.00    M    M 10.0 22 310   M    M   5        29 290
 4  53  23  38  -7  27   0 0.00    M    M  7.3 23 270   M    M   3        29 270
 5  54  32  43  -2  22   0    T    M    M  6.0 24 180   M    M   5        31 240
 6  54  31  43  -2  22   0    T    M    M  4.9 25 320   M    M   6        29 320
 7  55  32  44  -2  21   0 0.01    M    M  7.8 23 300   M    M   6        27 300
 8  67  28  48   2  17   0 0.00    M    M  4.3 15 260   M    M   0        18 270
 9  72  32  52   6  13   0 0.00    M    M  6.9 30 250   M    M   0 8      36 260
10  73  41  57  11   8   0 0.00    M    M  7.1 32 260   M    M   1        39 260
11  75  33  54   7  11   0 0.00    M    M  6.7 25 240   M    M   0        33 220
12  72  38  55   8  10   0 0.08    M    M  8.2 36 240   M    M   2 3      44 230
13  46  27  37 -10  28   0 0.43    M    M 13.8 29 300   M    M   8 1      38 300
14  46  22  34 -14  31   0 0.00    M    M  6.7 22 320   M    M   1        26 310
15  62  24  43  -5  22   0 0.00    M    M  6.3 25 280   M    M   0        31 280
16  58  34  46  -2  19   0 0.00    M    M  5.7 14 270   M    M   2        23 290
17  65  28  47  -1  18   0 0.00    M    M  7.1 24 270   M    M   1        32 270
================================================================================
SM 1004  522       338   0  0.56    M    129.8          M       55
================================================================================
AV 59.1 30.7                               7.6 FASTST   M    M   3    MAX(MPH)
                                 MISC ---->  # 38 210               # 48  210
================================================================================
NOTES:
# LAST OF SEVERAL OCCURRENCES

COLUMN 17 PEAK WIND IN M.P.H.

PRELIMINARY LOCAL CLIMATOLOGICAL DATA (WS FORM: F-6) , PAGE 2

                                          STATION:  RIFLE CO
                                          MONTH:    APRIL
                                          YEAR:     2014
                                          LATITUDE:   39 31 N
                                          LONGITUDE: 107 43 W

[TEMPERATURE DATA]      [PRECIPITATION DATA]       SYMBOLS USED IN COLUMN 16

AVERAGE MONTHLY: 44.9   TOTAL FOR MONTH:   0.56    1 = FOG OR MIST
DPTR FM NORMAL:  -1.2   DPTR FM NORMAL:   -0.11    2 = FOG REDUCING VISIBILITY
HIGHEST:    75 ON 11    GRTST 24HR  0.51 ON 12-13      TO 1/4 MILE OR LESS
LOWEST:     22 ON 14                               3 = THUNDER
                        SNOW, ICE PELLETS, HAIL    4 = ICE PELLETS
                        TOTAL MONTH:    M          5 = HAIL
                        GRTST 24HR    M  ON   M    6 = FREEZING RAIN OR DRIZZLE
                        GRTST DEPTH:  M  ON   M    7 = DUSTSTORM OR SANDSTORM:
                                                       VSBY 1/2 MILE OR LESS
                                                   8 = SMOKE OR HAZE
[NO. OF DAYS WITH]      [WEATHER - DAYS WITH]      9 = BLOWING SNOW
                                                   X = TORNADO
MAX 32 OR BELOW:   0    0.01 INCH OR MORE:   4
MAX 90 OR ABOVE:   0    0.10 INCH OR MORE:   1
MIN 32 OR BELOW:  12    0.50 INCH OR MORE:   0
MIN  0 OR BELOW:   0    1.00 INCH OR MORE:   0

[HDD (BASE 65) ]
TOTAL THIS MO.   338    CLEAR  (SCALE 0-3)  10
DPTR FM NORMAL    17    PTCLDY (SCALE 4-7)   5
TOTAL FM JUL 1  6274    CLOUDY (SCALE 8-10)  2
DPTR FM NORMAL   169

[CDD (BASE 65) ]
TOTAL THIS MO.     0
DPTR FM NORMAL     0    [PRESSURE DATA]
TOTAL FM JAN 1     0    HIGHEST SLP M ON M
DPTR FM NORMAL     0    LOWEST  SLP 29.46 ON 13

[REMARKS]
