000
CXUS55 KRIW 240945
CF6RKS
PRELIMINARY LOCAL CLIMATOLOGICAL DATA (WS FORM: F-6)

                                          STATION:   ROCK SPRINGS WY
                                          MONTH:     JUNE
                                          YEAR:      2017
                                          LATITUDE:   41 35 N
                                          LONGITUDE: 109  4 W

  TEMPERATURE IN F:       :PCPN:    SNOW:  WIND      :SUNSHINE: SKY     :PK WND
================================================================================
1   2   3   4   5  6A  6B    7    8   9   10  11  12  13   14  15   16   17  18
                                     12Z  AVG MX 2MIN
DY MAX MIN AVG DEP HDD CDD  WTR  SNW DPTH SPD SPD DIR MIN PSBL S-S WX    SPD DR
================================================================================

 1  75  46  61   5   4   0 0.01  0.0    0  7.3 29 260   M    M   3 3      33 260
 2  73  48  61   5   4   0 0.00  0.0    0 10.9 22 290   M    M   2        30 280
 3  78  42  60   4   5   0 0.00  0.0    0  5.0 17 240   M    M   0        21 230
 4  84  48  66   9   0   1 0.00    M    M  5.5 24 180   M    M   1        29 180
 5  82  53  68  11   0   3    T    M    M  8.7 20 280   M    M   1        26 270
 6  81  52  67  10   0   2    T    M    M  9.9 31  70   M    M   2 3      37  80
 7  83  48  66   8   0   1    T    M    M  9.4 31 210   M    M   1 3      38 210
 8  84  53  69  11   0   4 0.00    M    M  9.2 24 200   M    M   0        28 210
 9  83  52  68  10   0   3 0.00  0.0    M 14.0 35 210   M    M   0        46 200
10  78  42  60   1   5   0    T    M    M  8.8 22 320   M    M   1        28 280
11  82  48  65   6   0   0 0.00  0.0    M 12.1 28 200   M    M   1        34 220
12  77  38  58  -1   7   0    T    M    M 16.4 44 280   M    M   1 8      54 270
13  53  32  43 -17  22   0    T    M    M 16.3 39 260   M    M   5 1      49 270
14  70  37  54  -6  11   0 0.00  0.0    M 15.1 33 260   M    M   0        41 260
15  79  44  62   2   3   0 0.00  0.0    0 11.2 32 280   M    M   0        43 310
16  79  51  65   4   0   0    T  0.0    0 21.0 41 260   M    M   0        51 270
17  72  53  63   2   2   0 0.00  0.0    0 19.7 36 280   M    M   4        46 260
18  77  44  61  -1   4   0 0.00  0.0    0 12.7 30 270   M    M   1        40 270
19  83  50  67   5   0   2 0.00  0.0    0  6.5 20 250   M    M   0        24 280
20  89  55  72  10   0   7    T  0.0    0 13.8 26 280   M    M   0        34 290
21  90  56  73  10   0   8 0.01    M    M 12.1 35 250   M    M   1        43 260
22  82  53  68   5   0   3 0.00    M    M 15.7 32 290   M    M   0        40 280
23  77  44  61  -2   4   0 0.00    M    M 12.8 24  40   M    M   0        29 300
================================================================================
SM 1811 1089        71  34  0.02     0.0 274.1          M       24
================================================================================
AV 78.7 47.4                              11.9 FASTST   M    M   1    MAX(MPH)
                                 MISC ---->  # 44 280               # 54  270
================================================================================
NOTES:
# LAST OF SEVERAL OCCURRENCES

COLUMN 17 PEAK WIND IN M.P.H.

PRELIMINARY LOCAL CLIMATOLOGICAL DATA (WS FORM: F-6) , PAGE 2

                                          STATION:  ROCK SPRINGS WY
                                          MONTH:    JUNE
                                          YEAR:     2017
                                          LATITUDE:   41 35 N
                                          LONGITUDE: 109  4 W

[TEMPERATURE DATA]      [PRECIPITATION DATA]       SYMBOLS USED IN COLUMN 16

AVERAGE MONTHLY: 63.0   TOTAL FOR MONTH:   0.02    1 = FOG OR MIST
DPTR FM NORMAL:   3.6   DPTR FM NORMAL:   -0.63    2 = FOG REDUCING VISIBILITY
HIGHEST:    90 ON 21    GRTST 24HR  0.01 ON 21-21      TO 1/4 MILE OR LESS
LOWEST:     32 ON 13                               3 = THUNDER
                        SNOW, ICE PELLETS, HAIL    4 = ICE PELLETS
                        TOTAL MONTH:   0.0 INCH    5 = HAIL
                        GRTST 24HR     0.0         6 = FREEZING RAIN OR DRIZZLE
                        GRTST DEPTH:   0           7 = DUSTSTORM OR SANDSTORM:
                                                       VSBY 1/2 MILE OR LESS
                                                   8 = SMOKE OR HAZE
[NO. OF DAYS WITH]      [WEATHER - DAYS WITH]      9 = BLOWING SNOW
                                                   X = TORNADO
MAX 32 OR BELOW:   0    0.01 INCH OR MORE:   2
MAX 90 OR ABOVE:   1    0.10 INCH OR MORE:   0
MIN 32 OR BELOW:   1    0.50 INCH OR MORE:   0
MIN  0 OR BELOW:   0    1.00 INCH OR MORE:   0

[HDD (BASE 65) ]
TOTAL THIS MO.    71    CLEAR  (SCALE 0-3)  21
DPTR FM NORMAL   -76    PTCLDY (SCALE 4-7)   2
TOTAL FM JUL 1  7686    CLOUDY (SCALE 8-10)  0
DPTR FM NORMAL  -436

[CDD (BASE 65) ]
TOTAL THIS MO.    34
DPTR FM NORMAL    17    [PRESSURE DATA]
TOTAL FM JAN 1    34    HIGHEST SLP M ON M
DPTR FM NORMAL    16    LOWEST  SLP 29.58 ON 12

[REMARKS]
