000
CXUS56 KSGX 291445
CF6RNM
PRELIMINARY LOCAL CLIMATOLOGICAL DATA (WS FORM: F-6)

                                          STATION:   RAMONA AIRPORT CA
                                          MONTH:     JUNE
                                          YEAR:      2015
                                          LATITUDE:   33  2 N
                                          LONGITUDE: 116 55 W

  TEMPERATURE IN F:       :PCPN:    SNOW:  WIND      :SUNSHINE: SKY     :PK WND
================================================================================
1   2   3   4   5  6A  6B    7    8   9   10  11  12  13   14  15   16   17  18
                                     12Z  AVG MX 2MIN
DY MAX MIN AVG DEP HDD CDD  WTR  SNW DPTH SPD SPD DIR MIN PSBL S-S WX    SPD DR
================================================================================

 1  84  50  67   3   0   2 0.00  0.0    0  5.4 15 290   M    M   4 128    23 230
 2  81  45  63  -1   2   0 0.00  0.0    0  5.2 16 260   M    M   0 12     22 270
 3  76  51  64   0   1   0 0.00  0.0    0  5.7 15 280   M    M   5 12     20 260
 4  72  54  63  -2   2   0 0.00  0.0    0  5.9 15 190   M    M   5        23 170
 5  72  53  63  -2   2   0 0.00  0.0    0  6.1 18 260   M    M   5        22 250
 6  78  50  64  -1   1   0 0.00  0.0    0  5.5 15 270   M    M   3 1      20 300
 7  87  52  70   5   0   5 0.00  0.0    0  4.9 15 290   M    M   3 12     19 270
 8 100  52  76  11   0  11 0.00  0.0    0  5.8 17 300   M    M   1        23 320
 9  91  61  76  10   0  11    T  0.0    0  4.3 17  60   M    M   7        23  70
10  79  59  69   3   0   4 0.00  0.0    0  6.0 17 280   M    M   4 18     22 280
11  76  59  68   2   0   3 0.00  0.0    0  6.5 15 270   M    M   6 1      19 270
12  78  59  69   3   0   4 0.00  0.0    0  5.4 16 280   M    M   6 18     20 280
13  76  58  67   1   0   2 0.00  0.0    0  5.9 13 270   M    M   7 128    19 320
14  85  57  71   4   0   6 0.00  0.0    0  5.8 14 270   M    M   3 18     19 290
15  93  57  75   8   0  10 0.00  0.0    0  6.0 15 270   M    M   3 12     20 280
16  89  50  70   3   0   5 0.00  0.0    0  5.8 14 280   M    M   2 12     18 300
17  90  52  71   4   0   6 0.00  0.0    0  5.0 15 300   M    M   0 18     18 290
18  95  53  74   6   0   9 0.00  0.0    0  5.3 16 270   M    M   0        20 270
19  99  50  75   7   0  10 0.00  0.0    0  5.7 16 290   M    M   0        20 280
20  94  51  73   5   0   8 0.00  0.0    0  6.1 15 280   M    M   0        21 280
21  88  50  69   1   0   4 0.00  0.0    0  5.8 15 300   M    M   0 1      34 330
22  93  54  74   6   0   9 0.00  0.0    0  5.1 16 280   M    M   0        20 320
23  93  53  73   4   0   8 0.00  0.0    0  5.1 15 270   M    M   0        27 330
24  93  52  73   4   0   8 0.00  0.0    0  5.2 15 270   M    M   0 8      23 250
25  91  52  72   3   0   7 0.00  0.0    0  5.7 15 300   M    M   0 18     21 280
26  91  57  74   5   0   9 0.00  0.0    0  6.7 15 290   M    M   0 1      18 290
27  91  56  74   5   0   9    T  0.0    0  3.5 18 320   M    M   0 1      23 330
28  93  66  80  10   0  15 0.00  0.0    0  5.3 15 310   M    M   0        19 310
================================================================================
SM 2428 1513         8 165    T      0.0 154.7          M       64
================================================================================
AV 86.7 54.0                               5.5 FASTST   M    M   2    MAX(MPH)
                                 MISC ---->  # 18 260               # 34  330
================================================================================
NOTES:
# LAST OF SEVERAL OCCURRENCES

COLUMN 17 PEAK WIND IN M.P.H.

PRELIMINARY LOCAL CLIMATOLOGICAL DATA (WS FORM: F-6) , PAGE 2

                                          STATION:  RAMONA AIRPORT CA
                                          MONTH:    JUNE
                                          YEAR:     2015
                                          LATITUDE:   33  2 N
                                          LONGITUDE: 116 55 W

[TEMPERATURE DATA]      [PRECIPITATION DATA]       SYMBOLS USED IN COLUMN 16

AVERAGE MONTHLY: 70.4   TOTAL FOR MONTH:      T    1 = FOG OR MIST
DPTR FM NORMAL:   3.6   DPTR FM NORMAL:   -0.12    2 = FOG REDUCING VISIBILITY
HIGHEST:   100 ON  8    GRTST 24HR    T  ON 27-27      TO 1/4 MILE OR LESS
LOWEST:     45 ON  2                               3 = THUNDER
                        SNOW, ICE PELLETS, HAIL    4 = ICE PELLETS
                        TOTAL MONTH:   0.0 INCH    5 = HAIL
                        GRTST 24HR     0.0         6 = FREEZING RAIN OR DRIZZLE
                        GRTST DEPTH:   0           7 = DUSTSTORM OR SANDSTORM:
                                                       VSBY 1/2 MILE OR LESS
                                                   8 = SMOKE OR HAZE
[NO. OF DAYS WITH]      [WEATHER - DAYS WITH]      9 = BLOWING SNOW
                                                   X = TORNADO
MAX 32 OR BELOW:   0    0.01 INCH OR MORE:   0
MAX 90 OR ABOVE:  14    0.10 INCH OR MORE:   0
MIN 32 OR BELOW:   0    0.50 INCH OR MORE:   0
MIN  0 OR BELOW:   0    1.00 INCH OR MORE:   0

[HDD (BASE 65) ]
TOTAL THIS MO.     8    CLEAR  (SCALE 0-3)  18
DPTR FM NORMAL   -18    PTCLDY (SCALE 4-7)  10
TOTAL FM JUL 1  1729    CLOUDY (SCALE 8-10)  0
DPTR FM NORMAL  -821

[CDD (BASE 65) ]
TOTAL THIS MO.   165
DPTR FM NORMAL    90    [PRESSURE DATA]
TOTAL FM JAN 1   200    HIGHEST SLP M ON M
DPTR FM NORMAL    98    LOWEST  SLP 29.73 ON 14

[REMARKS]
