000
CXUS51 KBUF 270222
CF6ROC
PRELIMINARY LOCAL CLIMATOLOGICAL DATA (WS FORM: F-6)

                                          STATION:   ROCHESTER NY
                                          MONTH:     JANUARY
                                          YEAR:      2015
                                          LATITUDE:   43  7 N
                                          LONGITUDE:  77 40 W

  TEMPERATURE IN F:       :PCPN:    SNOW:  WIND      :SUNSHINE: SKY     :PK WND
================================================================================
1   2   3   4   5  6A  6B    7    8   9   10  11  12  13   14  15   16   17  18
                                     12Z  AVG MX 2MIN
DY MAX MIN AVG DEP HDD CDD  WTR  SNW DPTH SPD SPD DIR MIN PSBL S-S WX    SPD DR
================================================================================

 1  32  15  24  -2  41   0 0.03  0.4    3 16.7 31 230   M    M  10 189    39 230
 2  32  20  26   0  39   0    T    T    1 10.9 24 270   M    M   8        32 280
 3  42  20  31   5  34   0 0.51    T    1  9.9 20 190   M    M   9 146    28 190
 4  57  31  44  18  21   0 0.13  0.1    0 16.9 40 250   M    M   9 1      57 240
 5  31  10  21  -4  44   0 0.01  0.3    T 18.8 31 280   M    M   5 9      43 280
 6  19  12  16  -9  49   0 0.06  1.0    1 11.1 17 240   M    M   9 18     21 250
 7  17   3  10 -15  55   0 0.09  2.3    1 16.5 31 310   M    M   8 189    41 320
 8  17   3  10 -15  55   0    T  0.1    2 17.0 29 240   M    M   8 189    38 230
 9  23  13  18  -7  47   0 0.06  1.1    2 16.6 30 260   M    M   6 19     38 260
10  17   7  12 -13  53   0    T  0.1    2 14.3 26 230   M    M   6 89     31 230
11  33  12  23  -2  42   0    T  0.1    1  7.5 18 240   M    M   9 1      24 200
12  33  18  26   1  39   0 0.24  3.4    1  8.4 21  30   M    M  10 1      28 350
13  17   0   9 -15  56   0 0.04  1.0    4  7.5 20  30   M    M   7 19     24  20
14  24  -9   8 -16  57   0 0.00  0.0    3  4.1 13 260   M    M   2        16 260
15  30   5  18  -6  47   0    T    T    3  9.3 26 240   M    M   9        36 250
16  30   4  17  -7  48   0 0.16  2.2    3 14.5 26 250   M    M   8 1289   35 310
17  34  -4  15  -9  50   0 0.00  0.0    2  7.6 23 190   M    M   5 18     32 190
18  41  33  37  13  28   0 0.02    T    2 11.5 20 260   M    M   7        27 260
19  35  23  29   5  36   0 0.01  0.2    T 12.2 24 290   M    M   9 1      32 290
20  23   6  15  -9  50   0 0.01  0.4    1  5.8 12 290   M    M   7 1      14 300
21  25   3  14 -10  51   0 0.00  0.0    1  4.5 10 150   M    M   6        13 150
22  30  17  24   0  41   0 0.00  0.0    1  7.2 15 260   M    M   6        20 280
23  33  19  26   2  39   0    T    T    1 11.1 24 250   M    M   7        31 250
24  33  17  25   1  40   0    T  0.1    1 10.2 20 260   M    M   9 168    27 260
25  34   7  21  -3  44   0    T    T    T  8.1 23 320   M    M   7 8      33 300
================================================================================
SM  742  285      1106   0  1.37    12.8 278.2          M      186
================================================================================
AV 29.7 11.4                              11.1 FASTST   M    M   7    MAX(MPH)
                                 MISC ---->  # 40 250               # 57  240
================================================================================
NOTES:
# LAST OF SEVERAL OCCURRENCES

COLUMN 17 PEAK WIND IN M.P.H.

PRELIMINARY LOCAL CLIMATOLOGICAL DATA (WS FORM: F-6) , PAGE 2

                                          STATION:  ROCHESTER NY
                                          MONTH:    JANUARY
                                          YEAR:     2015
                                          LATITUDE:   43  7 N
                                          LONGITUDE:  77 40 W

[TEMPERATURE DATA]      [PRECIPITATION DATA]       SYMBOLS USED IN COLUMN 16

AVERAGE MONTHLY: 20.5   TOTAL FOR MONTH:   1.37    1 = FOG OR MIST
DPTR FM NORMAL:  -4.1   DPTR FM NORMAL:   -0.61    2 = FOG REDUCING VISIBILITY
HIGHEST:    57 ON  4    GRTST 24HR  0.63 ON  3- 4      TO 1/4 MILE OR LESS
LOWEST:     -9 ON 14                               3 = THUNDER
                        SNOW, ICE PELLETS, HAIL    4 = ICE PELLETS
                        TOTAL MONTH:  12.8 INCHES  5 = HAIL
                        GRTST 24HR   3.4 ON   M    6 = FREEZING RAIN OR DRIZZLE
                        GRTST DEPTH:   4 ON 13     7 = DUSTSTORM OR SANDSTORM:
                                                       VSBY 1/2 MILE OR LESS
                                                   8 = SMOKE OR HAZE
[NO. OF DAYS WITH]      [WEATHER - DAYS WITH]      9 = BLOWING SNOW
                                                   X = TORNADO
MAX 32 OR BELOW:  15    0.01 INCH OR MORE:  13
MAX 90 OR ABOVE:   0    0.10 INCH OR MORE:   4
MIN 32 OR BELOW:  24    0.50 INCH OR MORE:   1
MIN  0 OR BELOW:   3    1.00 INCH OR MORE:   0

[HDD (BASE 65) ]
TOTAL THIS MO.  1106    CLEAR  (SCALE 0-3)   1
DPTR FM NORMAL    98    PTCLDY (SCALE 4-7)  15
TOTAL FM JUL 1  3326    CLOUDY (SCALE 8-10)  9
DPTR FM NORMAL  -135

[CDD (BASE 65) ]
TOTAL THIS MO.     0
DPTR FM NORMAL     0    [PRESSURE DATA]
TOTAL FM JAN 1     0    HIGHEST SLP M ON M
DPTR FM NORMAL     0    LOWEST  SLP 29.49 ON 24

[REMARKS]
