778
CXUS53 KGRB 190730
CF6RRL
PRELIMINARY LOCAL CLIMATOLOGICAL DATA (WS FORM: F-6)

                                          STATION:   MERRILL MUNICIPAL AI
                                          MONTH:     SEPTEMBER
                                          YEAR:      2016
                                          LATITUDE:   45 10 N
                                          LONGITUDE:  89 42 W

  TEMPERATURE IN F:       :PCPN:    SNOW:  WIND      :SUNSHINE: SKY     :PK WND
================================================================================
1   2   3   4   5  6A  6B    7    8   9   10  11  12  13   14  15   16   17  18
                                     12Z  AVG MX 2MIN
DY MAX MIN AVG DEP HDD CDD  WTR  SNW DPTH SPD SPD DIR MIN PSBL S-S WX    SPD DR
================================================================================

 1  68  45  57   M   8   0 0.00  0.0    0  3.3 12  40   M    M   5 18     16  70
 2  74  37  56   M   9   0 0.00  0.0    0  2.2  8 180   M    M   1 1       M  M
 3  74  39  57   M   8   0 0.00  0.0    0  3.3 10 210   M    M   3 12     17 210
 4  77  45  61   M   4   0 0.00  0.0    0  5.0 14 210   M    M   4 1      20 200
 5  78  60  69   M   0   4 0.00  0.0    0  5.7 13 180   M    M   5        21 180
 6  77  67  72   M   0   7 0.03  0.0    0  4.3 12 140   M    M   6 13     16 200
 7  73  62  68   M   0   3 0.03  0.0    0  1.8  8 130   M    M   9 123     M  M
 8  76  51  64   M   1   0 0.01  0.0    0  6.2 18 270   M    M   4 12     22 270
 9  68  48  58   M   7   0 0.01    M    0  2.9  8 260   M    M   4 1      16 170
10  66  42  54   M  11   0 0.00  0.0    0  5.1 14 310   M    M   7 12     20 310
11  73  37  55   M  10   0 0.01    M    0  5.6 16 230   M    M   3 1      21 210
12  77  49  63   M   2   0 0.00  0.0    0  7.7 14 200   M    M   2        23 210
13  69  49  59   M   6   0 0.01    M    0  5.1 13 340   M    M   7        17  20
14  68  39  54   M  11   0 0.00  0.0    0  1.1  6 250   M    M   1 1       M  M
15  74  40  57   M   8   0 0.00  0.0    0  4.9 13 150   M    M   5 12     18 190
16  73  59  66   M   0   1 0.01  0.0    0  2.8  9 140   M    M   7 1       M  M
17  70  56  63   M   2   0 0.00  0.0    0  6.2 16 300   M    M   8 1      22 290
18  76  46  61   M   4   0 0.01    M    0  4.1  9 210   M    M   3 12     16 210
================================================================================
SM 1311  871        91  15  0.12     0.0  77.3          M       84
================================================================================
AV 72.8 48.4                               4.3 FASTST   M    M   5    MAX(MPH)
                                 MISC ---->    18   M               # 23  210
================================================================================
NOTES:
# LAST OF SEVERAL OCCURRENCES

COLUMN 17 PEAK WIND IN M.P.H.

PRELIMINARY LOCAL CLIMATOLOGICAL DATA (WS FORM: F-6) , PAGE 2

                                          STATION:  MERRILL MUNICIPAL AI
                                          MONTH:    SEPTEMBER
                                          YEAR:     2016
                                          LATITUDE:   45 10 N
                                          LONGITUDE:  89 42 W

[TEMPERATURE DATA]      [PRECIPITATION DATA]       SYMBOLS USED IN COLUMN 16

AVERAGE MONTHLY: 60.6   TOTAL FOR MONTH:   0.12    1 = FOG OR MIST
DPTR FM NORMAL:     M   DPTR FM NORMAL:       M    2 = FOG REDUCING VISIBILITY
HIGHEST:    78 ON  5    GRTST 24HR  0.03 ON  7- 7      TO 1/4 MILE OR LESS
LOWEST:     37 ON 11, 2                            3 = THUNDER
                        SNOW, ICE PELLETS, HAIL    4 = ICE PELLETS
                        TOTAL MONTH:   0.0 INCH    5 = HAIL
                        GRTST 24HR     0.0         6 = FREEZING RAIN OR DRIZZLE
                        GRTST DEPTH:   0           7 = DUSTSTORM OR SANDSTORM:
                                                       VSBY 1/2 MILE OR LESS
                                                   8 = SMOKE OR HAZE
[NO. OF DAYS WITH]      [WEATHER - DAYS WITH]      9 = BLOWING SNOW
                                                   X = TORNADO
MAX 32 OR BELOW:   0    0.01 INCH OR MORE:   8
MAX 90 OR ABOVE:   0    0.10 INCH OR MORE:   0
MIN 32 OR BELOW:   0    0.50 INCH OR MORE:   0
MIN  0 OR BELOW:   0    1.00 INCH OR MORE:   0

[HDD (BASE 65) ]
TOTAL THIS MO.    91    CLEAR  (SCALE 0-3)   6
DPTR FM NORMAL     M    PTCLDY (SCALE 4-7)  11
TOTAL FM JUL 1   153    CLOUDY (SCALE 8-10)  1
DPTR FM NORMAL     M

[CDD (BASE 65) ]
TOTAL THIS MO.    15
DPTR FM NORMAL     M    [PRESSURE DATA]
TOTAL FM JAN 1   305    HIGHEST SLP M ON M
DPTR FM NORMAL   305    LOWEST  SLP M ON M

[REMARKS]
