000
CXUS53 KARX 160930
CF6RST
PRELIMINARY LOCAL CLIMATOLOGICAL DATA (WS FORM: F-6)

                                          STATION:   ROCHESTER MN
                                          MONTH:     JANUARY
                                          YEAR:      2018
                                          LATITUDE:   43 55 N
                                          LONGITUDE:  92 30 W

  TEMPERATURE IN F:       :PCPN:    SNOW:  WIND      :SUNSHINE: SKY     :PK WND
================================================================================
1   2   3   4   5  6A  6B    7    8   9   10  11  12  13   14  15   16   17  18
                                     12Z  AVG MX 2MIN
DY MAX MIN AVG DEP HDD CDD  WTR  SNW DPTH SPD SPD DIR MIN PSBL S-S WX    SPD DR
================================================================================

 1  -5 -17 -11 -27  76   0 0.00  0.0    4 11.6 16 300   M    M   0        21 300
 2  13 -15  -1 -17  66   0 0.01  0.1    4 17.8 32 220   M    M   2 18     42 220
 3  11  -8   2 -14  63   0    T    T    3 14.4 23 320   M    M   1 18     30 320
 4   3  -9  -3 -19  68   0 0.00  0.0    3  5.8 10 320   M    M   7        11  10
 5   3 -14  -5 -21  70   0 0.00  0.0    3  7.2 10 330   M    M   0        14 320
 6   9 -18  -4 -20  69   0 0.00  0.0    3 13.1 31 170   M    M   2        39 170
 7  30   9  20   4  45   0    T    T    3 17.2 29 170   M    M   7        39 180
 8  36  22  29  13  36   0 0.00  0.0    2 10.7 22 300   M    M   1        26 310
 9  40  23  32  16  33   0 0.00  0.0    2 14.8 24 150   M    M   1 1      34 170
10  37  30  34  18  31   0    T  0.0    1 16.4 26 170   M    M  10 1      35 170
11  37   2  20   5  45   0 0.33  3.6    1 21.2 29 330   M    M   9 12689  38 320
12   3  -9  -3 -18  68   0 0.00  0.0    3 14.3 26 340   M    M   0        33 340
13   1 -13  -6 -21  71   0 0.00  0.0    3  6.9 12 320   M    M   0        14 310
14  17 -13   2 -13  63   0 0.12  3.1    3 14.1 23 170   M    M   7 1      31 180
15  10  -1   5 -10  60   0 0.02  0.7    5 20.9 28 320   M    M  10 189    36 310
================================================================================
SM  245  -31       864   0  0.48     7.5 206.4          M       57
================================================================================
AV 16.3 -2.1                              13.8 FASTST   M    M   4    MAX(MPH)
                                 MISC ---->  # 32 220               # 42  220
================================================================================
NOTES:
# LAST OF SEVERAL OCCURRENCES

COLUMN 17 PEAK WIND IN M.P.H.

PRELIMINARY LOCAL CLIMATOLOGICAL DATA (WS FORM: F-6) , PAGE 2

                                          STATION:  ROCHESTER MN
                                          MONTH:    JANUARY
                                          YEAR:     2018
                                          LATITUDE:   43 55 N
                                          LONGITUDE:  92 30 W

[TEMPERATURE DATA]      [PRECIPITATION DATA]       SYMBOLS USED IN COLUMN 16

AVERAGE MONTHLY:  7.1   TOTAL FOR MONTH:   0.48    1 = FOG OR MIST
DPTR FM NORMAL:  -8.5   DPTR FM NORMAL:    0.07    2 = FOG REDUCING VISIBILITY
HIGHEST:    40 ON  9    GRTST 24HR  0.33 ON 11-11      TO 1/4 MILE OR LESS
LOWEST:    -18 ON  6                               3 = THUNDER
                        SNOW, ICE PELLETS, HAIL    4 = ICE PELLETS
                        TOTAL MONTH:   7.5 INCHES  5 = HAIL
                        GRTST 24HR   3.6 ON 11-11  6 = FREEZING RAIN OR DRIZZLE
                        GRTST DEPTH:   5 ON 15     7 = DUSTSTORM OR SANDSTORM:
                                                       VSBY 1/2 MILE OR LESS
                                                   8 = SMOKE OR HAZE
[NO. OF DAYS WITH]      [WEATHER - DAYS WITH]      9 = BLOWING SNOW
                                                   X = TORNADO
MAX 32 OR BELOW:  11    0.01 INCH OR MORE:   4
MAX 90 OR ABOVE:   0    0.10 INCH OR MORE:   2
MIN 32 OR BELOW:  15    0.50 INCH OR MORE:   0
MIN  0 OR BELOW:  10    1.00 INCH OR MORE:   0

[HDD (BASE 65) ]
TOTAL THIS MO.   864    CLEAR  (SCALE 0-3)   9
DPTR FM NORMAL   123    PTCLDY (SCALE 4-7)   3
TOTAL FM JUL 1  3894    CLOUDY (SCALE 8-10)  3
DPTR FM NORMAL    75

[CDD (BASE 65) ]
TOTAL THIS MO.     0
DPTR FM NORMAL     0    [PRESSURE DATA]
TOTAL FM JAN 1     0    HIGHEST SLP M ON M
DPTR FM NORMAL     0    LOWEST  SLP 29.58 ON 10

[REMARKS]
