000
CXUS54 KTSA 230940
CF6RVS
PRELIMINARY LOCAL CLIMATOLOGICAL DATA (WS FORM: F-6)

                                          STATION:   TULSA-RIVERSIDE  OKLAHOMA
                                          MONTH:     NOVEMBER
                                          YEAR:      2014
                                          LATITUDE:   36  2 N
                                          LONGITUDE:  95 59 W

  TEMPERATURE IN F:       :PCPN:    SNOW:  WIND      :SUNSHINE: SKY     :PK WND
================================================================================
1   2   3   4   5  6A  6B    7    8   9   10  11  12  13   14  15   16   17  18
                                     12Z  AVG MX 2MIN
DY MAX MIN AVG DEP HDD CDD  WTR  SNW DPTH SPD SPD DIR MIN PSBL S-S WX    SPD DR
================================================================================

 1  57  27  42 -14  23   0 0.00  0.0    0  6.5 13 120   M    M   1        16 120
 2  63  42  53  -2  12   0    T  0.0    0 12.9 22 180   M    M   0        30 180
 3  70  50  60   5   5   0 0.02  0.0    0  9.5 21 190   M    M   8 38     30 190
 4  61  45  53  -2  12   0 0.95  0.0    0  3.8 15  10   M    M   7 13     20 360
 5  60  39  50  -4  15   0 0.00  0.0    0  0.5  7 280   M    M   0 1      10 260
 6  66  37  52  -2  13   0 0.00  0.0    0  4.4 16  10   M    M   0        22  40
 7  68  32  50  -4  15   0 0.00  0.0    0  7.1 21 180   M    M   0        28 200
 8  60  34  47  -6  18   0 0.00  0.0    0  5.7 21  20   M    M   0        27  10
 9  72  31  52  -1  13   0 0.00  0.0    0  7.3 21 190   M    M   0 1      28 200
10  79  43  61   9   4   0 0.00  0.0    0 14.3 29 190   M    M   0        38 200
11  43  30  37 -15  28   0 0.00  0.0    0 11.0 18 350   M    M   4        31 350
12  33  23  28 -23  37   0 0.00  0.0    0 11.0 17  10   M    M   5        24 350
13  35  20  28 -23  37   0 0.00  0.0    0  5.8 14  10   M    M   4        22  20
14  40  20  30 -20  35   0 0.00  0.0    0  1.8 10 130   M    M   0        13 130
15  41  25  33 -17  32   0    T    M    0  7.6 18 120   M    M   8        23 150
16  38  25  32 -18  33   0 0.05    M    0  6.2 14  10   M    M   9 18     22 360
17  34  16  25 -24  40   0 0.00  0.0    0  4.8 15 350   M    M   0        25 350
18  52  13  33 -16  32   0 0.00  0.0    0  4.0 13 210   M    M   0        16 200
19  59  31  45  -3  20   0 0.00  0.0    0  3.7 10 240   M    M   0        16 220
20  59  25  42  -6  23   0 0.00  0.0    0  4.5 12 120   M    M   0        15 130
21  58  38  48   1  17   0 0.32    M    0  6.9 16 130   M    M   9 1      20 130
22  58  52  55   8  10   0 0.29  0.0    0 10.4 23 180   M    M   9 1      33 180
================================================================================
SM 1206  698       474   0  1.63     0.0 149.7          M       64
================================================================================
AV 54.8 31.7                               6.8 FASTST   M    M   3    MAX(MPH)
                                 MISC ---->  # 29 190               # 38  200
================================================================================
NOTES:
# LAST OF SEVERAL OCCURRENCES

COLUMN 17 PEAK WIND IN M.P.H.

PRELIMINARY LOCAL CLIMATOLOGICAL DATA (WS FORM: F-6) , PAGE 2

                                          STATION:  TULSA-RIVERSIDE  OKLAHOMA
                                          MONTH:    NOVEMBER
                                          YEAR:     2014
                                          LATITUDE:   36  2 N
                                          LONGITUDE:  95 59 W

[TEMPERATURE DATA]      [PRECIPITATION DATA]       SYMBOLS USED IN COLUMN 16

AVERAGE MONTHLY: 43.3   TOTAL FOR MONTH:   1.63    1 = FOG OR MIST
DPTR FM NORMAL:  -8.2   DPTR FM NORMAL:   -0.88    2 = FOG REDUCING VISIBILITY
HIGHEST:    79 ON 10    GRTST 24HR  0.97 ON  3- 4      TO 1/4 MILE OR LESS
LOWEST:     13 ON 18                               3 = THUNDER
                        SNOW, ICE PELLETS, HAIL    4 = ICE PELLETS
                        TOTAL MONTH:   0.0 INCH    5 = HAIL
                        GRTST 24HR     0.0         6 = FREEZING RAIN OR DRIZZLE
                        GRTST DEPTH:   0           7 = DUSTSTORM OR SANDSTORM:
                                                       VSBY 1/2 MILE OR LESS
                                                   8 = SMOKE OR HAZE
[NO. OF DAYS WITH]      [WEATHER - DAYS WITH]      9 = BLOWING SNOW
                                                   X = TORNADO
MAX 32 OR BELOW:   0    0.01 INCH OR MORE:   5
MAX 90 OR ABOVE:   0    0.10 INCH OR MORE:   3
MIN 32 OR BELOW:  13    0.50 INCH OR MORE:   1
MIN  0 OR BELOW:   0    1.00 INCH OR MORE:   0

[HDD (BASE 65) ]
TOTAL THIS MO.   474    CLEAR  (SCALE 0-3)  13
DPTR FM NORMAL   173    PTCLDY (SCALE 4-7)   6
TOTAL FM JUL 1   591    CLOUDY (SCALE 8-10)  3
DPTR FM NORMAL    95

[CDD (BASE 65) ]
TOTAL THIS MO.     0
DPTR FM NORMAL    -1    [PRESSURE DATA]
TOTAL FM JAN 1  2025    HIGHEST SLP M ON M
DPTR FM NORMAL   113    LOWEST  SLP 29.46 ON 10

[REMARKS]
