827
CXUS54 KTSA 170940
CF6RVS
PRELIMINARY LOCAL CLIMATOLOGICAL DATA (WS FORM: F-6)

                                          STATION:   TULSA-RIVERSIDE  OKLAHOMA
                                          MONTH:     DECEMBER
                                          YEAR:      2017
                                          LATITUDE:   36  2 N
                                          LONGITUDE:  95 59 W

  TEMPERATURE IN F:       :PCPN:    SNOW:  WIND      :SUNSHINE: SKY     :PK WND
================================================================================
1   2   3   4   5  6A  6B    7    8   9   10  11  12  13   14  15   16   17  18
                                     12Z  AVG MX 2MIN
DY MAX MIN AVG DEP HDD CDD  WTR  SNW DPTH SPD SPD DIR MIN PSBL S-S WX    SPD DR
================================================================================

 1  59  35  47   4  18   0 0.00  0.0    0  4.0 12 180   M    M   0        17 180
 2  70  39  55  13  10   0 0.00  0.0    0  1.8  8 150   M    M   0        10  80
 3  73  45  59  17   6   0 0.00  0.0    0  6.5 18 180   M    M   0 1      25 180
 4  78  46  62  20   3   0 0.00  0.0    0 14.2 26 190   M    M   5        36 190
 5  48  29  39  -2  26   0 0.00  0.0    0  5.1 15  10   M    M   3        20  10
 6  56  24  40  -1  25   0 0.00  0.0    0  3.1 10 360   M    M   0        16 330
 7  40  19  30 -11  35   0 0.00  0.0    0  7.3 21 360   M    M   0        31  20
 8  45  14  30 -10  35   0 0.00  0.0    0  2.6 13 210   M    M   1        17 180
 9  55  23  39  -1  26   0 0.00  0.0    0  3.5 15 360   M    M   0        23 310
10  65  23  44   4  21   0 0.00  0.0    0  2.2 12 300   M    M   0        19 300
11  69  28  49  10  16   0 0.00  0.0    0  5.2 18 360   M    M   0        31  10
12  49  32  41   2  24   0 0.00  0.0    0  5.1 18 360   M    M   0        29  20
13  67  30  49  10  16   0 0.00  0.0    0  3.8 10 340   M    M   0        16 330
14  50  36  43   5  22   0 0.00  0.0    0  6.0 14  20   M    M   2        21  20
15  51  34  43   5  22   0 0.00  0.0    0  5.1 10 230   M    M   2        15 220
16  63  35  49  11  16   0 0.20    M    0 10.2 28 190   M    M   2 1      35 190
================================================================================
SM  938  492       321   0  0.20     0.0  85.7          M       15
================================================================================
AV 58.6 30.8                               5.4 FASTST   M    M   1    MAX(MPH)
                                 MISC ---->  # 28 190               # 36  190
================================================================================
NOTES:
# LAST OF SEVERAL OCCURRENCES

COLUMN 17 PEAK WIND IN M.P.H.

PRELIMINARY LOCAL CLIMATOLOGICAL DATA (WS FORM: F-6) , PAGE 2

                                          STATION:  TULSA-RIVERSIDE  OKLAHOMA
                                          MONTH:    DECEMBER
                                          YEAR:     2017
                                          LATITUDE:   36  2 N
                                          LONGITUDE:  95 59 W

[TEMPERATURE DATA]      [PRECIPITATION DATA]       SYMBOLS USED IN COLUMN 16

AVERAGE MONTHLY: 44.7   TOTAL FOR MONTH:   0.20    1 = FOG OR MIST
DPTR FM NORMAL:   4.5   DPTR FM NORMAL:   -1.12    2 = FOG REDUCING VISIBILITY
HIGHEST:    78 ON  4    GRTST 24HR  0.20 ON 16-16      TO 1/4 MILE OR LESS
LOWEST:     14 ON  8                               3 = THUNDER
                        SNOW, ICE PELLETS, HAIL    4 = ICE PELLETS
                        TOTAL MONTH:   0.0 INCH    5 = HAIL
                        GRTST 24HR     0.0         6 = FREEZING RAIN OR DRIZZLE
                        GRTST DEPTH:   0           7 = DUSTSTORM OR SANDSTORM:
                                                       VSBY 1/2 MILE OR LESS
                                                   8 = SMOKE OR HAZE
[NO. OF DAYS WITH]      [WEATHER - DAYS WITH]      9 = BLOWING SNOW
                                                   X = TORNADO
MAX 32 OR BELOW:   0    0.01 INCH OR MORE:   1
MAX 90 OR ABOVE:   0    0.10 INCH OR MORE:   1
MIN 32 OR BELOW:   9    0.50 INCH OR MORE:   0
MIN  0 OR BELOW:   0    1.00 INCH OR MORE:   0

[HDD (BASE 65) ]
TOTAL THIS MO.   321    CLEAR  (SCALE 0-3)  15
DPTR FM NORMAL   -76    PTCLDY (SCALE 4-7)   1
TOTAL FM JUL 1   828    CLOUDY (SCALE 8-10)  0
DPTR FM NORMAL  -227

[CDD (BASE 65) ]
TOTAL THIS MO.     0
DPTR FM NORMAL     0    [PRESSURE DATA]
TOTAL FM JAN 1  2121    HIGHEST SLP M ON M
DPTR FM NORMAL   206    LOWEST  SLP 29.70 ON  4

[REMARKS]
