000
CXUS55 KPIH 301200
CF6RXE

PRELIMINARY LOCAL CLIMATOLOGICAL DATA (WS FORM: F-6)

                                          STATION:   REXBURG ID
                                          MONTH:     APRIL
                                          YEAR:      2016
                                          LATITUDE:   43 49 N
                                          LONGITUDE: 111 48 W

  TEMPERATURE IN F:       :PCPN:    SNOW:  WIND      :SUNSHINE: SKY     :PK WND
================================================================================
1   2   3   4   5  6A  6B    7    8   9   10  11  12  13   14  15   16   17  18
                                     12Z  AVG MX 2MIN
DY MAX MIN AVG DEP HDD CDD  WTR  SNW DPTH SPD SPD DIR MIN PSBL S-S WX    SPD DR
================================================================================

 1  57  24  41   1  24   0 0.00    M    M  4.9 12 220   M    M   1        16 220
 2  64  28  46   6  19   0 0.00    M    M  9.8 22 230   M    M   1        29 220
 3  64  32  48   7  17   0 0.00    M    M  8.9 22 200   M    M   5        28 200
 4  55  31  43   2  22   0 0.13    M    M  9.3 29 280   M    M   5 13     37 290
 5  55  28  42   1  23   0 0.00    M    M  9.4 20 220   M    M   1        26 240
 6  61  33  47   5  18   0 0.00    M    M 12.4 23 230   M    M   0        28 210
 7  69  30  50   8  15   0 0.00    M    M  4.8 16 190   M    M   0        21  50
 8  74  31  53  11  12   0 0.00    M    M  4.5 13 220   M    M   0        17 230
 9  71  33  52  10  13   0 0.19    M    M  8.4 30 270   M    M   3 3      43 280
10  63  40  52  10  13   0 0.04    M    M  6.2 17 230   M    M   4 3      22 230
11  67  35  51   8  14   0    T    M    M  8.3 20  20   M    M   3 3      28  30
12  69  37  53  10  12   0 0.01    M    M  8.3 22 280   M    M   2 3      29 180
13  59  45  52   9  13   0 0.07    M    M 16.4 29 200   M    M   3 1      39 230
14  49  37  43   0  22   0 0.22    M    M 14.5 28 220   M    M   6 1      38 210
15  49  33  41  -3  24   0 0.03    M    M  9.3 22  30   M    M   6 1      30 360
16  56  28  42  -2  23   0 0.00    M    M 11.0 20  20   M    M   0        27 360
17  62  31  47   3  18   0 0.00    M    M 11.3 22  20   M    M   1        34  10
18  61  35  48   4  17   0 0.00    M    M  9.0 21  40   M    M   4        29  40
19  69  33  51   6  14   0 0.00    M    M  3.0 13 240   M    M   3        16 240
20  73  34  54   9  11   0 0.00    M    M  4.2 10 240   M    M   0        13  40
21  76  36  56  11   9   0 0.00    M    M  6.3 17 190   M    M   0        24 180
22  76  44  60  15   5   0 0.00    M    M  9.1 28 220   M    M   0 8      37 210
23  61  44  53   7  12   0 0.01    M    M 11.1 22 220   M    M   8        30 210
24  53  42  48   2  17   0 0.08    M    M  9.9 18 210   M    M   9 1      23 210
25  55  34  45  -1  20   0 0.00    M    M 11.0 24  30   M    M   4 3      32  50
26  57  37  47   1  18   0 0.00    M    M  9.3 25  30   M    M   6        31  30
27  58  35  47   0  18   0 0.00    M    M  5.6 16  60   M    M   7        20  60
28  59  28  44  -3  21   0 0.00    M    M  6.8 16  60   M    M   3        22  50
29  52  37  45  -2  20   0 0.17    M    M  4.0 13 230   M    M   9        16 260
================================================================================
SM 1794  995       484   0  0.95    M    247.0          M       94
================================================================================
AV 61.9 34.3                               8.5 FASTST   M    M   3    MAX(MPH)
                                 MISC ---->  # 30 270               # 43  280
================================================================================
NOTES:
# LAST OF SEVERAL OCCURRENCES
PRECIPITATION SUSPECT DURING FREEZING/FROZEN EVENTS

COLUMN 17 PEAK WIND IN M.P.H.

PRELIMINARY LOCAL CLIMATOLOGICAL DATA (WS FORM: F-6) , PAGE 2

                                          STATION:  REXBURG ID
                                          MONTH:    APRIL
                                          YEAR:     2016
                                          LATITUDE:   43 49 N
                                          LONGITUDE: 111 48 W

[TEMPERATURE DATA]      [PRECIPITATION DATA]       SYMBOLS USED IN COLUMN 16

AVERAGE MONTHLY: 48.1   TOTAL FOR MONTH:   0.95    1 = FOG OR MIST
DPTR FM NORMAL:   4.4   DPTR FM NORMAL:   -0.48    2 = FOG REDUCING VISIBILITY
HIGHEST:    76 ON 22,21 GRTST 24HR  0.23 ON  9-10      TO 1/4 MILE OR LESS
LOWEST:     24 ON  1                               3 = THUNDER
                        SNOW, ICE PELLETS, HAIL    4 = ICE PELLETS
                        TOTAL MONTH:    M          5 = HAIL
                        GRTST 24HR    M  ON   M    6 = FREEZING RAIN OR DRIZZLE
                        GRTST DEPTH:  M  ON   M    7 = DUSTSTORM OR SANDSTORM:
                                                       VSBY 1/2 MILE OR LESS
                                                   8 = SMOKE OR HAZE
[NO. OF DAYS WITH]      [WEATHER - DAYS WITH]      9 = BLOWING SNOW
                                                   X = TORNADO
MAX 32 OR BELOW:   0    0.01 INCH OR MORE:  10
MAX 90 OR ABOVE:   0    0.10 INCH OR MORE:   4
MIN 32 OR BELOW:  10    0.50 INCH OR MORE:   0
MIN  0 OR BELOW:   0    1.00 INCH OR MORE:   0

[HDD (BASE 65) ]
TOTAL THIS MO.   484    CLEAR  (SCALE 0-3)  16
DPTR FM NORMAL  -136    PTCLDY (SCALE 4-7)  11
TOTAL FM JUL 1  6918    CLOUDY (SCALE 8-10)  2
DPTR FM NORMAL  -631

[CDD (BASE 65) ]
TOTAL THIS MO.     0
DPTR FM NORMAL     0    [PRESSURE DATA]
TOTAL FM JAN 1     0    HIGHEST SLP M ON M
DPTR FM NORMAL     0    LOWEST  SLP 29.52 ON 22

[REMARKS]
