000
CXUS56 KSGX 271445
CF6SAN
PRELIMINARY LOCAL CLIMATOLOGICAL DATA (WS FORM: F-6)

                                          STATION:   SAN DIEGO/LINDBERGH FIELD CA
                                          MONTH:     FEBRUARY
                                          YEAR:      2015
                                          LATITUDE:   32 43 N
                                          LONGITUDE: 117 10 W

  TEMPERATURE IN F:       :PCPN:    SNOW:  WIND      :SUNSHINE: SKY     :PK WND
================================================================================
1   2   3   4   5  6A  6B    7    8   9   10  11  12  13   14  15   16   17  18
                                     12Z  AVG MX 2MIN
DY MAX MIN AVG DEP HDD CDD  WTR  SNW DPTH SPD SPD DIR MIN PSBL S-S WX    SPD DR
================================================================================

 1  71  53  62   4   3   0 0.00  0.0    0  2.5 12 320   M    M   3        15 300
 2  73  52  63   5   2   0 0.00  0.0    0  2.9 12 300   M    M   4        15 300
 3  70  52  61   3   4   0 0.00  0.0    0  3.6 13 300   M    M   7 128    16 300
 4  66  53  60   2   5   0 0.00  0.0    0  3.6 12 300   M    M   5 128    14 300
 5  71  54  63   5   2   0 0.00  0.0    0  3.2 14 300   M    M   6 128    17 300
 6  74  54  64   6   1   0 0.00  0.0    0  4.0 12 290   M    M   3 18     14 270
 7  70  51  61   3   4   0 0.00  0.0    0  4.5 14 300   M    M   4 18     17 300
 8  71  59  65   7   0   0 0.00  0.0    0  6.5 20 320   M    M   2 18     23 330
 9  69  57  63   5   2   0 0.00  0.0    0  6.3 17 300   M    M   4 18     23 300
10  70  53  62   4   3   0 0.00  0.0    0  3.7 15 300   M    M   2        18 320
11  82  54  68  10   0   3 0.00  0.0    0  3.7 13 320   M    M   3        17 310
12  86  55  71  13   0   6 0.00  0.0    0  4.6 16  80   M    M   1        21 120
13  82  56  69  11   0   4 0.00  0.0    0  3.6 16 310   M    M   1        20 310
14  84  59  72  14   0   7 0.00  0.0    0  3.2 14 310   M    M   3        16 300
15  76  57  67   9   0   2 0.00  0.0    0  3.3 14 320   M    M   3 1      18 310
16  67  57  62   4   3   0 0.00  0.0    0  3.0 10 270   M    M   7 18     14 280
17  66  59  63   5   2   0 0.00  0.0    0  4.3 13 270   M    M   5        17 300
18  67  58  63   5   2   0 0.00  0.0    0  4.7 12 280   M    M   7 18     15 280
19  67  58  63   5   2   0 0.00  0.0    0  3.6 12 300   M    M   8 18     16 310
20  65  61  63   5   2   0 0.00  0.0    0  4.8 10 220   M    M   9        13 230
21  65  61  63   5   2   0 0.00  0.0    0  7.0 13 240   M    M   9        17 220
22  65  61  63   5   2   0 0.14  0.0    0  8.1 25 230   M    M   8 18     32 230
23  66  56  61   3   4   0 0.04  0.0    0  6.7 17 270   M    M   5 1      22 250
24  67  51  59   1   6   0 0.00  0.0    0  4.3 17 300   M    M   2        21 320
25  69  53  61   3   4   0 0.00  0.0    0  3.0 10 210   M    M   3        14 270
26  65  53  59   1   6   0 0.00  0.0    0  4.8 13 200   M    M   4        15 200
================================================================================
SM 1844 1447        61  22  0.18     0.0 113.5          M      118
================================================================================
AV 70.9 55.7                               4.4 FASTST   M    M   5    MAX(MPH)
                                 MISC ---->  # 25 230               # 32  230
================================================================================
NOTES:
# LAST OF SEVERAL OCCURRENCES

COLUMN 17 PEAK WIND IN M.P.H.

PRELIMINARY LOCAL CLIMATOLOGICAL DATA (WS FORM: F-6) , PAGE 2

                                          STATION:  SAN DIEGO/LINDBERGH FIELD CA
                                          MONTH:    FEBRUARY
                                          YEAR:     2015
                                          LATITUDE:   32 43 N
                                          LONGITUDE: 117 10 W

[TEMPERATURE DATA]      [PRECIPITATION DATA]       SYMBOLS USED IN COLUMN 16

AVERAGE MONTHLY: 63.3   TOTAL FOR MONTH:   0.18    1 = FOG OR MIST
DPTR FM NORMAL:   5.3   DPTR FM NORMAL:   -1.93    2 = FOG REDUCING VISIBILITY
HIGHEST:    86 ON 12    GRTST 24HR  0.18 ON 22-23      TO 1/4 MILE OR LESS
LOWEST:     51 ON 24, 7                            3 = THUNDER
                        SNOW, ICE PELLETS, HAIL    4 = ICE PELLETS
                        TOTAL MONTH:   0.0 INCH    5 = HAIL
                        GRTST 24HR     0.0         6 = FREEZING RAIN OR DRIZZLE
                        GRTST DEPTH:   0           7 = DUSTSTORM OR SANDSTORM:
                                                       VSBY 1/2 MILE OR LESS
                                                   8 = SMOKE OR HAZE
[NO. OF DAYS WITH]      [WEATHER - DAYS WITH]      9 = BLOWING SNOW
                                                   X = TORNADO
MAX 32 OR BELOW:   0    0.01 INCH OR MORE:   2
MAX 90 OR ABOVE:   0    0.10 INCH OR MORE:   1
MIN 32 OR BELOW:   0    0.50 INCH OR MORE:   0
MIN  0 OR BELOW:   0    1.00 INCH OR MORE:   0

[HDD (BASE 65) ]
TOTAL THIS MO.    61    CLEAR  (SCALE 0-3)   9
DPTR FM NORMAL  -127    PTCLDY (SCALE 4-7)  14
TOTAL FM JUL 1   337    CLOUDY (SCALE 8-10)  3
DPTR FM NORMAL  -506

[CDD (BASE 65) ]
TOTAL THIS MO.    22
DPTR FM NORMAL    22    [PRESSURE DATA]
TOTAL FM JAN 1    22    HIGHEST SLP M ON M
DPTR FM NORMAL    20    LOWEST  SLP 29.82 ON 26

[REMARKS]
