000
CXUS52 KCHS 260715
CF6SAV
PRELIMINARY LOCAL CLIMATOLOGICAL DATA (WS FORM: F-6)

                                          STATION:   SAVANNAH GA
                                          MONTH:     MARCH
                                          YEAR:      2017
                                          LATITUDE:   32  7 N
                                          LONGITUDE:  81 12 W

  TEMPERATURE IN F:       :PCPN:    SNOW:  WIND      :SUNSHINE: SKY     :PK WND
================================================================================
1   2   3   4   5  6A  6B    7    8   9   10  11  12  13   14  15   16   17  18
                                     12Z  AVG MX 2MIN
DY MAX MIN AVG DEP HDD CDD  WTR  SNW DPTH SPD SPD DIR MIN PSBL S-S WX    SPD DR
================================================================================

 1  86  67  77  21   0  12 0.00  0.0    0 11.9 26 250   M    M   6        36 220
 2  72  46  59   3   6   0 0.10  0.0    0  9.5 21 320   M    M   8 1      27 330
 3  68  39  54  -2  11   0 0.00  0.0    0  7.2 18 290   M    M   1        27 290
 4  62  40  51  -6  14   0 0.00  0.0    0  8.0 17  40   M    M   1        21  40
 5  69  38  54  -3  11   0 0.00  0.0    0  7.0 16 100   M    M   2        26 110
 6  71  54  63   6   2   0 0.00  0.0    0  9.3 20 110   M    M   7        24 110
 7  80  50  65   8   0   0 0.00  0.0    0 10.0 24 180   M    M   4 1      29 170
 8  78  53  66   8   0   1 0.01  0.0    0  7.4 17 300   M    M   6        22 260
 9  78  44  61   3   4   0 0.00  0.0    0  3.7 15  90   M    M   1        18 110
10  80  54  67   9   0   2 0.00  0.0    0 11.6 24 310   M    M   4        34 320
11  65  45  55  -3  10   0 0.00  0.0    0  7.1 17  10   M    M   4        24  10
12  58  39  49  -9  16   0 0.00  0.0    0 10.3 21  20   M    M   9        25  10
13  53  39  46 -13  19   0 0.23  0.0    0  7.9 14 360   M    M  10 1      18  20
14  60  42  51  -8  14   0 0.10  0.0    0 15.6 24 270   M    M   8        36 260
15  51  33  42 -17  23   0 0.00  0.0    0 13.3 23 290   M    M   1        31 290
16  57  26  42 -17  23   0 0.00  0.0    0  5.4 18 280   M    M   0        23 260
17  69  30  50 -10  15   0 0.00  0.0    0  4.7 18 150   M    M   0        22 140
18  80  48  64   4   1   0 0.00  0.0    0 11.6 28 290   M    M   4        35 280
19  69  45  57  -3   8   0 0.00  0.0    0  8.4 23  10   M    M   0        30  30
20  74  38  56  -4   9   0 0.00  0.0    0  5.4 16 180   M    M   1        20 170
21  90  52  71  11   0   6 0.00  0.0    0 10.1 35 300   M    M   2        50 310
22  82  57  70   9   0   5 0.00  0.0    0  8.9 21 110   M    M   6        26 120
23  69  52  61   0   4   0 0.00  0.0    0 12.7 24  70   M    M   4        30  80
24  77  47  62   1   3   0 0.00  0.0    0  8.2 21 110   M    M   4        26 120
25  78  55  67   6   0   2 0.00  0.0    0  7.5 18 130   M    M   5        23 110
================================================================================
SM 1776 1133       193  28  0.44     0.0 222.7          M       98
================================================================================
AV 71.0 45.3                               8.9 FASTST   M    M   4    MAX(MPH)
                                 MISC ---->  # 35 300               # 50  310
================================================================================
NOTES:
# LAST OF SEVERAL OCCURRENCES

COLUMN 17 PEAK WIND IN M.P.H.

PRELIMINARY LOCAL CLIMATOLOGICAL DATA (WS FORM: F-6) , PAGE 2

                                          STATION:  SAVANNAH GA
                                          MONTH:    MARCH
                                          YEAR:     2017
                                          LATITUDE:   32  7 N
                                          LONGITUDE:  81 12 W

[TEMPERATURE DATA]      [PRECIPITATION DATA]       SYMBOLS USED IN COLUMN 16

AVERAGE MONTHLY: 58.2   TOTAL FOR MONTH:   0.44    1 = FOG OR MIST
DPTR FM NORMAL:  -0.5   DPTR FM NORMAL:   -2.54    2 = FOG REDUCING VISIBILITY
HIGHEST:    90 ON 21    GRTST 24HR  0.23 ON 13-13      TO 1/4 MILE OR LESS
LOWEST:     26 ON 16                               3 = THUNDER
                        SNOW, ICE PELLETS, HAIL    4 = ICE PELLETS
                        TOTAL MONTH:   0.0 INCH    5 = HAIL
                        GRTST 24HR     0.0         6 = FREEZING RAIN OR DRIZZLE
                        GRTST DEPTH:   0           7 = DUSTSTORM OR SANDSTORM:
                                                       VSBY 1/2 MILE OR LESS
                                                   8 = SMOKE OR HAZE
[NO. OF DAYS WITH]      [WEATHER - DAYS WITH]      9 = BLOWING SNOW
                                                   X = TORNADO
MAX 32 OR BELOW:   0    0.01 INCH OR MORE:   4
MAX 90 OR ABOVE:   1    0.10 INCH OR MORE:   3
MIN 32 OR BELOW:   2    0.50 INCH OR MORE:   0
MIN  0 OR BELOW:   0    1.00 INCH OR MORE:   0

[HDD (BASE 65) ]
TOTAL THIS MO.   193    CLEAR  (SCALE 0-3)  10
DPTR FM NORMAL    11    PTCLDY (SCALE 4-7)  12
TOTAL FM JUL 1  1003    CLOUDY (SCALE 8-10)  3
DPTR FM NORMAL  -696

[CDD (BASE 65) ]
TOTAL THIS MO.    28
DPTR FM NORMAL     3    [PRESSURE DATA]
TOTAL FM JAN 1    86    HIGHEST SLP M ON M
DPTR FM NORMAL    51    LOWEST  SLP 29.70 ON 14

[REMARKS]
