170
CXUS55 KLOX 221655
CF6SBA
PRELIMINARY LOCAL CLIMATOLOGICAL DATA (WS FORM: F-6)

                                          STATION:   SANTA BARBARA AIRPORT CA
                                          MONTH:     OCTOBER
                                          YEAR:      2017
                                          LATITUDE:   34 25 N
                                          LONGITUDE: 119 50 W

  TEMPERATURE IN F:       :PCPN:    SNOW:  WIND      :SUNSHINE: SKY     :PK WND
================================================================================
1   2   3   4   5  6A  6B    7    8   9   10  11  12  13   14  15   16   17  18
                                     12Z  AVG MX 2MIN
DY MAX MIN AVG DEP HDD CDD  WTR  SNW DPTH SPD SPD DIR MIN PSBL S-S WX    SPD DR
================================================================================

 1  72  51  62  -2   3   0 0.00  0.0    0  3.9 10 160   M    M   2 18     14 230
 2  73  53  63   0   2   0 0.00  0.0    0  4.3 14 270   M    M   3 1      17 260
 3  70  50  60  -3   5   0 0.00  0.0    0  2.3  9 170   M    M   3        13 150
 4  75  45  60  -3   5   0 0.00  0.0    0  3.1 12 230   M    M   0        14 250
 5  77  45  61  -2   4   0 0.00  0.0    0  3.4 12 250   M    M   0        14 250
 6  88  46  67   4   0   2 0.00  0.0    0  3.7 14 240   M    M   0         M  M
 7  83  50  67   4   0   2 0.00  0.0    0  1.9 10 230   M    M   0 1      13 220
 8  72  49  61  -2   4   0 0.00  0.0    0  4.5 12 150   M    M   1 8      15 140
 9  79  53  66   4   0   1 0.00  0.0    0  5.3 16 260   M    M   3 1      27 290
10  72  48  60  -2   5   0 0.00  0.0    0  4.6 15 270   M    M   0        19 270
11  72  49  61  -1   4   0 0.00  0.0    0  3.8 12 260   M    M   1        14 250
12  72  53  63   1   2   0 0.00  0.0    0  4.2 15 260   M    M   3 1      20 260
13  72  47  60  -2   5   0 0.00  0.0    0  2.5 10 250   M    M   0        14 250
14  76  46  61  -1   4   0 0.00  0.0    0  3.1  M   M   M    M   0 1       M  M
15  85  46  66   4   0   1 0.00  0.0    0  4.3 12 270   M    M   0 8      14 250
16  87  47  67   5   0   2 0.00  0.0    0  3.1 15 270   M    M   0         M  M
17  94  52  73  11   0   8 0.00  0.0    0  4.1 15 220   M    M   2        19 220
18  84  58  71  10   0   6 0.00  0.0    0  6.0 14 140   M    M   1        17 160
19  83  50  67   6   0   2 0.00  0.0    0  5.6 22 280   M    M   0 8       M  M
20  79  58  69   8   0   4 0.00  0.0    0 13.5 26 270   M    M   0 8      35 270
21  74  47  61   0   4   0 0.00  0.0    0  4.5 16 350   M    M   0 1      20 350
================================================================================
SM 1639 1043        47  28  0.00     0.0  91.7          M       19
================================================================================
AV 78.1 49.7                               4.4 FASTST   M    M   1    MAX(MPH)
                                 MISC ---->  # 26 270               # 35  270
================================================================================
NOTES:
# LAST OF SEVERAL OCCURRENCES

COLUMN 17 PEAK WIND IN M.P.H.

PRELIMINARY LOCAL CLIMATOLOGICAL DATA (WS FORM: F-6) , PAGE 2

                                          STATION:  SANTA BARBARA AIRPORT CA
                                          MONTH:    OCTOBER
                                          YEAR:     2017
                                          LATITUDE:   34 25 N
                                          LONGITUDE: 119 50 W

[TEMPERATURE DATA]      [PRECIPITATION DATA]       SYMBOLS USED IN COLUMN 16

AVERAGE MONTHLY: 63.9   TOTAL FOR MONTH:   0.00    1 = FOG OR MIST
DPTR FM NORMAL:   1.6   DPTR FM NORMAL:   -0.44    2 = FOG REDUCING VISIBILITY
HIGHEST:    94 ON 17    GRTST 24HR  0.00 ON 21-21      TO 1/4 MILE OR LESS
LOWEST:     45 ON  5, 4                            3 = THUNDER
                        SNOW, ICE PELLETS, HAIL    4 = ICE PELLETS
                        TOTAL MONTH:   0.0 INCH    5 = HAIL
                        GRTST 24HR     0.0         6 = FREEZING RAIN OR DRIZZLE
                        GRTST DEPTH:   0           7 = DUSTSTORM OR SANDSTORM:
                                                       VSBY 1/2 MILE OR LESS
                                                   8 = SMOKE OR HAZE
[NO. OF DAYS WITH]      [WEATHER - DAYS WITH]      9 = BLOWING SNOW
                                                   X = TORNADO
MAX 32 OR BELOW:   0    0.01 INCH OR MORE:   0
MAX 90 OR ABOVE:   1    0.10 INCH OR MORE:   0
MIN 32 OR BELOW:   0    0.50 INCH OR MORE:   0
MIN  0 OR BELOW:   0    1.00 INCH OR MORE:   0

[HDD (BASE 65) ]
TOTAL THIS MO.    47    CLEAR  (SCALE 0-3)  21
DPTR FM NORMAL   -23    PTCLDY (SCALE 4-7)   0
TOTAL FM JUL 1    76    CLOUDY (SCALE 8-10)  0
DPTR FM NORMAL   -89

[CDD (BASE 65) ]
TOTAL THIS MO.    28
DPTR FM NORMAL    17    [PRESSURE DATA]
TOTAL FM JAN 1   347    HIGHEST SLP M ON M
DPTR FM NORMAL   165    LOWEST  SLP 29.66 ON  8

[REMARKS]
