000
CXUS53 KMKX 260735
CF6SBM
PRELIMINARY LOCAL CLIMATOLOGICAL DATA (WS FORM: F-6)

                                          STATION:   SHEBOYGAN WI
                                          MONTH:     FEBRUARY
                                          YEAR:      2015
                                          LATITUDE:   43 46 N
                                          LONGITUDE:  87 51 W

  TEMPERATURE IN F:       :PCPN:    SNOW:  WIND      :SUNSHINE: SKY     :PK WND
================================================================================
1   2   3   4   5  6A  6B    7    8   9   10  11  12  13   14  15   16   17  18
                                     12Z  AVG MX 2MIN
DY MAX MIN AVG DEP HDD CDD  WTR  SNW DPTH SPD SPD DIR MIN PSBL S-S WX    SPD DR
================================================================================

 1  24   9  17  -3  48   0    M    M    M 19.1 33  30   M    M  10 1289   39  30
 2  13   3   8 -12  57   0    T    M    0 11.2 22 340   M    M   4 9      28 340
 3  18   1  10 -10  55   0 0.02    M    0  7.0 15 250   M    M   4 1      19 250
 4  18   2  10 -10  55   0 0.00  0.0    0  9.5 18 300   M    M   4        25 310
 5  14  -8   3 -17  62   0 0.00    M    M 13.8 31 270   M    M   0 8      39 270
 6  26  11  19  -1  46   0 0.00    M    M  8.1 26 270   M    M   4        36 260
 7  34  17  26   5  39   0 0.00    M    M  3.6 10 110   M    M   5 18     13 120
 8  35  19  27   6  38   0    T    M    M 12.3 23  30   M    M  10 16     29  20
 9  24   5  15  -6  50   0 0.00  0.0    0  9.0 18 340   M    M   5 8      22 350
10  28  13  21   0  44   0    T    M    0  7.3 17 190   M    M   9        24 160
11  30  13  22   0  43   0    T    M    0 15.9 25 300   M    M   9 18     37 300
12  13  -3   5 -17  60   0 0.00  0.0    0 12.3 25 330   M    M   1        37 340
13  22  -2  10 -12  55   0    T    M    0 10.4 22 240   M    M   8 8      28 240
14  21  -3   9 -13  56   0    T    M    0 19.7 33 340   M    M   5 89     44 340
15  13  -6   4 -18  61   0 0.00  0.0    0  8.4 18 320   M    M   3        24 320
16  18   9  14  -9  51   0    T    M    M  6.5 14 210   M    M  10 18     17 220
17  15   4  10 -13  55   0    T    M    M  9.2 18 280   M    M   8 18     24 290
18   5  -7  -1 -24  66   0    T    M    M 12.7 24 310   M    M   4 8      30 300
19   2 -11  -4 -28  69   0 0.00  0.0    0  9.1 18 320   M    M   0        24 320
20  17 -13   2 -22  63   0    T    M    0 11.4 23 190   M    M   7 8      29 190
21  30  17  24   0  41   0    T    M    0  5.4 14 340   M    M   9 8      17 340
22  20  -3   9 -15  56   0    T    M    0 10.3 18 330   M    M   2 18     24 300
23   9 -11  -1 -26  66   0 0.00    M    M 11.5 26 240   M    M   0        33 250
24  32   8  20  -5  45   0 0.00    M    M 19.3 28 260   M    M   5        35 260
25  15   0   8 -18  57   0 0.00    M    M  4.6 10 360   M    M   6        14 360
================================================================================
SM  496   64      1338   0  0.02     0.0 267.6          M      132
================================================================================
AV 19.8  2.6                              10.7 FASTST   M    M   5    MAX(MPH)
                                 MISC ---->  # 33  30               # 44  340
================================================================================
NOTES:
# LAST OF SEVERAL OCCURRENCES

COLUMN 17 PEAK WIND IN M.P.H.

PRELIMINARY LOCAL CLIMATOLOGICAL DATA (WS FORM: F-6) , PAGE 2

                                          STATION:  SHEBOYGAN WI
                                          MONTH:    FEBRUARY
                                          YEAR:     2015
                                          LATITUDE:   43 46 N
                                          LONGITUDE:  87 51 W

[TEMPERATURE DATA]      [PRECIPITATION DATA]       SYMBOLS USED IN COLUMN 16

AVERAGE MONTHLY: 11.2   TOTAL FOR MONTH:   0.02    1 = FOG OR MIST
DPTR FM NORMAL: -11.0   DPTR FM NORMAL:   -0.99    2 = FOG REDUCING VISIBILITY
HIGHEST:    35 ON  8    GRTST 24HR  0.03 ON 31- 1      TO 1/4 MILE OR LESS
LOWEST:    -13 ON 20                               3 = THUNDER
                        SNOW, ICE PELLETS, HAIL    4 = ICE PELLETS
                        TOTAL MONTH:   0.0 INCH    5 = HAIL
                        GRTST 24HR     0.0         6 = FREEZING RAIN OR DRIZZLE
                        GRTST DEPTH:   0           7 = DUSTSTORM OR SANDSTORM:
                                                       VSBY 1/2 MILE OR LESS
                                                   8 = SMOKE OR HAZE
[NO. OF DAYS WITH]      [WEATHER - DAYS WITH]      9 = BLOWING SNOW
                                                   X = TORNADO
MAX 32 OR BELOW:  23    0.01 INCH OR MORE:   1
MAX 90 OR ABOVE:   0    0.10 INCH OR MORE:   0
MIN 32 OR BELOW:  25    0.50 INCH OR MORE:   0
MIN  0 OR BELOW:  11    1.00 INCH OR MORE:   0

[HDD (BASE 65) ]
TOTAL THIS MO.  1338    CLEAR  (SCALE 0-3)   5
DPTR FM NORMAL   270    PTCLDY (SCALE 4-7)  13
TOTAL FM JUL 1  5708    CLOUDY (SCALE 8-10)  7
DPTR FM NORMAL   297

[CDD (BASE 65) ]
TOTAL THIS MO.     0
DPTR FM NORMAL     0    [PRESSURE DATA]
TOTAL FM JAN 1     0    HIGHEST SLP M ON M
DPTR FM NORMAL     0    LOWEST  SLP 29.58 ON  7

[REMARKS]
