000
CXUS53 KIWX 280800
CF6SBN
PRELIMINARY LOCAL CLIMATOLOGICAL DATA (WS FORM: F-6)

                                          STATION:   SOUTH BEND
                                          MONTH:     MAY
                                          YEAR:      2017
                                          LATITUDE:   41 42 N
                                          LONGITUDE:  86 19 W

  TEMPERATURE IN F:       :PCPN:    SNOW:  WIND      :SUNSHINE: SKY     :PK WND
================================================================================
1   2   3   4   5  6A  6B    7    8   9   10  11  12  13   14  15   16   17  18
                                     12Z  AVG MX 2MIN
DY MAX MIN AVG DEP HDD CDD  WTR  SNW DPTH SPD SPD DIR MIN PSBL S-S WX    SPD DR
================================================================================

 1  65  44  55   0  10   0 0.41  0.0    0 17.2 29 230   M    M  10 13     38 240
 2  47  40  44 -11  21   0 0.10  0.0    0 14.0 24 250   M    M  10 1      30 250
 3  56  31  44 -11  21   0 0.00  0.0    0  4.4 12 120   M    M   1        14 110
 4  50  42  46 -10  19   0 0.67  0.0    0 11.3 21  30   M    M  10        27  40
 5  55  39  47  -9  18   0 0.00  0.0    0 15.7 28 360   M    M   1        34  20
 6  53  39  46 -10  19   0 0.00  0.0    0 14.9 35 340   M    M   2        42 350
 7  51  31  41 -15  24   0 0.00  0.0    0 12.6 26 340   M    M   0        34 320
 8  57  28  43 -14  22   0    T  0.0    0  6.9 15 350   M    M   1        20 340
 9  58  42  50  -7  15   0 0.01  0.0    0  5.4 12 120   M    M   9        14 120
10  71  48  60   3   5   0 1.54  0.0    0  7.0 22 120   M    M   9 13     27 110
11  66  45  56  -2   9   0 0.05  0.0    0  7.1 21 120   M    M   7 1      25 120
12  70  41  56  -2   9   0 0.00  0.0    0  6.5 18 330   M    M   2        23 330
13  73  40  57  -1   8   0    T  0.0    0  5.5 20 250   M    M   3        25 240
14  72  47  60   1   5   0 0.00  0.0    0  7.0 16 350   M    M   0        19 350
15  78  48  63   4   2   0 0.00  0.0    0 11.2 18 130   M    M   1        23 130
16  85  62  74  15   0   9 0.00  0.0    0 13.5 25 200   M    M   0        34 230
17  84  67  76  16   0  11 0.00  0.0    0 16.5 31 190   M    M   1        40 190
18  85  55  70  10   0   5 0.00  0.0    0 18.4 36 220   M    M   1        49 220
19  56  46  51  -9  14   0 0.33  0.0    0  8.8 18  80   M    M   7 1      25  70
20  64  49  57  -3   8   0 0.85  0.0    0 12.2 25 120   M    M  10 138    30 100
21  68  51  60  -1   5   0 0.01  0.0    0 12.1 23 240   M    M   8 1      31 240
22  71  48  60  -1   5   0 0.00  0.0    0 12.2 20 240   M    M   4        26 220
23  66  57  62   1   3   0 0.03  0.0    0  6.6 12  30   M    M  10        14 350
24  70  54  62   0   3   0 0.27  0.0    0  6.2 14 360   M    M   8 13     19  80
25  60  48  54  -8  11   0 0.01    M    0 11.3 18 300   M    M   8 1      22 360
26  71  47  59  -3   6   0 0.64  0.0    0  4.5 14 310   M    M   5 13     16 320
27  74  57  66   3   0   1    T  0.0    0  4.2 10 310   M    M   7 1      14  80
================================================================================
SM 1776 1246       262  26  4.92     0.0 273.2          M      135
================================================================================
AV 65.8 46.2                              10.1 FASTST   M    M   5    MAX(MPH)
                                 MISC ---->  # 36 220               # 49  220
================================================================================
NOTES:
# LAST OF SEVERAL OCCURRENCES

COLUMN 17 PEAK WIND IN M.P.H.

PRELIMINARY LOCAL CLIMATOLOGICAL DATA (WS FORM: F-6) , PAGE 2

                                          STATION:  SOUTH BEND
                                          MONTH:    MAY
                                          YEAR:     2017
                                          LATITUDE:   41 42 N
                                          LONGITUDE:  86 19 W

[TEMPERATURE DATA]      [PRECIPITATION DATA]       SYMBOLS USED IN COLUMN 16

AVERAGE MONTHLY: 56.0   TOTAL FOR MONTH:   4.92    1 = FOG OR MIST
DPTR FM NORMAL:  -2.7   DPTR FM NORMAL:    1.63    2 = FOG REDUCING VISIBILITY
HIGHEST:    85 ON 18,16 GRTST 24HR  1.54 ON 10-10      TO 1/4 MILE OR LESS
LOWEST:     28 ON  8                               3 = THUNDER
                        SNOW, ICE PELLETS, HAIL    4 = ICE PELLETS
                        TOTAL MONTH:   0.0 INCH    5 = HAIL
                        GRTST 24HR     0.0         6 = FREEZING RAIN OR DRIZZLE
                        GRTST DEPTH:   0           7 = DUSTSTORM OR SANDSTORM:
                                                       VSBY 1/2 MILE OR LESS
                                                   8 = SMOKE OR HAZE
[NO. OF DAYS WITH]      [WEATHER - DAYS WITH]      9 = BLOWING SNOW
                                                   X = TORNADO
MAX 32 OR BELOW:   0    0.01 INCH OR MORE:  13
MAX 90 OR ABOVE:   0    0.10 INCH OR MORE:   8
MIN 32 OR BELOW:   3    0.50 INCH OR MORE:   4
MIN  0 OR BELOW:   0    1.00 INCH OR MORE:   1

[HDD (BASE 65) ]
TOTAL THIS MO.   262    CLEAR  (SCALE 0-3)  12
DPTR FM NORMAL    54    PTCLDY (SCALE 4-7)   7
TOTAL FM JUL 1  5491    CLOUDY (SCALE 8-10)  8
DPTR FM NORMAL  -748

[CDD (BASE 65) ]
TOTAL THIS MO.    26
DPTR FM NORMAL   -10    [PRESSURE DATA]
TOTAL FM JAN 1    37    HIGHEST SLP M ON M
DPTR FM NORMAL    -9    LOWEST  SLP 29.36 ON 25

[REMARKS]
