000
CXUS51 KAKQ 301010
CF6SBY
PRELIMINARY LOCAL CLIMATOLOGICAL DATA (WS FORM: F-6)

                                          STATION:   SALISBURY MD
                                          MONTH:     JUNE
                                          YEAR:      2015
                                          LATITUDE:   38 20 N
                                          LONGITUDE:  75 30 W

  TEMPERATURE IN F:       :PCPN:    SNOW:  WIND      :SUNSHINE: SKY     :PK WND
================================================================================
1   2   3   4   5  6A  6B    7    8   9   10  11  12  13   14  15   16   17  18
                                     12Z  AVG MX 2MIN
DY MAX MIN AVG DEP HDD CDD  WTR  SNW DPTH SPD SPD DIR MIN PSBL S-S WX    SPD DR
================================================================================

 1  90  67  79  12   0  14 1.10  0.0    0  9.5 18 200   M    M   1 13     34 210
 2  71  56  64  -4   1   0 0.27  0.0    0  9.4 17  50   M    M   8 13     26 360
 3  62  56  59  -9   6   0 0.17  0.0    0 12.2 21  60   M    M  10 1      26  40
 4  62  58  60  -8   5   0 0.05  0.0    0 12.3 20  60   M    M  10 1      27  50
 5  66  59  63  -6   2   0    T  0.0    0  6.3 14  50   M    M  10 1      17  40
 6  80  56  68  -1   0   3 0.21  0.0    0  5.0 20  60   M    M   5 13     28  90
 7  75  53  64  -5   1   0 0.00  0.0    0   M   M   M   M    M   M 1       M  M
 8  83  59  71   1   0   6 0.00  0.0    0 11.2 20 210   M    M   0        27 140
 9  84  68  76   6   0  11 0.04  0.0    0 10.4 22 230   M    M   3        30 220
10  82  61  72   2   0   7 0.00  0.0    0  3.9 13 160   M    M   1        26 270
11  90  61  76   5   0  11 0.00  0.0    0  6.3 15 200   M    M   0 18     23 170
12  91  72  82  11   0  17 0.00  0.0    0  9.0 22 190   M    M   0 18     30 210
13  91  73  82  11   0  17 0.00  0.0    0  6.9 16 320   M    M   2        23 320
14  88  72  80   8   0  15 1.98  0.0    0  3.8 14 190   M    M   5 138    22 140
15  88  72  80   8   0  15 0.01  0.0    0  7.3 16 260   M    M   3 123    23 260
16  92  71  82  10   0  17 0.03  0.0    0  7.3 18 270   M    M   1 13     24 270
17  82  68  75   2   0  10 0.00  0.0    0  6.6 14  10   M    M   5        19 100
18  87  69  78   5   0  13 0.10  0.0    0  5.8 12 320   M    M   6 13     18 320
19  86  70  78   5   0  13 0.15  0.0    0  6.7 20 290   M    M   2 1      26 290
20  87  71  79   5   0  14 1.74  0.0    0  6.5 22 230   M    M   2 13     28 220
21  89  72  81   7   0  16 0.62  0.0    0 10.4 21 260   M    M   4 13     30 230
22  89  73  81   7   0  16 0.00  0.0    0  5.6 15 310   M    M   0        22 280
23  94  70  82   8   0  17 0.45  0.0    0  9.2 39 340   M    M   1 13     50 340
24  81  65  73  -1   0   8 0.00  0.0    0  5.3 13 320   M    M   2        18 330
25  85  62  74  -1   0   9 0.21  0.0    0  4.2 12 170   M    M   2 1      15 160
26  76  64  70  -5   0   5 0.81  0.0    0  6.6 14  70   M    M   8 13     19  70
27  78  63  71  -4   0   6 0.29  0.0    0  8.5 20 110   M    M   8 13     26  90
28  80  67  74  -1   0   9 0.03  0.0    0  8.4 20 250   M    M   7 1      24 260
29  80  61  71  -5   0   6 0.00  0.0    0  6.7 14 260   M    M   0        20 250
================================================================================
SM 2389 1889        15 275  8.26     0.0 211.3          M      106
================================================================================
AV 82.4 65.1                               7.5 FASTST   M    M   4    MAX(MPH)
                                 MISC ---->  # 39 340               # 50  340
================================================================================
NOTES:
# LAST OF SEVERAL OCCURRENCES

COLUMN 17 PEAK WIND IN M.P.H.

PRELIMINARY LOCAL CLIMATOLOGICAL DATA (WS FORM: F-6) , PAGE 2

                                          STATION:  SALISBURY MD
                                          MONTH:    JUNE
                                          YEAR:     2015
                                          LATITUDE:   38 20 N
                                          LONGITUDE:  75 30 W

[TEMPERATURE DATA]      [PRECIPITATION DATA]       SYMBOLS USED IN COLUMN 16

AVERAGE MONTHLY: 73.8   TOTAL FOR MONTH:   8.26    1 = FOG OR MIST
DPTR FM NORMAL:   2.0   DPTR FM NORMAL:    4.67    2 = FOG REDUCING VISIBILITY
HIGHEST:    94 ON 23    GRTST 24HR  2.36 ON 20-21      TO 1/4 MILE OR LESS
LOWEST:     53 ON  7                               3 = THUNDER
                        SNOW, ICE PELLETS, HAIL    4 = ICE PELLETS
                        TOTAL MONTH:   0.0 INCH    5 = HAIL
                        GRTST 24HR     0.0         6 = FREEZING RAIN OR DRIZZLE
                        GRTST DEPTH:   0           7 = DUSTSTORM OR SANDSTORM:
                                                       VSBY 1/2 MILE OR LESS
                                                   8 = SMOKE OR HAZE
[NO. OF DAYS WITH]      [WEATHER - DAYS WITH]      9 = BLOWING SNOW
                                                   X = TORNADO
MAX 32 OR BELOW:   0    0.01 INCH OR MORE:  18
MAX 90 OR ABOVE:   6    0.10 INCH OR MORE:  13
MIN 32 OR BELOW:   0    0.50 INCH OR MORE:   5
MIN  0 OR BELOW:   0    1.00 INCH OR MORE:   3

[HDD (BASE 65) ]
TOTAL THIS MO.    15    CLEAR  (SCALE 0-3)  16
DPTR FM NORMAL    -3    PTCLDY (SCALE 4-7)   8
TOTAL FM JUL 1  4287    CLOUDY (SCALE 8-10)  4
DPTR FM NORMAL  -153

[CDD (BASE 65) ]
TOTAL THIS MO.   275
DPTR FM NORMAL    59    [PRESSURE DATA]
TOTAL FM JAN 1   431    HIGHEST SLP M ON M
DPTR FM NORMAL   131    LOWEST  SLP 29.68 ON 28

[REMARKS]
