000
CXUS56 KSTO 281355
CF6SCK
PRELIMINARY LOCAL CLIMATOLOGICAL DATA (WS FORM: F-6)

                                          STATION:   STOCKTON AIRPORT CA
                                          MONTH:     JULY
                                          YEAR:      2016
                                          LATITUDE:   37 54 N
                                          LONGITUDE: 121 15 W

  TEMPERATURE IN F:       :PCPN:    SNOW:  WIND      :SUNSHINE: SKY     :PK WND
================================================================================
1   2   3   4   5  6A  6B    7    8   9   10  11  12  13   14  15   16   17  18
                                     12Z  AVG MX 2MIN
DY MAX MIN AVG DEP HDD CDD  WTR  SNW DPTH SPD SPD DIR MIN PSBL S-S WX    SPD DR
================================================================================

 1 100  63  82   6   0  17 0.00  0.0    0  6.0 15 290   M    M   0 8      20 270
 2  95  62  79   3   0  14 0.00  0.0    0  8.1 15 310   M    M   0        18 320
 3  93  59  76   0   0  11 0.00  0.0    0  8.6 15 320   M    M   0        22 330
 4  92  59  76   0   0  11 0.00  0.0    0  8.7 14 320   M    M   0        17 330
 5  87  56  72  -4   0   7 0.00  0.0    0  8.7 17 270   M    M   0        23 270
 6  90  57  74  -2   0   9 0.00  0.0    0  9.4 23 270   M    M   0        27 270
 7  88  58  73  -3   0   8 0.00  0.0    0 12.4 22 270   M    M   0        26 260
 8  91  58  75  -1   0  10 0.00  0.0    0 11.3 23 260   M    M   0        27 260
 9  87  59  73  -4   0   8 0.00  0.0    0 13.5 30 260   M    M   0        35 250
10  87  56  72  -5   0   7 0.00  0.0    0 10.7 20 330   M    M   0        24 320
11  92  61  77   0   0  12 0.00  0.0    0 10.7 17 310   M    M   0        22 310
12  91  59  75  -2   0  10 0.00  0.0    0  9.3 15 270   M    M   0        19 290
13  98  58  78   1   0  13 0.00  0.0    0  6.1 15 300   M    M   0        19 290
14 103  59  81   4   0  16 0.00  0.0    0  5.9 17 290   M    M   0        21 270
15  99  59  79   2   0  14 0.00  0.0    0  6.5 16 300   M    M   0        19 310
16  94  61  78   1   0  13 0.00  0.0    0  7.9 16 300   M    M   0        20 300
17  92  55  74  -3   0   9 0.00  0.0    0 10.3 25 280   M    M   0        31 280
18  86  58  72  -5   0   7 0.00  0.0    0 11.4 20 270   M    M   0        25 290
19  89  57  73  -4   0   8 0.00  0.0    0  9.7 18 260   M    M   0        22 270
20  93  57  75  -2   0  10 0.00  0.0    0  7.6 17 280   M    M   0        22 280
21  91  59  75  -2   0  10 0.00  0.0    0  9.3 20 260   M    M   0        23 260
22  96  54  75  -2   0  10 0.00  0.0    0  8.9 16 300   M    M   0        26 230
23 102  61  82   5   0  17 0.00  0.0    0  8.8 17 300   M    M   0        22 290
24 105  59  82   5   0  17 0.00  0.0    0  5.2 15 280   M    M   0        18 280
25 101  63  82   5   0  17 0.00  0.0    0  6.9 14 320   M    M   0        16 320
26 105  59  82   5   0  17 0.00  0.0    0  6.2 16 300   M    M   0        21 300
27 105  63  84   7   0  19 0.00  0.0    0  6.7 14 300   M    M   0        20 310
================================================================================
SM 2552 1589         0 321  0.00     0.0 234.8          M        0
================================================================================
AV 94.5 58.9                               8.7 FASTST   M    M   0    MAX(MPH)
                                 MISC ---->  # 30 260               # 35  250
================================================================================
NOTES:
# LAST OF SEVERAL OCCURRENCES

COLUMN 17 PEAK WIND IN M.P.H.

PRELIMINARY LOCAL CLIMATOLOGICAL DATA (WS FORM: F-6) , PAGE 2

                                          STATION:  STOCKTON AIRPORT CA
                                          MONTH:    JULY
                                          YEAR:     2016
                                          LATITUDE:   37 54 N
                                          LONGITUDE: 121 15 W

[TEMPERATURE DATA]      [PRECIPITATION DATA]       SYMBOLS USED IN COLUMN 16

AVERAGE MONTHLY: 76.7   TOTAL FOR MONTH:   0.00    1 = FOG OR MIST
DPTR FM NORMAL:  -0.0   DPTR FM NORMAL:    0.00    2 = FOG REDUCING VISIBILITY
HIGHEST:   105 ON 27,26 GRTST 24HR  0.00 ON 27-27      TO 1/4 MILE OR LESS
LOWEST:     54 ON 22                               3 = THUNDER
                        SNOW, ICE PELLETS, HAIL    4 = ICE PELLETS
                        TOTAL MONTH:   0.0 INCH    5 = HAIL
                        GRTST 24HR     0.0         6 = FREEZING RAIN OR DRIZZLE
                        GRTST DEPTH:   0           7 = DUSTSTORM OR SANDSTORM:
                                                       VSBY 1/2 MILE OR LESS
                                                   8 = SMOKE OR HAZE
[NO. OF DAYS WITH]      [WEATHER - DAYS WITH]      9 = BLOWING SNOW
                                                   X = TORNADO
MAX 32 OR BELOW:   0    0.01 INCH OR MORE:   0
MAX 90 OR ABOVE:  21    0.10 INCH OR MORE:   0
MIN 32 OR BELOW:   0    0.50 INCH OR MORE:   0
MIN  0 OR BELOW:   0    1.00 INCH OR MORE:   0

[HDD (BASE 65) ]
TOTAL THIS MO.     0    CLEAR  (SCALE 0-3)  27
DPTR FM NORMAL     0    PTCLDY (SCALE 4-7)   0
TOTAL FM JUL 1     0    CLOUDY (SCALE 8-10)  0
DPTR FM NORMAL     0

[CDD (BASE 65) ]
TOTAL THIS MO.   321
DPTR FM NORMAL     5    [PRESSURE DATA]
TOTAL FM JAN 1   787    HIGHEST SLP M ON M
DPTR FM NORMAL   122    LOWEST  SLP 29.73 ON  1

[REMARKS]
