000
CXUS56 KSTO 271355
CF6SCK
PRELIMINARY LOCAL CLIMATOLOGICAL DATA (WS FORM: F-6)

                                          STATION:   STOCKTON AIRPORT CA
                                          MONTH:     MARCH
                                          YEAR:      2017
                                          LATITUDE:   37 54 N
                                          LONGITUDE: 121 15 W

  TEMPERATURE IN F:       :PCPN:    SNOW:  WIND      :SUNSHINE: SKY     :PK WND
================================================================================
1   2   3   4   5  6A  6B    7    8   9   10  11  12  13   14  15   16   17  18
                                     12Z  AVG MX 2MIN
DY MAX MIN AVG DEP HDD CDD  WTR  SNW DPTH SPD SPD DIR MIN PSBL S-S WX    SPD DR
================================================================================

 1  64  34  49  -4  16   0 0.00  0.0    0  3.7 12 320   M    M   0        14 320
 2  68  34  51  -2  14   0 0.00  0.0    0  3.1 10 260   M    M   0        12 270
 3  68  36  52  -1  13   0 0.00  0.0    0  2.8 12 290   M    M   0 1      15 300
 4  64  46  55   2  10   0    T    M    0  9.2 22 260   M    M   4 1      26 260
 5  53  36  45  -8  20   0 0.24  0.0    0 12.0 26 280   M    M   2 1      37 240
 6  58  35  47  -7  18   0 0.01  0.0    0  5.9 15 150   M    M   6        18 160
 7  62  35  49  -5  16   0 0.00  0.0    0  3.5 12 310   M    M   1 1      14 310
 8  68  39  54   0  11   0 0.00  0.0    0  5.7 14 310   M    M   0 1      18 290
 9  73  44  59   5   6   0 0.00  0.0    0  4.1 10 320   M    M   0 1      14 320
10  72  50  61   7   4   0 0.00  0.0    0  4.6 13 320   M    M   0 1      17 320
11  77  44  61   7   4   0 0.00  0.0    0  4.8 13 310   M    M   0 12     14 320
12  78  49  64  10   1   0 0.00  0.0    0  6.8 14 300   M    M   0        19 320
13  80  43  62   8   3   0 0.00  0.0    0  2.7  8 260   M    M   0        11 360
14  83  49  66  12   0   1 0.00  0.0    0  3.1  8 270   M    M   0 1      12 270
15  77  52  65  11   0   0 0.00  0.0    0  6.3 17 300   M    M   1 1      20 300
16  73  49  61   6   4   0 0.00  0.0    0  5.8 14 300   M    M   1 1      18 310
17  78  43  61   6   4   0 0.00  0.0    0  2.9  8 290   M    M   0        10 280
18  73  52  63   8   2   0 0.00  0.0    0  3.6 16 290   M    M   0        18 320
19  74  51  63   8   2   0 0.00  0.0    0  4.3 13 290   M    M   0        17 290
20  69  53  61   6   4   0 0.50  0.0    0  6.7 16 130   M    M   4 1      21 130
21  69  50  60   5   5   0 0.56  0.0    0 13.2 25 160   M    M   6 13     32 160
22  60  47  54  -1  11   0 0.61  0.0    0  7.1 18 270   M    M   7 13     22 260
23  65  42  54  -1  11   0 0.00  0.0    0  6.2 12 270   M    M   2        15 290
24  57  52  55   0  10   0 0.23  0.0    0  8.5 22 150   M    M  10 1      26 140
25  67  50  59   4   6   0    T  0.0    0  6.9 14 300   M    M   6 1      16 280
26  65  47  56   0   9   0 0.03  0.0    0  5.4 16 250   M    M   7        22 300
================================================================================
SM 1795 1162       204   1  2.18     0.0 148.9          M       57
================================================================================
AV 69.0 44.7                               5.7 FASTST   M    M   2    MAX(MPH)
                                 MISC ---->  # 26 280               # 37  240
================================================================================
NOTES:
# LAST OF SEVERAL OCCURRENCES

COLUMN 17 PEAK WIND IN M.P.H.

PRELIMINARY LOCAL CLIMATOLOGICAL DATA (WS FORM: F-6) , PAGE 2

                                          STATION:  STOCKTON AIRPORT CA
                                          MONTH:    MARCH
                                          YEAR:     2017
                                          LATITUDE:   37 54 N
                                          LONGITUDE: 121 15 W

[TEMPERATURE DATA]      [PRECIPITATION DATA]       SYMBOLS USED IN COLUMN 16

AVERAGE MONTHLY: 56.9   TOTAL FOR MONTH:   2.18    1 = FOG OR MIST
DPTR FM NORMAL:   2.6   DPTR FM NORMAL:    0.30    2 = FOG REDUCING VISIBILITY
HIGHEST:    83 ON 14    GRTST 24HR  0.61 ON 22-22      TO 1/4 MILE OR LESS
LOWEST:     34 ON  2, 1                            3 = THUNDER
                        SNOW, ICE PELLETS, HAIL    4 = ICE PELLETS
                        TOTAL MONTH:   0.0 INCH    5 = HAIL
                        GRTST 24HR     0.0         6 = FREEZING RAIN OR DRIZZLE
                        GRTST DEPTH:   0           7 = DUSTSTORM OR SANDSTORM:
                                                       VSBY 1/2 MILE OR LESS
                                                   8 = SMOKE OR HAZE
[NO. OF DAYS WITH]      [WEATHER - DAYS WITH]      9 = BLOWING SNOW
                                                   X = TORNADO
MAX 32 OR BELOW:   0    0.01 INCH OR MORE:   7
MAX 90 OR ABOVE:   0    0.10 INCH OR MORE:   5
MIN 32 OR BELOW:   0    0.50 INCH OR MORE:   3
MIN  0 OR BELOW:   0    1.00 INCH OR MORE:   0

[HDD (BASE 65) ]
TOTAL THIS MO.   204    CLEAR  (SCALE 0-3)  18
DPTR FM NORMAL   -75    PTCLDY (SCALE 4-7)   7
TOTAL FM JUL 1  1913    CLOUDY (SCALE 8-10)  1
DPTR FM NORMAL  -428

[CDD (BASE 65) ]
TOTAL THIS MO.     1
DPTR FM NORMAL     1    [PRESSURE DATA]
TOTAL FM JAN 1     1    HIGHEST SLP M ON M
DPTR FM NORMAL     1    LOWEST  SLP 29.79 ON  5

[REMARKS]
