000
CXUS53 KLMK 011720
CF6SDF
PRELIMINARY LOCAL CLIMATOLOGICAL DATA (WS FORM: F-6)

                                          STATION:   LOUISVILLE KY
                                          MONTH:     FEBRUARY
                                          YEAR:      2015
                                          LATITUDE:   38 10 N
                                          LONGITUDE:  85 44 W

  TEMPERATURE IN F:       :PCPN:    SNOW:  WIND      :SUNSHINE: SKY     :PK WND
================================================================================
1   2   3   4   5  6A  6B    7    8   9   10  11  12  13   14  15   16   17  18
                                     12Z  AVG MX 2MIN
DY MAX MIN AVG DEP HDD CDD  WTR  SNW DPTH SPD SPD DIR MIN PSBL S-S WX    SPD DR
================================================================================

 1  51  37  44   8  21   0 0.45  0.0    0 12.2 23 280   M    M  10 1      28 260
 2  43  24  34  -2  31   0    T    T    0 14.6 29 280   M    M  10        35 290
 3  41  22  32  -4  33   0 0.00  0.0    0  8.4 15 240   M    M   5        20 240
 4  54  28  41   5  24   0 0.02  0.3    0 11.3 23 360   M    M   7 8      28 350
 5  30  16  23 -14  42   0    T    T    T  9.7 26 340   M    M   3 1      32 360
 6  45  16  31  -6  34   0 0.00  0.0    0  5.9 14 220   M    M   6        17 210
 7  64  34  49  12  16   0 0.00  0.0    0 12.3 22 210   M    M   5        30 200
 8  59  50  55  18  10   0 0.01  0.0    0 11.3 23 220   M    M   6 18     33 210
 9  53  30  42   5  23   0    T  0.0    0 13.5 21 360   M    M  10 18     25 350
10  43  29  36  -2  29   0 0.00  0.0    0  9.0 16  10   M    M   6 8      21 360
11  51  26  39   1  26   0 0.00  0.0    0  8.7 22 290   M    M   6 18     27 300
12  34  20  27 -11  38   0    T    T    0 13.7 28 320   M    M   8 8      34 330
13  36  16  26 -12  39   0 0.00  0.0    0  6.6 18 240   M    M   7        23 250
14  38  12  25 -13  40   0    T    T    0 16.6 35 330   M    M   8 18     44 330
15  23   8  16 -23  49   0    T    T    0  7.8 15 330   M    M   6 8      19 320
16  19  11  15 -24  50   0 0.73  8.2    2  9.9 15 360   M    M  10 12     18 350
17  26   3  15 -24  50   0    T    T    6  5.7 16 250   M    M   4 18     19 220
18  24   4  14 -26  51   0 0.05  1.9    7 15.2 30 280   M    M   8 189    36 280
19  11  -3   4 -36  61   0    T    T    4 10.4 20 270   M    M   2        25 290
20  25  -6  10 -30  55   0 0.04    T    3  7.8 16 140   M    M   8 1468   19 130
21  38  24  31  -9  34   0 0.93  0.5    3  7.4 16 360   M    M   9 146    19 350
22  35  23  29 -12  36   0 0.00  0.0    3  8.3 22 350   M    M   8 18     26 340
23  25  13  19 -22  46   0 0.00  0.0    3 11.2 22 360   M    M   7        27 360
24  32  10  21 -20  44   0 0.00  0.0    3  8.8 21 220   M    M   5        25 220
25  38  23  31 -11  34   0 0.00  0.0    2  3.9 10 220   M    M   8        14 240
26  34  18  26 -16  39   0    T    T    2 11.2 20 360   M    M   7 8      26 350
27  27  13  20 -22  45   0    T    T    2  7.4 14 360   M    M   4        21  30
28  36  18  27 -15  38   0    T    T    T  7.3 12 100   M    M   9 4      15 100
================================================================================
SM 1035  519      1038   0  2.23    10.9 276.1          M      192
================================================================================
AV 37.0 18.5                               9.9 FASTST   M    M   7    MAX(MPH)
                                 MISC ---->  # 35 330               # 44  330
================================================================================
NOTES:
# LAST OF SEVERAL OCCURRENCES

COLUMN 17 PEAK WIND IN M.P.H.

PRELIMINARY LOCAL CLIMATOLOGICAL DATA (WS FORM: F-6) , PAGE 2

                                          STATION:  LOUISVILLE KY
                                          MONTH:    FEBRUARY
                                          YEAR:     2015
                                          LATITUDE:   38 10 N
                                          LONGITUDE:  85 44 W

[TEMPERATURE DATA]      [PRECIPITATION DATA]       SYMBOLS USED IN COLUMN 16

AVERAGE MONTHLY: 27.8   TOTAL FOR MONTH:   2.23    1 = FOG OR MIST
DPTR FM NORMAL: -11.0   DPTR FM NORMAL:   -0.95    2 = FOG REDUCING VISIBILITY
HIGHEST:    64 ON  7    GRTST 24HR  0.97 ON 20-21      TO 1/4 MILE OR LESS
LOWEST:     -6 ON 20                               3 = THUNDER
                        SNOW, ICE PELLETS, HAIL    4 = ICE PELLETS
                        TOTAL MONTH:  10.9 INCHES  5 = HAIL
                        GRTST 24HR   8.2 ON   M    6 = FREEZING RAIN OR DRIZZLE
                        GRTST DEPTH:   7 ON 18     7 = DUSTSTORM OR SANDSTORM:
                                                       VSBY 1/2 MILE OR LESS
                                                   8 = SMOKE OR HAZE
[NO. OF DAYS WITH]      [WEATHER - DAYS WITH]      9 = BLOWING SNOW
                                                   X = TORNADO
MAX 32 OR BELOW:  10    0.01 INCH OR MORE:   7
MAX 90 OR ABOVE:   0    0.10 INCH OR MORE:   3
MIN 32 OR BELOW:  25    0.50 INCH OR MORE:   2
MIN  0 OR BELOW:   2    1.00 INCH OR MORE:   0

[HDD (BASE 65) ]
TOTAL THIS MO.  1038    CLEAR  (SCALE 0-3)   1
DPTR FM NORMAL   306    PTCLDY (SCALE 4-7)  20
TOTAL FM JUL 1  3620    CLOUDY (SCALE 8-10)  7
DPTR FM NORMAL   379

[CDD (BASE 65) ]
TOTAL THIS MO.     0
DPTR FM NORMAL     0    [PRESSURE DATA]
TOTAL FM JAN 1     0    HIGHEST SLP 30.73 ON 28
DPTR FM NORMAL     0    LOWEST  SLP 29.57 ON  1

[REMARKS]
#FINAL-02-15#
