000
CXUS54 KHGX 301415
CF6SGR
PRELIMINARY LOCAL CLIMATOLOGICAL DATA (WS FORM: F-6)

                                          STATION:   SUGARLAND/HULL FLD
                                          MONTH:     OCTOBER
                                          YEAR:      2014
                                          LATITUDE:   29 37 N
                                          LONGITUDE:  95 39 W

  TEMPERATURE IN F:       :PCPN:    SNOW:  WIND      :SUNSHINE: SKY     :PK WND
================================================================================
1   2   3   4   5  6A  6B    7    8   9   10  11  12  13   14  15   16   17  18
                                     12Z  AVG MX 2MIN
DY MAX MIN AVG DEP HDD CDD  WTR  SNW DPTH SPD SPD DIR MIN PSBL S-S WX    SPD DR
================================================================================

 1  92  74  83   8   0  18    T  0.0    0  6.3 17 170   M    M   2 1      21 170
 2  92  71  82   7   0  17 0.10  0.0    0 11.8 25 330   M    M   4 13     35 300
 3  84  60  72  -2   0   7 1.06  0.0    0  7.7 23 330   M    M   0 13     28 330
 4  80  59  70  -4   0   5 0.00  0.0    0  6.9 16  50   M    M   0        21  30
 5  85  56  71  -3   0   6 0.00  0.0    0  6.9 17 160   M    M   1        23 130
 6  86  68  77   3   0  12 0.02  0.0    0  6.0 26  60   M    M   3 13     34  20
 7  91  67  79   6   0  14 0.00  0.0    0  5.9 15 160   M    M   3 12     20 150
 8  90  71  81   8   0  16    T  0.0    0  7.0 18 140   M    M   1 1      24 130
 9  91  70  81   8   0  16    T  0.0    0  7.2 16 160   M    M   1 8      19 160
10  91  75  83  11   0  18 0.00  0.0    0 10.2 22 170   M    M   2 1      27 160
11  86  66  76   4   0  11 0.27  0.0    0  6.3 22 350   M    M   5 13     26 350
12  88  66  77   5   0  12 0.27  0.0    0  7.5 25 140   M    M   6 138    32 140
13  84  59  72   0   0   7 0.96  0.0    0 10.4 31 260   M    M   5 13     43 260
14  77  54  66  -5   0   1 0.00  0.0    0  8.3 17 320   M    M   0        25 310
15  85  51  68  -3   0   3 0.00  0.0    0  3.5 12 270   M    M   0        14 230
16  86  57  72   1   0   7 0.00  0.0    0  6.2 16 180   M    M   0 1      20 180
17  87  61  74   3   0   9 0.00  0.0    0  6.0 13 170   M    M   1 1      17 230
18  88  64  76   6   0  11 0.00  0.0    0  3.4 12  40   M    M   2        14  40
19  82  65  74   4   0   9 0.00  0.0    0  5.7 12  60   M    M   1        15  70
20  83  63  73   3   0   8 0.00  0.0    0  5.7 13  30   M    M   0        16  40
21  83  57  70   0   0   5 0.00  0.0    0  4.5 14  60   M    M   0        17  60
22  83  61  72   3   0   7 0.00  0.0    0  4.5 14  60   M    M   0 18     18  60
23  81  59  70   1   0   5 0.00  0.0    0  4.0 12  10   M    M   0 1      14 360
24  83  57  70   1   0   5 0.00  0.0    0  3.5  9  10   M    M   0        13  20
25  85  57  71   3   0   6 0.00  0.0    0  2.2 10 160   M    M   0 18     13 150
26  85  56  71   3   0   6 0.00  0.0    0  5.5 16 170   M    M   0 12     21 170
27  86  60  73   5   0   8 0.00  0.0    0  8.3 21 180   M    M   2 8      27 170
28  88  62  75   8   0  10 0.00  0.0    0  4.3 10 170   M    M   2        14 190
29  87  63  75   8   0  10 0.00  0.0    0  5.2 16 350   M    M   3 12     19 350
================================================================================
SM 2489 1809         0 269  2.68     0.0 180.9          M       44
================================================================================
AV 85.8 62.4                               6.2 FASTST   M    M   2    MAX(MPH)
                                 MISC ---->  # 31 260               # 43  260
================================================================================
NOTES:
# LAST OF SEVERAL OCCURRENCES

COLUMN 17 PEAK WIND IN M.P.H.

PRELIMINARY LOCAL CLIMATOLOGICAL DATA (WS FORM: F-6) , PAGE 2

                                          STATION:  SUGARLAND/HULL FLD
                                          MONTH:    OCTOBER
                                          YEAR:     2014
                                          LATITUDE:   29 37 N
                                          LONGITUDE:  95 39 W

[TEMPERATURE DATA]      [PRECIPITATION DATA]       SYMBOLS USED IN COLUMN 16

AVERAGE MONTHLY: 74.1   TOTAL FOR MONTH:   2.68    1 = FOG OR MIST
DPTR FM NORMAL:   3.0   DPTR FM NORMAL:   -2.32    2 = FOG REDUCING VISIBILITY
HIGHEST:    92 ON  2, 1 GRTST 24HR  1.23 ON 12-13      TO 1/4 MILE OR LESS
LOWEST:     51 ON 15                               3 = THUNDER
                        SNOW, ICE PELLETS, HAIL    4 = ICE PELLETS
                        TOTAL MONTH:   0.0 INCH    5 = HAIL
                        GRTST 24HR     0.0         6 = FREEZING RAIN OR DRIZZLE
                        GRTST DEPTH:   0           7 = DUSTSTORM OR SANDSTORM:
                                                       VSBY 1/2 MILE OR LESS
                                                   8 = SMOKE OR HAZE
[NO. OF DAYS WITH]      [WEATHER - DAYS WITH]      9 = BLOWING SNOW
                                                   X = TORNADO
MAX 32 OR BELOW:   0    0.01 INCH OR MORE:   6
MAX 90 OR ABOVE:   6    0.10 INCH OR MORE:   5
MIN 32 OR BELOW:   0    0.50 INCH OR MORE:   2
MIN  0 OR BELOW:   0    1.00 INCH OR MORE:   1

[HDD (BASE 65) ]
TOTAL THIS MO.     0    CLEAR  (SCALE 0-3)  24
DPTR FM NORMAL   -20    PTCLDY (SCALE 4-7)   5
TOTAL FM JUL 1     0    CLOUDY (SCALE 8-10)  0
DPTR FM NORMAL   -20

[CDD (BASE 65) ]
TOTAL THIS MO.   269
DPTR FM NORMAL    70    [PRESSURE DATA]
TOTAL FM JAN 1  3084    HIGHEST SLP M ON M
DPTR FM NORMAL   231    LOWEST  SLP 29.67 ON 13

[REMARKS]
