000
CXUS54 KSHV 221300
CF6SHV
PRELIMINARY LOCAL CLIMATOLOGICAL DATA (WS FORM: F-6)

                                          STATION:   SHREVEPORT
                                          MONTH:     DECEMBER
                                          YEAR:      2014
                                          LATITUDE:   32 28 N
                                          LONGITUDE:  93 49 W

  TEMPERATURE IN F:       :PCPN:    SNOW:  WIND      :SUNSHINE: SKY     :PK WND
================================================================================
1   2   3   4   5  6A  6B    7    8   9   10  11  12  13   14  15   16   17  18
                                     12Z  AVG MX 2MIN
DY MAX MIN AVG DEP HDD CDD  WTR  SNW DPTH SPD SPD DIR MIN PSBL S-S WX    SPD DR
================================================================================

 1  68  44  56   5   9   0    T  0.0    0  9.8 20 320   M    M  10 18     25 310
 2  56  40  48  -3  17   0    T  0.0    0  5.2 12 310   M    M  10 18     14 300
 3  61  48  55   5  10   0    T  0.0    0  6.1 13 130   M    M   8 1      17  60
 4  71  53  62  12   3   0 0.00  0.0    0  4.6 10 140   M    M   9 128    17 330
 5  74  60  67  17   0   2 0.21  0.0    0  6.9 15 200   M    M   9 1      21 200
 6  70  51  61  11   4   0 0.00  0.0    0 10.2 18  30   M    M   8 1      22  70
 7  53  47  50   0  15   0    T  0.0    0  9.2 17  60   M    M  10        21  60
 8  64  39  52   3  13   0    T  0.0    0  3.5 12 360   M    M   3 18     15 360
 9  69  38  54   5  11   0 0.00  0.0    0  4.2 13 280   M    M   4 12     16 330
10  55  37  46  -3  19   0 0.00  0.0    0  5.5 14  80   M    M   8 8      17  80
11  49  44  47  -2  18   0 0.30  0.0    0  6.2 12 150   M    M  10 1      12 150
12  53  48  51   3  14   0 0.75  0.0    0  5.3 12 100   M    M  10 1      14 110
13  71  48  60  12   5   0 0.00  0.0    0  4.4 12 160   M    M   6 1      14 170
14  73  48  61  13   4   0 0.00  0.0    0 10.8 21 160   M    M   7 1      28 150
15  74  53  64  16   1   0 0.06  0.0    0 12.8 26 250   M    M   5 1      33 240
16  55  35  45  -3  20   0 0.00  0.0    0  8.1 20 300   M    M   3 8      25 300
17  49  35  42  -6  23   0 0.13  0.0    0  6.0 13  60   M    M   9 1      17 120
18  52  44  48   1  17   0 0.06  0.0    0  6.2 12  90   M    M  10 1      19 100
19  51  47  49   2  16   0 1.34  0.0    0 10.4 22 110   M    M  10 13     27 110
20  47  37  42  -5  23   0 0.00  0.0    0  4.8 12  70   M    M   8 128    14  60
21  60  34  47   0  18   0 0.00  0.0    0  4.0 10 150   M    M   6 12     15 170
================================================================================
SM 1275  930       260   2  2.85     0.0 144.2          M      163
================================================================================
AV 60.7 44.3                               6.9 FASTST   M    M   8    MAX(MPH)
                                 MISC ---->  # 26 250               # 33  240
================================================================================
NOTES:
# LAST OF SEVERAL OCCURRENCES

COLUMN 17 PEAK WIND IN M.P.H.

PRELIMINARY LOCAL CLIMATOLOGICAL DATA (WS FORM: F-6) , PAGE 2

                                          STATION:  SHREVEPORT
                                          MONTH:    DECEMBER
                                          YEAR:     2014
                                          LATITUDE:   32 28 N
                                          LONGITUDE:  93 49 W

[TEMPERATURE DATA]      [PRECIPITATION DATA]       SYMBOLS USED IN COLUMN 16

AVERAGE MONTHLY: 52.5   TOTAL FOR MONTH:   2.85    1 = FOG OR MIST
DPTR FM NORMAL:   3.7   DPTR FM NORMAL:   -0.49    2 = FOG REDUCING VISIBILITY
HIGHEST:    74 ON 15, 5 GRTST 24HR  1.34 ON 19-19      TO 1/4 MILE OR LESS
LOWEST:     34 ON 21                               3 = THUNDER
                        SNOW, ICE PELLETS, HAIL    4 = ICE PELLETS
                        TOTAL MONTH:   0.0 INCH    5 = HAIL
                        GRTST 24HR     0.0         6 = FREEZING RAIN OR DRIZZLE
                        GRTST DEPTH:   0           7 = DUSTSTORM OR SANDSTORM:
                                                       VSBY 1/2 MILE OR LESS
                                                   8 = SMOKE OR HAZE
[NO. OF DAYS WITH]      [WEATHER - DAYS WITH]      9 = BLOWING SNOW
                                                   X = TORNADO
MAX 32 OR BELOW:   0    0.01 INCH OR MORE:   7
MAX 90 OR ABOVE:   0    0.10 INCH OR MORE:   5
MIN 32 OR BELOW:   0    0.50 INCH OR MORE:   2
MIN  0 OR BELOW:   0    1.00 INCH OR MORE:   1

[HDD (BASE 65) ]
TOTAL THIS MO.   260    CLEAR  (SCALE 0-3)   2
DPTR FM NORMAL   -85    PTCLDY (SCALE 4-7)   7
TOTAL FM JUL 1   664    CLOUDY (SCALE 8-10) 12
DPTR FM NORMAL   -52

[CDD (BASE 65) ]
TOTAL THIS MO.     2
DPTR FM NORMAL     2    [PRESSURE DATA]
TOTAL FM JAN 1  2498    HIGHEST SLP M ON M
DPTR FM NORMAL    24    LOWEST  SLP 29.84 ON M

[REMARKS]
