000
CXUS56 KMFR 291000
CF6SIY
PRELIMINARY LOCAL CLIMATOLOGICAL DATA (WS FORM: F-6)

                                          STATION:   MONTAGUE CA
                                          MONTH:     AUGUST
                                          YEAR:      2015
                                          LATITUDE:   41 46 N
                                          LONGITUDE: 122 28 W

  TEMPERATURE IN F:       :PCPN:    SNOW:  WIND      :SUNSHINE: SKY     :PK WND
================================================================================
1   2   3   4   5  6A  6B    7    8   9   10  11  12  13   14  15   16   17  18
                                     12Z  AVG MX 2MIN
DY MAX MIN AVG DEP HDD CDD  WTR  SNW DPTH SPD SPD DIR MIN PSBL S-S WX    SPD DR
================================================================================

 1 103  63  83   9   0  18 0.00    M    M  5.3 17 350   M    M   2 8      20 350
 2  87  71  79   5   0  14 0.01    M    M  6.5 25  90   M    M   4 8      33  90
 3  94  60  77   3   0  12 0.00    M    M  5.6 25 320   M    M   2 8      35 320
 4  93  58  76   3   0  11 0.00    M    M  5.6 22 250   M    M   1 8      27 250
 5  90  59  75   2   0  10 0.00    M    M  7.1 21  20   M    M   1 8      24  10
 6  91  54  73   0   0   8 0.00    M    M  7.6 17 340   M    M   6 8      23 360
 7  89  55  72  -1   0   7 0.00    M    M  5.8 20  10   M    M   5 8      23  10
 8  88  50  69  -4   0   4    T    M    M  5.0 16 310   M    M   2 8      20 320
 9  88  51  70  -2   0   5 0.00    M    M  4.9 13 290   M    M   3 8      16 270
10  86  55  71  -1   0   6 0.00    M    M  6.8 20 320   M    M   2 8      24 330
11  88  59  74   2   0   9 0.00    M    M  5.6 23 180   M    M   0        31 170
12  90  53  72   0   0   7 0.00    M    M  9.3 28 180   M    M   0        34 170
13  91  49  70  -2   0   5 0.00    M    M 12.5 35 170   M    M   0 8      43 170
14  81  51  66  -5   0   1 0.00    M    M  9.4 21  20   M    M   0 8      24  20
15  90  51  71   0   0   6    T    M    M  7.1 16  10   M    M   0        20  10
16  96  53  75   4   0  10 0.00    M    M  6.6 20 360   M    M   0        23 360
17  97  53  75   4   0  10 0.00    M    M  5.3 15 360   M    M   1 8      19 330
18 100  53  77   7   0  12 0.00    M    M  2.9 16 360   M    M   2 8      19  10
19  97  56  77   7   0  12 0.00    M    M  4.4 17 350   M    M   0 8      28  60
20  96  56  76   6   0  11 0.00    M    M  5.0 18  20   M    M   0 8      22  20
21  93  56  75   5   0  10 0.00    M    M  7.8 22 360   M    M   0        26  10
22  94  56  75   6   0  10 0.00    M    M  4.5 14 360   M    M   0 8      17 330
23  95  55  75   6   0  10 0.00    M    M  5.9 15 160   M    M   2 8      19 170
24  94  59  77   8   0  12 0.00    M    M  5.8 17 170   M    M   1 8      22 190
25  95  54  75   7   0  10 0.00    M    M  5.7 25 160   M    M   2 8      29 150
26  92  54  73   5   0   8 0.00    M    M  6.6 23 150   M    M   3 8      28 150
27  93  54  74   6   0   9    T    M    M  6.2 16 290   M    M   1 8      20 320
28  91  62  77   9   0  12 0.00    M    M 10.4 28 150   M    M   0 8      33 160
================================================================================
SM 2582 1560         0 259  0.01    M    181.2          M       40
================================================================================
AV 92.2 55.7                               6.5 FASTST   M    M   1    MAX(MPH)
                                 MISC ---->  # 35 170               # 43  170
================================================================================
NOTES:
# LAST OF SEVERAL OCCURRENCES

COLUMN 17 PEAK WIND IN M.P.H.

PRELIMINARY LOCAL CLIMATOLOGICAL DATA (WS FORM: F-6) , PAGE 2

                                          STATION:  MONTAGUE CA
                                          MONTH:    AUGUST
                                          YEAR:     2015
                                          LATITUDE:   41 46 N
                                          LONGITUDE: 122 28 W

[TEMPERATURE DATA]      [PRECIPITATION DATA]       SYMBOLS USED IN COLUMN 16

AVERAGE MONTHLY: 74.0   TOTAL FOR MONTH:   0.01    1 = FOG OR MIST
DPTR FM NORMAL:   2.9   DPTR FM NORMAL:   -0.32    2 = FOG REDUCING VISIBILITY
HIGHEST:   103 ON  1    GRTST 24HR  0.01 ON  2- 2      TO 1/4 MILE OR LESS
LOWEST:     49 ON 13                               3 = THUNDER
                        SNOW, ICE PELLETS, HAIL    4 = ICE PELLETS
                        TOTAL MONTH:    M          5 = HAIL
                        GRTST 24HR    M  ON   M    6 = FREEZING RAIN OR DRIZZLE
                        GRTST DEPTH:  M  ON   M    7 = DUSTSTORM OR SANDSTORM:
                                                       VSBY 1/2 MILE OR LESS
                                                   8 = SMOKE OR HAZE
[NO. OF DAYS WITH]      [WEATHER - DAYS WITH]      9 = BLOWING SNOW
                                                   X = TORNADO
MAX 32 OR BELOW:   0    0.01 INCH OR MORE:   1
MAX 90 OR ABOVE:  21    0.10 INCH OR MORE:   0
MIN 32 OR BELOW:   0    0.50 INCH OR MORE:   0
MIN  0 OR BELOW:   0    1.00 INCH OR MORE:   0

[HDD (BASE 65) ]
TOTAL THIS MO.     0    CLEAR  (SCALE 0-3)  25
DPTR FM NORMAL    -6    PTCLDY (SCALE 4-7)   3
TOTAL FM JUL 1     0    CLOUDY (SCALE 8-10)  0
DPTR FM NORMAL   -10

[CDD (BASE 65) ]
TOTAL THIS MO.   259
DPTR FM NORMAL    80    [PRESSURE DATA]
TOTAL FM JAN 1   832    HIGHEST SLP M ON M
DPTR FM NORMAL   340    LOWEST  SLP 29.69 ON 28

[REMARKS]
