000
CXUS56 KMFR 301000
CF6SIY
PRELIMINARY LOCAL CLIMATOLOGICAL DATA (WS FORM: F-6)

                                          STATION:   MONTAGUE CA
                                          MONTH:     JUNE
                                          YEAR:      2015
                                          LATITUDE:   41 46 N
                                          LONGITUDE: 122 28 W

  TEMPERATURE IN F:       :PCPN:    SNOW:  WIND      :SUNSHINE: SKY     :PK WND
================================================================================
1   2   3   4   5  6A  6B    7    8   9   10  11  12  13   14  15   16   17  18
                                     12Z  AVG MX 2MIN
DY MAX MIN AVG DEP HDD CDD  WTR  SNW DPTH SPD SPD DIR MIN PSBL S-S WX    SPD DR
================================================================================

 1  69  49  59  -1   6   0 0.35    M    M  4.6 15 240   M    M   8 1      19 220
 2  71  47  59  -1   6   0 0.00    M    M  6.5 17  10   M    M   6        22  10
 3  76  47  62   2   3   0    T    M    M  9.0 21 350   M    M   5        27  10
 4  77  49  63   3   2   0 0.01    M    M  7.8 21  40   M    M   5        26  40
 5  86  45  66   6   0   1 0.00    M    M  6.2 17 350   M    M   1        23 360
 6  91  54  73  12   0   8 0.00    M    M  7.0 18 360   M    M   0        30  30
 7  97  52  75  14   0  10 0.00    M    M  5.1 15 330   M    M   0 8      20 330
 8  98  55  77  16   0  12 0.00    M    M  3.4 15  40   M    M   1 3      19  90
 9  96  62  79  17   0  14    T    M    M  5.5 14 340   M    M   1 3      21  10
10  89  52  71   9   0   6 0.00    M    M  8.0 24 360   M    M   0        30  10
11  92  44  68   6   0   3 0.00    M    M  6.9 22 320   M    M   0        27 340
12  92  53  73  11   0   8 0.00    M    M  8.9 21 360   M    M   0        27 350
13  90  52  71   8   0   6 0.00    M    M 10.2 21 360   M    M   0        25  10
14  93  47  70   7   0   5 0.00    M    M  4.6 20 340   M    M   0        25 320
15  92  50  71   8   0   6 0.00    M    M  6.9 21  10   M    M   0        27  10
16  93  50  72   8   0   7 0.00    M    M  4.5 12 360   M    M   M         M  M
17  93  53  73   9   0   8 0.00    M    M  5.1 18 360   M    M   0 8      23  10
18  91  53  72   8   0   7 0.00    M    M  7.3 21 310   M    M   0        25 290
19  86  50  68   3   0   3 0.00    M    M  8.1 21 360   M    M   0        24 360
20  89  52  71   6   0   6 0.00    M    M  4.9 16 340   M    M   0        25 280
21  86  57  72   6   0   7 0.00    M    M  8.6 24 230   M    M   0        37 250
22  88  51  70   4   0   5 0.00    M    M  7.0 20 360   M    M   0        23  10
23  92  51  72   6   0   7 0.00    M    M  5.8 20  10   M    M   0        23  10
24  95  52  74   7   0   9 0.00    M    M  7.4 22  10   M    M   0        27 360
25 102  56  79  12   0  14 0.00    M    M  6.0 20 350   M    M   0        24 340
26 104  62  83  16   0  18 0.00    M    M  5.5 18 290   M    M   0        24 300
27 104  68  86  18   0  21 0.00    M    M  7.3 22 170   M    M   0        28 150
28  94  65  80  12   0  15    T    M    M  6.6 22 170   M    M   0        27 170
29  99  54  77   9   0  12 0.00    M    M  7.8 18 340   M    M   0        28 350
================================================================================
SM 2625 1532        17 218  0.36    M    192.5          M       27
================================================================================
AV 90.5 52.8                               6.6 FASTST   M    M   1    MAX(MPH)
                                 MISC ---->  # 24 360               # 37  250
================================================================================
NOTES:
# LAST OF SEVERAL OCCURRENCES

COLUMN 17 PEAK WIND IN M.P.H.

PRELIMINARY LOCAL CLIMATOLOGICAL DATA (WS FORM: F-6) , PAGE 2

                                          STATION:  MONTAGUE CA
                                          MONTH:    JUNE
                                          YEAR:     2015
                                          LATITUDE:   41 46 N
                                          LONGITUDE: 122 28 W

[TEMPERATURE DATA]      [PRECIPITATION DATA]       SYMBOLS USED IN COLUMN 16

AVERAGE MONTHLY: 71.7   TOTAL FOR MONTH:   0.36    1 = FOG OR MIST
DPTR FM NORMAL:   8.1   DPTR FM NORMAL:   -0.33    2 = FOG REDUCING VISIBILITY
HIGHEST:   104 ON 27,26 GRTST 24HR  0.35 ON  1- 1      TO 1/4 MILE OR LESS
LOWEST:     44 ON 11                               3 = THUNDER
                        SNOW, ICE PELLETS, HAIL    4 = ICE PELLETS
                        TOTAL MONTH:    M          5 = HAIL
                        GRTST 24HR    M  ON   M    6 = FREEZING RAIN OR DRIZZLE
                        GRTST DEPTH:  M  ON   M    7 = DUSTSTORM OR SANDSTORM:
                                                       VSBY 1/2 MILE OR LESS
                                                   8 = SMOKE OR HAZE
[NO. OF DAYS WITH]      [WEATHER - DAYS WITH]      9 = BLOWING SNOW
                                                   X = TORNADO
MAX 32 OR BELOW:   0    0.01 INCH OR MORE:   2
MAX 90 OR ABOVE:  19    0.10 INCH OR MORE:   1
MIN 32 OR BELOW:   0    0.50 INCH OR MORE:   0
MIN  0 OR BELOW:   0    1.00 INCH OR MORE:   0

[HDD (BASE 65) ]
TOTAL THIS MO.    17    CLEAR  (SCALE 0-3)  24
DPTR FM NORMAL   -76    PTCLDY (SCALE 4-7)   4
TOTAL FM JUL 1  4356    CLOUDY (SCALE 8-10)  0
DPTR FM NORMAL -1126

[CDD (BASE 65) ]
TOTAL THIS MO.   218
DPTR FM NORMAL   164    [PRESSURE DATA]
TOTAL FM JAN 1   233    HIGHEST SLP M ON M
DPTR FM NORMAL   166    LOWEST  SLP 29.72 ON 14

[REMARKS]
