000
CXUS56 KSLC 221249
CF6SLC
PRELIMINARY LOCAL CLIMATOLOGICAL DATA (WS FORM: F-6)

                                          STATION:   SALT LAKE CITY UT
                                          MONTH:     JANUARY
                                          YEAR:      2017
                                          LATITUDE:   40 46 N
                                          LONGITUDE: 111 58 W

  TEMPERATURE IN F:       :PCPN:    SNOW:  WIND      :SUNSHINE: SKY     :PK WND
================================================================================
1   2   3   4   5  6A  6B    7    8   9   10  11  12  13   14  15   16   17  18
                                     12Z  AVG MX 2MIN
DY MAX MIN AVG DEP HDD CDD  WTR  SNW DPTH SPD SPD DIR MIN PSBL S-S WX    SPD DR
================================================================================

 1  27  21  24  -5  41   0 0.00  0.0    4  6.3 15 340   M    M  10 18     17 340
 2  30  19  25  -4  40   0 0.29  6.8    8  6.1 16 330   M    M   9 18     23 330
 3  27  17  22  -7  43   0 0.01  0.6    9  5.7 16 150   M    M   7 18     19 140
 4  41  23  32   3  33   0 0.20  3.2    7 10.0 24 170   M    M  10 18     32 170
 5  23   3  13 -16  52   0 0.10  1.5   10  7.5 17 350   M    M   7 1      20 310
 6  17  -5   6 -23  59   0 0.00  0.0    9  5.4 10 340   M    M   0 1      13 330
 7  19  -6   7 -22  58   0 0.01    T    8  4.0 17 330   M    M   6 18     18 340
 8  50  17  34   5  31   0 0.08  0.1    7  6.9 29 160   M    M   7 146    38 170
 9  50  35  43  14  22   0 0.09    T    4 14.2 31 340   M    M   8 13     42 330
10  46  35  41  12  24   0 0.00  0.0    T 17.1 35 170   0    M  10        48 180
11  45  34  40  11  25   0 0.18  0.0    0 11.1 33 170   M    M   8 1      42 160
12  35  29  32   3  33   0 0.05  0.4    T  3.7 13 310   M    M  10 12     15 300
13  37  28  33   4  32   0 0.00  0.0    0  3.8 12 310   M    M   9 128    13 150
14  34  28  31   2  34   0 0.00  0.0    0  4.5 10 350   M    M   9 18     12 330
15  32  27  30   1  35   0 0.00  0.0    0  4.9 10 330   M    M  10 18     12 310
16  30  22  26  -3  39   0    T    T    T  6.5 14 310   M    M   5 18     16 310
17  32  19  26  -3  39   0 0.00  0.0    0  2.8 12 300   M    M   0 18     12 330
18  32  20  26  -3  39   0 0.00  0.0    0  5.0 15 350   M    M   2 18     18 310
19  35  25  30   0  35   0 0.14  1.1    0  4.1 10 300   M    M   9 128    12 300
20  43  29  36   6  29   0 0.02  0.7    T  8.9 21 170   M    M   9 12     26 160
21  36  29  33   3  32   0 0.54  6.1    T  5.3 16 290   M    M  10 12     18 320
================================================================================
SM  721  449       775   0  1.71    20.5 143.8            0    155
================================================================================
AV 34.3 21.4                               6.8 FASTST    0   M   7    MAX(MPH)
                                 MISC ---->  # 35 170               # 48  180
================================================================================
NOTES:
# LAST OF SEVERAL OCCURRENCES

COLUMN 17 PEAK WIND IN M.P.H.

PRELIMINARY LOCAL CLIMATOLOGICAL DATA (WS FORM: F-6) , PAGE 2

                                          STATION:  SALT LAKE CITY UT
                                          MONTH:    JANUARY
                                          YEAR:     2017
                                          LATITUDE:   40 46 N
                                          LONGITUDE: 111 58 W

[TEMPERATURE DATA]      [PRECIPITATION DATA]       SYMBOLS USED IN COLUMN 16

AVERAGE MONTHLY: 27.9   TOTAL FOR MONTH:   1.71    1 = FOG OR MIST
DPTR FM NORMAL:  -1.3   DPTR FM NORMAL:    0.84    2 = FOG REDUCING VISIBILITY
HIGHEST:    50 ON  9, 8 GRTST 24HR  0.54 ON 21-21      TO 1/4 MILE OR LESS
LOWEST:     -6 ON  7                               3 = THUNDER
                        SNOW, ICE PELLETS, HAIL    4 = ICE PELLETS
                        TOTAL MONTH:  20.5 INCHES  5 = HAIL
                        GRTST 24HR   6.8 ON   M    6 = FREEZING RAIN OR DRIZZLE
                        GRTST DEPTH:  10 ON  5     7 = DUSTSTORM OR SANDSTORM:
                                                       VSBY 1/2 MILE OR LESS
                                                   8 = SMOKE OR HAZE
[NO. OF DAYS WITH]      [WEATHER - DAYS WITH]      9 = BLOWING SNOW
                                                   X = TORNADO
MAX 32 OR BELOW:  10    0.01 INCH OR MORE:  12
MAX 90 OR ABOVE:   0    0.10 INCH OR MORE:   6
MIN 32 OR BELOW:  18    0.50 INCH OR MORE:   1
MIN  0 OR BELOW:   2    1.00 INCH OR MORE:   0

[HDD (BASE 65) ]
TOTAL THIS MO.   775    CLEAR  (SCALE 0-3)   3
DPTR FM NORMAL    21    PTCLDY (SCALE 4-7)   6
TOTAL FM JUL 1  2667    CLOUDY (SCALE 8-10) 12
DPTR FM NORMAL  -381

[CDD (BASE 65) ]
TOTAL THIS MO.     0
DPTR FM NORMAL     0    [PRESSURE DATA]
TOTAL FM JAN 1     0    HIGHEST SLP M ON M
DPTR FM NORMAL     0    LOWEST  SLP 29.24 ON 21

[REMARKS]
