000
CXUS56 KPQR 301200
CF6SLE
PRELIMINARY LOCAL CLIMATOLOGICAL DATA (WS FORM: F-6)

                                          STATION:   SALEM OR
                                          MONTH:     MAY
                                          YEAR:      2016
                                          LATITUDE:   44 55 N
                                          LONGITUDE: 123  0 W

  TEMPERATURE IN F:       :PCPN:    SNOW:  WIND      :SUNSHINE: SKY     :PK WND
================================================================================
1   2   3   4   5  6A  6B    7    8   9   10  11  12  13   14  15   16   17  18
                                     12Z  AVG MX 2MIN
DY MAX MIN AVG DEP HDD CDD  WTR  SNW DPTH SPD SPD DIR MIN PSBL S-S WX    SPD DR
================================================================================

 1  83  47  65  12   0   0 0.00  0.0    0  6.9 16 360   M    M   0        21 360
 2  86  50  68  15   0   3 0.00  0.0    0  4.4 18 310   M    M   1        22 310
 3  72  51  62   8   3   0 0.05  0.0    0  4.4 14  10   M    M   2        17 270
 4  64  54  59   5   6   0    T  0.0    0  8.4 15  50   M    M   9        19  50
 5  70  50  60   6   5   0 0.00  0.0    0  6.6 14 310   M    M   6        18  50
 6  82  46  64  10   1   0 0.00  0.0    0  8.0 20  10   M    M   0        26 360
 7  86  55  71  17   0   6 0.00  0.0    0  7.2 17 280   M    M   0        21 280
 8  67  50  59   4   6   0 0.00  0.0    0  9.4 21 300   M    M   7 18     27 290
 9  68  44  56   1   9   0 0.00  0.0    0  3.5 14  60   M    M   3        19  20
10  80  42  61   6   4   0 0.00  0.0    0  6.5 20  10   M    M   0        27  20
11  86  45  66  11   0   1 0.00  0.0    0  2.5 10 350   M    M   0        12 350
12  83  47  65   9   0   0 0.00  0.0    0  2.6 10 320   M    M   0        12 330
13  82  47  65   9   0   0    T  0.0    0  5.0 15 310   M    M   1 3      19 220
14  57  53  55  -1  10   0 0.45  0.0    0  4.5 14 200   M    M  10 13     18 200
15  62  53  58   2   7   0 0.05  0.0    0  4.3 10 290   M    M  10 1      15 290
16  61  51  56   0   9   0 0.06  0.0    0  5.8 13 300   M    M  10 1      16 280
17  75  54  65   8   0   0 0.00  0.0    0  5.9 14  30   M    M   4        23 360
18  74  50  62   5   3   0 0.00  0.0    0  6.5 21 310   M    M   3        25 310
19  60  47  54  -3  11   0 0.13  0.0    0  6.3 17 270   M    M   8 8      22 270
20  64  46  55  -2  10   0 0.00  0.0    0  4.7 14 280   M    M   9        16 280
21  61  50  56  -1   9   0    T  0.0    0  5.6 12 150   M    M   9        14 160
22  65  49  57  -1   8   0 0.42  0.0    0  8.1 18 210   M    M  10 18     23 210
23  66  48  57  -1   8   0 0.01  0.0    0  7.5 16 180   M    M   8        19 200
24  72  51  62   4   3   0 0.00  0.0    0  5.1 14 310   M    M   8        17 310
25  67  54  61   3   4   0 0.00  0.0    0  5.0 14 310   M    M   9        18 270
26  64  51  58   0   7   0 0.00  0.0    0  6.2 15 290   M    M   9        20 270
27  65  47  56  -2   9   0    T  0.0    0  6.4 18 310   M    M   7        22 310
28  74  41  58  -1   7   0 0.00  0.0    0  4.5 16 320   M    M   0        19 300
29  72  51  62   3   3   0 0.00  0.0    0  5.6 15 310   M    M   6        18 320
================================================================================
SM 2068 1424       142  10  1.17     0.0 167.4          M      149
================================================================================
AV 71.3 49.1                               5.8 FASTST   M    M   5    MAX(MPH)
                                 MISC ---->  # 21 300               # 27  290
================================================================================
NOTES:
# LAST OF SEVERAL OCCURRENCES

COLUMN 17 PEAK WIND IN M.P.H.

PRELIMINARY LOCAL CLIMATOLOGICAL DATA (WS FORM: F-6) , PAGE 2

                                          STATION:  SALEM OR
                                          MONTH:    MAY
                                          YEAR:     2016
                                          LATITUDE:   44 55 N
                                          LONGITUDE: 123  0 W

[TEMPERATURE DATA]      [PRECIPITATION DATA]       SYMBOLS USED IN COLUMN 16

AVERAGE MONTHLY: 60.2   TOTAL FOR MONTH:   1.17    1 = FOG OR MIST
DPTR FM NORMAL:   4.1   DPTR FM NORMAL:   -0.90    2 = FOG REDUCING VISIBILITY
HIGHEST:    86 ON 11, 7 GRTST 24HR  0.45 ON 14-14      TO 1/4 MILE OR LESS
LOWEST:     41 ON 28                               3 = THUNDER
                        SNOW, ICE PELLETS, HAIL    4 = ICE PELLETS
                        TOTAL MONTH:   0.0 INCH    5 = HAIL
                        GRTST 24HR     0.0         6 = FREEZING RAIN OR DRIZZLE
                        GRTST DEPTH:   0           7 = DUSTSTORM OR SANDSTORM:
                                                       VSBY 1/2 MILE OR LESS
                                                   8 = SMOKE OR HAZE
[NO. OF DAYS WITH]      [WEATHER - DAYS WITH]      9 = BLOWING SNOW
                                                   X = TORNADO
MAX 32 OR BELOW:   0    0.01 INCH OR MORE:   7
MAX 90 OR ABOVE:   0    0.10 INCH OR MORE:   3
MIN 32 OR BELOW:   0    0.50 INCH OR MORE:   0
MIN  0 OR BELOW:   0    1.00 INCH OR MORE:   0

[HDD (BASE 65) ]
TOTAL THIS MO.   142    CLEAR  (SCALE 0-3)  10
DPTR FM NORMAL  -124    PTCLDY (SCALE 4-7)   9
TOTAL FM JUL 1  3524    CLOUDY (SCALE 8-10) 10
DPTR FM NORMAL  -985

[CDD (BASE 65) ]
TOTAL THIS MO.    10
DPTR FM NORMAL    10    [PRESSURE DATA]
TOTAL FM JAN 1    17    HIGHEST SLP M ON M
DPTR FM NORMAL    17    LOWEST  SLP 29.72 ON 20

[REMARKS]
