000
CXUS55 KLOX 291655
CF6SMO
PRELIMINARY LOCAL CLIMATOLOGICAL DATA (WS FORM: F-6)

                                          STATION:   SANTA MONICA AIRPORT CA
                                          MONTH:     AUGUST
                                          YEAR:      2016
                                          LATITUDE:   34  0 N
                                          LONGITUDE: 118 27 W

  TEMPERATURE IN F:       :PCPN:    SNOW:  WIND      :SUNSHINE: SKY     :PK WND
================================================================================
1   2   3   4   5  6A  6B    7    8   9   10  11  12  13   14  15   16   17  18
                                     12Z  AVG MX 2MIN
DY MAX MIN AVG DEP HDD CDD  WTR  SNW DPTH SPD SPD DIR MIN PSBL S-S WX    SPD DR
================================================================================

 1  77  67  72   2   0   7 0.00  0.0    0  5.7 14 230   M    M   3        18 240
 2  79  66  73   3   0   8 0.00  0.0    0  5.0 15 230   M    M   4        20 230
 3  78  66  72   2   0   7 0.00  0.0    0  4.9 14 230   M    M   4        18 230
 4  78  67  73   3   0   8 0.00  0.0    0  5.6 15 230   M    M   4        20 230
 5  76  66  71   1   0   6 0.00  0.0    0  5.6 15 250   M    M   6        20 240
 6  76  65  71   2   0   6 0.00  0.0    0  6.2 15 240   M    M   7        20 230
 7  74  66  70   1   0   5 0.00  0.0    0  5.4 15 240   M    M   8        21 220
 8  76  67  72   3   0   7 0.00  0.0    0  4.9 13 210   M    M   7 8      17 220
 9  78  67  73   4   0   8 0.00  0.0    0  6.0 14 200   M    M   6        19 200
10  77  65  71   2   0   6 0.00  0.0    0  4.6 15 220   M    M   5        20 210
11  77  65  71   2   0   6 0.00  0.0    0  6.1 14 240   M    M   5        20 230
12  75  65  70   1   0   5 0.00  0.0    0  6.4 15 230   M    M   3        22 240
13  77  65  71   2   0   6 0.00  0.0    0  5.2 15 250   M    M   0        20 270
14  79  67  73   4   0   8 0.00  0.0    0  4.6 14 230   M    M   1        17 220
15  80  64  72   3   0   7 0.00  0.0    0  4.9 13 210   M    M   2 128    17 200
16  78  62  70   1   0   5 0.00  0.0    0  4.9 12 210   M    M   2 1      15 200
17  78  60  69   0   0   4 0.00  0.0    0  4.6 10 220   M    M   2 18     15 220
18  78  62  70   1   0   5 0.00  0.0    0  5.4 13 230   M    M   4 18     16 240
19  73  61  67  -2   0   2 0.00  0.0    0  5.8 14 240   M    M   1        19 240
20  71  61  66  -3   0   1 0.00  0.0    0  5.4 16 240   M    M   0        20 230
21  74  63  69   0   0   4 0.00  0.0    0  4.6 15 240   M    M   0        18 260
22  75  63  69   0   0   4 0.00  0.0    0  4.1 13 220   M    M   1        17 220
23  76  63  70   1   0   5 0.00  0.0    0  4.2 13 220   M    M   0        16 210
24  75  64  70   1   0   5 0.00  0.0    0  4.3 13 240   M    M   0        19 230
25  75  62  69   0   0   4 0.00  0.0    0  4.5 13 240   M    M   3        18 230
26  74  65  70   1   0   5 0.00  0.0    0  5.8 14 230   M    M   5        21 230
27  74  64  69   0   0   4 0.00  0.0    0  5.4 15 260   M    M   5        20 250
28  74  63  69   0   0   4 0.00  0.0    0  4.9 15 240   M    M   0 8      20 240
================================================================================
SM 2132 1801         0 152  0.00     0.0 145.1          M       88
================================================================================
AV 76.1 64.3                               5.2 FASTST   M    M   3    MAX(MPH)
                                 MISC ---->  # 16 240                 22    M
================================================================================
NOTES:
# LAST OF SEVERAL OCCURRENCES

COLUMN 17 PEAK WIND IN M.P.H.

PRELIMINARY LOCAL CLIMATOLOGICAL DATA (WS FORM: F-6) , PAGE 2

                                          STATION:  SANTA MONICA AIRPORT CA
                                          MONTH:    AUGUST
                                          YEAR:     2016
                                          LATITUDE:   34  0 N
                                          LONGITUDE: 118 27 W

[TEMPERATURE DATA]      [PRECIPITATION DATA]       SYMBOLS USED IN COLUMN 16

AVERAGE MONTHLY: 70.2   TOTAL FOR MONTH:   0.00    1 = FOG OR MIST
DPTR FM NORMAL:   1.1   DPTR FM NORMAL:   -0.05    2 = FOG REDUCING VISIBILITY
HIGHEST:    80 ON 15    GRTST 24HR  0.00 ON 28-28      TO 1/4 MILE OR LESS
LOWEST:     60 ON 17                               3 = THUNDER
                        SNOW, ICE PELLETS, HAIL    4 = ICE PELLETS
                        TOTAL MONTH:   0.0 INCH    5 = HAIL
                        GRTST 24HR     0.0         6 = FREEZING RAIN OR DRIZZLE
                        GRTST DEPTH:   0           7 = DUSTSTORM OR SANDSTORM:
                                                       VSBY 1/2 MILE OR LESS
                                                   8 = SMOKE OR HAZE
[NO. OF DAYS WITH]      [WEATHER - DAYS WITH]      9 = BLOWING SNOW
                                                   X = TORNADO
MAX 32 OR BELOW:   0    0.01 INCH OR MORE:   0
MAX 90 OR ABOVE:   0    0.10 INCH OR MORE:   0
MIN 32 OR BELOW:   0    0.50 INCH OR MORE:   0
MIN  0 OR BELOW:   0    1.00 INCH OR MORE:   0

[HDD (BASE 65) ]
TOTAL THIS MO.     0    CLEAR  (SCALE 0-3)  13
DPTR FM NORMAL     0    PTCLDY (SCALE 4-7)  15
TOTAL FM JUL 1     0    CLOUDY (SCALE 8-10)  0
DPTR FM NORMAL    -4

[CDD (BASE 65) ]
TOTAL THIS MO.   152
DPTR FM NORMAL    33    [PRESSURE DATA]
TOTAL FM JAN 1   567    HIGHEST SLP M ON M
DPTR FM NORMAL   262    LOWEST  SLP 29.72 ON  7

[REMARKS]
