000
CXUS55 KLOX 191155
CF6SMX
PRELIMINARY LOCAL CLIMATOLOGICAL DATA (WS FORM: F-6)

                                          STATION:   SANTA MARIA AIRPORT CA
                                          MONTH:     SEPTEMBER
                                          YEAR:      2017
                                          LATITUDE:   34 54 N
                                          LONGITUDE: 120 27 W

  TEMPERATURE IN F:       :PCPN:    SNOW:  WIND      :SUNSHINE: SKY     :PK WND
================================================================================
1   2   3   4   5  6A  6B    7    8   9   10  11  12  13   14  15   16   17  18
                                     12Z  AVG MX 2MIN
DY MAX MIN AVG DEP HDD CDD  WTR  SNW DPTH SPD SPD DIR MIN PSBL S-S WX    SPD DR
================================================================================

 1 100  56  78  14   0  13 0.00  0.0    0  4.6 14 340   M    M   2        17 300
 2 106  71  89  25   0  24 0.00  0.0    0  4.4 16 120   M    M   2 8      20 120
 3 101  68  85  21   0  20 0.19  0.0    0  6.2 24 270   M    M   3 138    30 260
 4  85  66  76  12   0  11 0.06  0.0    0  5.9 22 180   M    M   7 18     25 170
 5  85  62  74  10   0   9 0.00  0.0    0  5.1 15 310   M    M   6 128    19 320
 6  75  60  68   4   0   3 0.00  0.0    0  5.3 15 300   M    M   7 128    18 310
 7  76  60  68   4   0   3 0.00  0.0    0  9.0 24 300   M    M   4 18     28 290
 8  71  61  66   2   0   1 0.00  0.0    0  7.4 16 320   M    M   9 18     20 310
 9  77  61  69   5   0   4 0.00  0.0    0  5.3 16 320   M    M   7 18     26 330
10  78  60  69   5   0   4 0.22  0.0    0  5.0 22 290   M    M   8 138    25 170
11  87  65  76  12   0  11    T  0.0    0  4.9 16 310   M    M   1 138    20 300
12  77  62  70   7   0   5 0.00  0.0    0  6.3 17 310   M    M   7 18     21 330
13  77  59  68   5   0   3 0.00  0.0    0  6.5 20 310   M    M   7        25 300
14  73  56  65   2   0   0 0.00  0.0    0  6.9 17 300   M    M   8 1      20 300
15  73  54  64   1   1   0 0.00  0.0    0  8.3 29 290   M    M   3 18     35 290
16  73  54  64   1   1   0 0.00  0.0    0  6.8 17 320   M    M   5 1      21 300
17  74  55  65   2   0   0 0.00  0.0    0  5.5 15 320   M    M   5 1      20 300
18  77  57  67   4   0   2 0.00  0.0    0  8.7 25 300   M    M   7 18     32 300
================================================================================
SM 1465 1087         2 113  0.47     0.0 112.1          M       98
================================================================================
AV 81.4 60.4                               6.2 FASTST   M    M   5    MAX(MPH)
                                 MISC ---->  # 29 290               # 35  290
================================================================================
NOTES:
# LAST OF SEVERAL OCCURRENCES

COLUMN 17 PEAK WIND IN M.P.H.

PRELIMINARY LOCAL CLIMATOLOGICAL DATA (WS FORM: F-6) , PAGE 2

                                          STATION:  SANTA MARIA AIRPORT CA
                                          MONTH:    SEPTEMBER
                                          YEAR:     2017
                                          LATITUDE:   34 54 N
                                          LONGITUDE: 120 27 W

[TEMPERATURE DATA]      [PRECIPITATION DATA]       SYMBOLS USED IN COLUMN 16

AVERAGE MONTHLY: 70.9   TOTAL FOR MONTH:   0.47    1 = FOG OR MIST
DPTR FM NORMAL:   7.3   DPTR FM NORMAL:    0.41    2 = FOG REDUCING VISIBILITY
HIGHEST:   106 ON  2    GRTST 24HR  0.22 ON 10-10      TO 1/4 MILE OR LESS
LOWEST:     54 ON 16,15                            3 = THUNDER
                        SNOW, ICE PELLETS, HAIL    4 = ICE PELLETS
                        TOTAL MONTH:   0.0 INCH    5 = HAIL
                        GRTST 24HR     0.0         6 = FREEZING RAIN OR DRIZZLE
                        GRTST DEPTH:   0           7 = DUSTSTORM OR SANDSTORM:
                                                       VSBY 1/2 MILE OR LESS
                                                   8 = SMOKE OR HAZE
[NO. OF DAYS WITH]      [WEATHER - DAYS WITH]      9 = BLOWING SNOW
                                                   X = TORNADO
MAX 32 OR BELOW:   0    0.01 INCH OR MORE:   3
MAX 90 OR ABOVE:   3    0.10 INCH OR MORE:   2
MIN 32 OR BELOW:   0    0.50 INCH OR MORE:   0
MIN  0 OR BELOW:   0    1.00 INCH OR MORE:   0

[HDD (BASE 65) ]
TOTAL THIS MO.     2    CLEAR  (SCALE 0-3)   4
DPTR FM NORMAL   -42    PTCLDY (SCALE 4-7)  12
TOTAL FM JUL 1    43    CLOUDY (SCALE 8-10)  2
DPTR FM NORMAL  -137

[CDD (BASE 65) ]
TOTAL THIS MO.   113
DPTR FM NORMAL    95    [PRESSURE DATA]
TOTAL FM JAN 1   213    HIGHEST SLP M ON M
DPTR FM NORMAL   140    LOWEST  SLP 29.67 ON  1

[REMARKS]
