374
CXUS56 KSGX 261545
CF6SNA
PRELIMINARY LOCAL CLIMATOLOGICAL DATA (WS FORM: F-6)

                                          STATION:   JOHN WAYNE AIRPORT CA
                                          MONTH:     FEBRUARY
                                          YEAR:      2017
                                          LATITUDE:   33 40 N
                                          LONGITUDE: 117 53 W

  TEMPERATURE IN F:       :PCPN:    SNOW:  WIND      :SUNSHINE: SKY     :PK WND
================================================================================
1   2   3   4   5  6A  6B    7    8   9   10  11  12  13   14  15   16   17  18
                                     12Z  AVG MX 2MIN
DY MAX MIN AVG DEP HDD CDD  WTR  SNW DPTH SPD SPD DIR MIN PSBL S-S WX    SPD DR
================================================================================

 1  68  46  57   0   8   0 0.00  0.0    0  3.4 14 200   M    M   5 128    16 190
 2  65  48  57   0   8   0 0.00  0.0    0  4.1 10 220   M    M   5 1      14  90
 3  63  56  60   3   5   0 0.05  0.0    0  2.9 12 100   M    M   9 1      15 110
 4  64  55  60   3   5   0 0.00  0.0    0  3.4 12 220   M    M   7 18     15 210
 5  59  50  55  -2  10   0    T  0.0    0  4.2 10 210   M    M   8 1      15 200
 6  61  54  58   1   7   0 1.11  0.0    0  5.7 12 120   M    M  10 1      16 110
 7  66  59  63   6   2   0 0.38  0.0    0  5.4 10 260   M    M   9 1      16 270
 8  71  58  65   8   0   0 0.02  0.0    0  2.3 10 200   M    M   7 128    13 190
 9  69  56  63   6   2   0 0.00  0.0    0  3.5 12 220   M    M   8 128    14 220
10  64  56  60   3   5   0 0.05  0.0    0  2.7 10 270   M    M   8 1      14 270
11  60  54  57   0   8   0 0.14  0.0    0  3.5 10 190   M    M   9 1      12 200
12  75  51  63   6   2   0 0.00  0.0    0  3.2 18  50   M    M   3        26  30
13  69  50  60   3   5   0 0.00  0.0    0  4.1 15 200   M    M   2        19 190
14  65  54  60   3   5   0 0.00  0.0    0  3.4 14 210   M    M   3 1      17 210
15  73  52  63   6   2   0 0.00  0.0    0  3.6 12 220   M    M   5 128    15 260
16  64  51  58   1   7   0 0.00  0.0    0  4.2 12 230   M    M   6 128    15 230
17  60  53  57   0   8   0 1.58  0.0    0 11.5 32 160   M    M  10 1      49 170
18  58  53  56  -2   9   0 0.15  0.0    0  4.6 12 110   M    M   9 1      19 120
19  62  55  59   1   6   0    T  0.0    0  6.6 14 170   M    M   9 1      19 140
20  65  53  59   1   6   0 0.01  0.0    0  5.5 13 210   M    M   9 1      15 220
21  69  59  64   6   1   0 0.00  0.0    0  2.4 10 120   M    M   8        14 120
22  62  54  58   0   7   0 0.00  0.0    0  5.3 13 220   M    M   5 1      19 240
23  61  48  55  -3  10   0 0.00  0.0    0  5.0 17 250   M    M   1        27 240
24  61  43  52  -6  13   0 0.00  0.0    0  2.8 12 220   M    M   2        15 210
25  61  42  52  -6  13   0 0.00  0.0    0  4.0 14 200   M    M   4        17 220
================================================================================
SM 1615 1310       154   0  3.49     0.0 107.3          M      161
================================================================================
AV 64.6 52.4                               4.3 FASTST   M    M   6    MAX(MPH)
                                 MISC ---->  # 32 160               # 49  170
================================================================================
NOTES:
# LAST OF SEVERAL OCCURRENCES

COLUMN 17 PEAK WIND IN M.P.H.

PRELIMINARY LOCAL CLIMATOLOGICAL DATA (WS FORM: F-6) , PAGE 2

                                          STATION:  JOHN WAYNE AIRPORT CA
                                          MONTH:    FEBRUARY
                                          YEAR:     2017
                                          LATITUDE:   33 40 N
                                          LONGITUDE: 117 53 W

[TEMPERATURE DATA]      [PRECIPITATION DATA]       SYMBOLS USED IN COLUMN 16

AVERAGE MONTHLY: 58.5   TOTAL FOR MONTH:   3.49    1 = FOG OR MIST
DPTR FM NORMAL:   1.2   DPTR FM NORMAL:    0.85    2 = FOG REDUCING VISIBILITY
HIGHEST:    75 ON 12    GRTST 24HR  1.71 ON 17-18      TO 1/4 MILE OR LESS
LOWEST:     42 ON 25                               3 = THUNDER
                        SNOW, ICE PELLETS, HAIL    4 = ICE PELLETS
                        TOTAL MONTH:   0.0 INCH    5 = HAIL
                        GRTST 24HR     0.0         6 = FREEZING RAIN OR DRIZZLE
                        GRTST DEPTH:   0           7 = DUSTSTORM OR SANDSTORM:
                                                       VSBY 1/2 MILE OR LESS
                                                   8 = SMOKE OR HAZE
[NO. OF DAYS WITH]      [WEATHER - DAYS WITH]      9 = BLOWING SNOW
                                                   X = TORNADO
MAX 32 OR BELOW:   0    0.01 INCH OR MORE:   9
MAX 90 OR ABOVE:   0    0.10 INCH OR MORE:   5
MIN 32 OR BELOW:   0    0.50 INCH OR MORE:   2
MIN  0 OR BELOW:   0    1.00 INCH OR MORE:   2

[HDD (BASE 65) ]
TOTAL THIS MO.   154    CLEAR  (SCALE 0-3)   5
DPTR FM NORMAL   -40    PTCLDY (SCALE 4-7)  12
TOTAL FM JUL 1   710    CLOUDY (SCALE 8-10)  8
DPTR FM NORMAL  -176

[CDD (BASE 65) ]
TOTAL THIS MO.     0
DPTR FM NORMAL     0    [PRESSURE DATA]
TOTAL FM JAN 1     0    HIGHEST SLP M ON M
DPTR FM NORMAL    -5    LOWEST  SLP 29.47 ON 17

[REMARKS]
