000
CXUS56 KSGX 291545
CF6SNA
PRELIMINARY LOCAL CLIMATOLOGICAL DATA (WS FORM: F-6)

                                          STATION:   JOHN WAYNE AIRPORT CA
                                          MONTH:     SEPTEMBER
                                          YEAR:      2016
                                          LATITUDE:   33 40 N
                                          LONGITUDE: 117 53 W

  TEMPERATURE IN F:       :PCPN:    SNOW:  WIND      :SUNSHINE: SKY     :PK WND
================================================================================
1   2   3   4   5  6A  6B    7    8   9   10  11  12  13   14  15   16   17  18
                                     12Z  AVG MX 2MIN
DY MAX MIN AVG DEP HDD CDD  WTR  SNW DPTH SPD SPD DIR MIN PSBL S-S WX    SPD DR
================================================================================

 1  77  66  72  -1   0   7 0.00  0.0    0  7.2 16 200   M    M   7 18      M  M
 2  76  66  71  -2   0   6 0.00  0.0    0  7.0 15 200   M    M   6        20 210
 3  74  66  70  -3   0   5 0.00  0.0    0  7.0 15 200   M    M   6        20 210
 4  76  65  71  -2   0   6 0.00  0.0    0  7.0 13 210   M    M   6        18 230
 5  75  65  70  -3   0   5 0.00  0.0    0  6.0 14 190   M    M   5        21 220
 6  78  67  73   0   0   8 0.00  0.0    0  4.0 13 240   M    M   4        19 220
 7  75  64  70  -3   0   5 0.00  0.0    0  6.0 16 200   M    M   5 8      20 200
 8  76  67  72   0   0   7 0.00  0.0    0  4.6 13 220   M    M   5        18 230
 9  78  66  72   0   0   7 0.00  0.0    0  4.5 13 220   M    M   M        16 220
10  80  64  72   0   0   7 0.00  0.0    0  4.2 10 220   M    M   2 18     16 220
11  77  64  71  -1   0   6 0.00  0.0    0  4.7 13 220   M    M   3 18     16 210
12  73  65  69  -3   0   4 0.00  0.0    0  8.6 17 210   M    M   9        23 200
13  72  63  68  -4   0   3    T  0.0    0  6.3 14 200   M    M   8        17 210
14  74  62  68  -4   0   3 0.00  0.0    0  3.8 13 230   M    M   3        17 230
15  76  59  68  -4   0   3 0.00  0.0    0  4.6 14 210   M    M   0        20 200
16  76  60  68  -4   0   3 0.00  0.0    0  3.8 13 210   M    M   2        15 240
17  80  61  71  -1   0   6 0.00  0.0    0  3.0 10 220   M    M   2 18     13 210
18  81  64  73   2   0   8 0.00  0.0    0  4.3 15 210   M    M   4 18     18 220
19  87  61  74   3   0   9    T  0.0    0  3.9 18 200   M    M   6 128    24 190
20  81  71  76   5   0  11    T  0.0    0  2.8 14 210   M    M   4        17 180
21  83  68  76   5   0  11 0.00  0.0    0  5.2 13 220   M    M   3        17 220
22  75  63  69  -2   0   4 0.00  0.0    0  8.1 17 190   M    M   5 1      22 190
23  78  60  69  -2   0   4 0.00  0.0    0  4.7 15 210   M    M   2        19 220
24  84  60  72   2   0   7 0.00  0.0    0  3.9 13 220   M    M   0        17 220
25 102  62  82  12   0  17 0.00  0.0    0  3.5 18 100   M    M   0        27 110
26 106  67  87  17   0  22 0.00  0.0    0  3.4 14 190   M    M   2        17 200
27  93  71  82  12   0  17 0.00  0.0    0  5.6 15 210   M    M   4        18 210
28  90  71  81  11   0  16 0.00  0.0    0  3.8 12 270   M    M   2        16 210
================================================================================
SM 2253 1808         0 217    T      0.0 141.5          M      105
================================================================================
AV 80.5 64.6                               5.1 FASTST   M    M   4    MAX(MPH)
                                 MISC ---->  # 18 200               # 27  110
================================================================================
NOTES:
# LAST OF SEVERAL OCCURRENCES

COLUMN 17 PEAK WIND IN M.P.H.

PRELIMINARY LOCAL CLIMATOLOGICAL DATA (WS FORM: F-6) , PAGE 2

                                          STATION:  JOHN WAYNE AIRPORT CA
                                          MONTH:    SEPTEMBER
                                          YEAR:     2016
                                          LATITUDE:   33 40 N
                                          LONGITUDE: 117 53 W

[TEMPERATURE DATA]      [PRECIPITATION DATA]       SYMBOLS USED IN COLUMN 16

AVERAGE MONTHLY: 72.5   TOTAL FOR MONTH:      T    1 = FOG OR MIST
DPTR FM NORMAL:   0.8   DPTR FM NORMAL:   -0.20    2 = FOG REDUCING VISIBILITY
HIGHEST:   106 ON 26    GRTST 24HR    T  ON 20-20      TO 1/4 MILE OR LESS
LOWEST:     59 ON 15                               3 = THUNDER
                        SNOW, ICE PELLETS, HAIL    4 = ICE PELLETS
                        TOTAL MONTH:   0.0 INCH    5 = HAIL
                        GRTST 24HR     0.0         6 = FREEZING RAIN OR DRIZZLE
                        GRTST DEPTH:   0           7 = DUSTSTORM OR SANDSTORM:
                                                       VSBY 1/2 MILE OR LESS
                                                   8 = SMOKE OR HAZE
[NO. OF DAYS WITH]      [WEATHER - DAYS WITH]      9 = BLOWING SNOW
                                                   X = TORNADO
MAX 32 OR BELOW:   0    0.01 INCH OR MORE:   0
MAX 90 OR ABOVE:   4    0.10 INCH OR MORE:   0
MIN 32 OR BELOW:   0    0.50 INCH OR MORE:   0
MIN  0 OR BELOW:   0    1.00 INCH OR MORE:   0

[HDD (BASE 65) ]
TOTAL THIS MO.     0    CLEAR  (SCALE 0-3)   9
DPTR FM NORMAL     0    PTCLDY (SCALE 4-7)  17
TOTAL FM JUL 1     0    CLOUDY (SCALE 8-10)  1
DPTR FM NORMAL     0

[CDD (BASE 65) ]
TOTAL THIS MO.   217
DPTR FM NORMAL    28    [PRESSURE DATA]
TOTAL FM JAN 1   995    HIGHEST SLP M ON M
DPTR FM NORMAL   235    LOWEST  SLP 29.74 ON  5

[REMARKS]
