840
CXAK56 PAFC 231320
CF6SNP
PRELIMINARY LOCAL CLIMATOLOGICAL DATA (WS FORM: F-6)

                                          STATION:   SAINT PAUL ISLAND
                                          MONTH:     APRIL
                                          YEAR:      2017
                                          LATITUDE:   57  9 N
                                          LONGITUDE: 170 13 W

  TEMPERATURE IN F:       :PCPN:    SNOW:  WIND      :SUNSHINE: SKY     :PK WND
================================================================================
1   2   3   4   5  6A  6B    7    8   9   10  11  12  13   14  15   16   17  18
                                     12Z  AVG MX 2MIN
DY MAX MIN AVG DEP HDD CDD  WTR  SNW DPTH SPD SPD DIR MIN PSBL S-S WX    SPD DR
================================================================================

 1  32  21  27   1  38   0    T    T    0 18.4 26 330   M    M   4        32 320
 2  34  16  25  -1  40   0 0.02  0.2    0  8.2 15 320   M    M   4 1      24 330
 3  24  17  21  -5  44   0    T    T    0 16.1 23 340   M    M   9        29 330
 4  24  19  22  -4  43   0    T    T    0 17.3 26 340   M    M  10 18     34 340
 5  29  20  25  -2  40   0    T    T    0 18.2 25 320   M    M   9 1      31 320
 6  33  19  26  -1  39   0    T    T    0 13.3 22 330   M    M   7        27 330
 7  28  23  26  -1  39   0    T    T    0 12.4 20 340   M    M  10        25 360
 8  30  25  28   1  37   0    T    T    T  6.7 13 120   M    M  10 8      16 110
 9  31  29  30   2  35   0    T    T    0 16.1 23  80   M    M  10 1      28  70
10  33  28  31   3  34   0    T    T    0 10.0 20 120   M    M  10 128    26 130
11  40  30  35   7  30   0 0.38  0.0    0 27.9 38 140   M    M  10 1      48 140
12  39  35  37   9  28   0 0.20    T    0 19.2 36 140   M    M  10 1      43 140
13  41  35  38  10  27   0    T  0.0    0 12.0 17 140   M    M   8 1      20 140
14  38  35  37   8  28   0 0.21    T    0 21.0 30 140   M    M   9 1      36 140
15  43  34  39  10  26   0 0.05  0.0    0 12.1 18 150   M    M  10 12     21 320
16  43  28  36   7  29   0 0.00  0.0    0 10.4 21 320   M    M   4 12     25 320
17  44  25  35   5  30   0 0.00  0.0    0  8.0 14 310   M    M   6 12     18 310
18  35  26  31   1  34   0    T    T    0 16.7 26 340   M    M   8 12     31 350
19  36  29  33   3  32   0    T    T    0 17.2 29 350   M    M   8 1      34 340
20  32  27  30   0  35   0    T    T    0  7.4 15  10   M    M  10        18  10
21  36  28  32   1  33   0    T    T    0 16.4 23  90   M    M   7 1      28  80
22  38  33  36   5  29   0 0.08  0.0    0 19.4 25  50   M    M  10 1      33  50
================================================================================
SM  763  582       750   0  0.94     0.2 324.4          M      183
================================================================================
AV 34.7 26.5                              14.7 FASTST   M    M   8    MAX(MPH)
                                 MISC ---->  # 38 140               # 48  140
================================================================================
NOTES:
# LAST OF SEVERAL OCCURRENCES

COLUMN 17 PEAK WIND IN M.P.H.

PRELIMINARY LOCAL CLIMATOLOGICAL DATA (WS FORM: F-6) , PAGE 2

                                          STATION:  SAINT PAUL ISLAND
                                          MONTH:    APRIL
                                          YEAR:     2017
                                          LATITUDE:   57  9 N
                                          LONGITUDE: 170 13 W

[TEMPERATURE DATA]      [PRECIPITATION DATA]       SYMBOLS USED IN COLUMN 16

AVERAGE MONTHLY: 30.6   TOTAL FOR MONTH:   0.94    1 = FOG OR MIST
DPTR FM NORMAL:   2.3   DPTR FM NORMAL:    0.15    2 = FOG REDUCING VISIBILITY
HIGHEST:    44 ON 17    GRTST 24HR  0.52 ON 11-12      TO 1/4 MILE OR LESS
LOWEST:     16 ON  2                               3 = THUNDER
                        SNOW, ICE PELLETS, HAIL    4 = ICE PELLETS
                        TOTAL MONTH:   0.2 INCH    5 = HAIL
                        GRTST 24HR   0.2 ON   M    6 = FREEZING RAIN OR DRIZZLE
                        GRTST DEPTH:   T           7 = DUSTSTORM OR SANDSTORM:
                                                       VSBY 1/2 MILE OR LESS
                                                   8 = SMOKE OR HAZE
[NO. OF DAYS WITH]      [WEATHER - DAYS WITH]      9 = BLOWING SNOW
                                                   X = TORNADO
MAX 32 OR BELOW:   8    0.01 INCH OR MORE:   6
MAX 90 OR ABOVE:   0    0.10 INCH OR MORE:   3
MIN 32 OR BELOW:  17    0.50 INCH OR MORE:   0
MIN  0 OR BELOW:   0    1.00 INCH OR MORE:   0

[HDD (BASE 65) ]
TOTAL THIS MO.   750    CLEAR  (SCALE 0-3)   0
DPTR FM NORMAL   -57    PTCLDY (SCALE 4-7)   8
TOTAL FM JUL 1  7834    CLOUDY (SCALE 8-10) 14
DPTR FM NORMAL -1135

[CDD (BASE 65) ]
TOTAL THIS MO.     0
DPTR FM NORMAL     0    [PRESSURE DATA]
TOTAL FM JAN 1     0    HIGHEST SLP M ON M
DPTR FM NORMAL     0    LOWEST  SLP 29.36 ON 22

[REMARKS]
