000
CXAK56 PASN 290911
CF6SNP

PRELIMINARY LOCAL CLIMATOLOGICAL DATA (WS FORM: F-6)

                                          STATION:   ST PAUL
                                          MONTH:     04
                                          YEAR:      2016
                                          LATITUDE:   57 10 N
                                          LONGITUDE: 170 13 W

  TEMPERATURE IN F:       :PCPN:    SNOW:  WIND      :SUNSHINE: SKY     :PK WND
================================================================================
1   2   3   4   5  6A  6B    7     8   9   10  11  12  13   14  15   16  17  18
                                      12Z  AVG MX 2MIN
DY MAX MIN AVG DEP HDD CDD  WTR   SNW DPTH SPD SPD DIR MIN PSBL S-S WX   SPD DR
================================================================================

 1  32  29  31   5  34   0     T    T   1 15.9 29   20   M    M   M 1     33  10
 2  32  28  30   4  35   0  0.01    T   1  6.3 10   20   M    M   M 1     11 320
 3  33  31  32   6  33   0  0.02  0.2   1 18.8 30   20   M    M   M 1     36  20
 4  32  27  30   3  35   0     T  0.6   2 28.7 38  360   M    M   M 19    43 360
 5  32  28  30   3  35   0     T    T   2 13.6 24  350   M    M   M 1     28 360
 6  37  30  34   7  31   0  0.00  0.0   0 12.2 22   90   M    M   M       26 100
 7  41  35  38  11  27   0  0.03    T   T 13.2 21   80   M    M   M 1     25  80
 8  38  34  36   9  29   0  0.04    T   T  0.0 31   40   M    M   M 1     37  30
 9  43  33  38  10  27   0  0.03  0.0   T  0.0 29   40   M    M   M 1     35  30
10  41  30  36   8  29   0  0.06    T   T 12.2 21   90   M    M   M 15    25 100
11  41  33  37   9  28   0  0.01    T   T 10.7 18  140   M    M   M 1     22 150
12  43  24  34   6  31   0  0.01    T   T  5.7 13  250   M    M   M 1     18 240
13  39  25  32   3  33   0  0.06    T   T 11.3 21   50   M    M   M 1     25  30
14  41  31  36   7  29   0  0.09  0.0   0 25.9 32  360   M    M   M 1     38  10
15  31  28  30   1  35   0     T    T   0 21.3 32  360   M    M   M       38 350
16  35  23  29   0  36   0     T    T   0 12.8 28  120   M    M   M       33 120
17  41  34  38   8  27   0  0.18    T   0 19.4 33  110   M    M   M 1     42 110
18  42  36  39   9  26   0  0.18  0.0   0  0.0 22  170   M    M   M 1     26 150
19  43  34  39   9  26   0  0.05    T   0 13.6 18   90   M    M   M 1     24 120
20  41  34  38   8  27   0  0.19    T   0 16.9 25   80   M    M   M 1     31  90
21  43  38  41  10  24   0  0.09  0.0   0  0.0 21  110   M    M   M 1     28 110
22  43  38  41  10  24   0  0.08  0.0   0 14.8 21   60   M    M   M       27  60
23  43  38  41  10  24   0     T  0.0   0 13.9 24   90   M    M   M 1     29  90
24  46  39  43  12  22   0  0.02  0.0   0  0.0 28   70   M    M   M 1     35  80
25  46  36  41   9  24   0     T  0.0   0 18.6 26   20   M    M   M       32  30
26  45  35  40   8  25   0  0.01  0.0   0 19.5 28   70   M    M   M 1     36  70
27  46  38  42  10  23   0  0.03  0.0   0 20.4 29   60   M    M   M 1     36  50
28  47  38  43  11  22   0     T  0.0   0 16.9 24   50   M    M   M 1     33  50
================================================================================
SM 1117  907       801   0  1.19 0.8    362.6           M        M
================================================================================
AV 39.9 32.4                             13.0 FASTST  PSBL  %   M    MAX(MPH)
                                 MISC ---->     38  360                 43 360
================================================================================
NOTES:
# LAST OF SEVERAL OCCURRENCES

COLUMN 17 PEAK WIND IN M.P.H.

PRELIMINARY LOCAL CLIMATOLOGICAL DATA (WS FORM: F-6) , PAGE 2

                                          STATION:   ST PAUL
                                          MONTH:     04
                                          YEAR:      2016
                                          LATITUDE:  57 10 N
                                          LONGITUDE: 170 13 W

[TEMPERATURE DATA]      [PRECIPITATION DATA]       SYMBOLS USED IN COLUMN 16

AVERAGE MONTHLY:36.1   TOTAL FOR MONTH: 1.19       1 = FOG
DPTR FM NORMAL:  7.1   DPTR FM NORMAL: 0.18       2 = FOG REDUCING VISIBILITY
HIGHEST:    47 ON 28    GRTST 24HR   0.19 ON 20        TO 1/4 MILE OR LESS
LOWEST:     23 ON 16                               3 = THUNDER
                        SNOW, ICE PELLETS, HAIL    4 = ICE PELLETS
                        TOTAL MONTH: 0.8   INCH  5 = HAIL
                        GRTST 24HR   0.6 ON  4     6 = GLAZE OR RIME
                        GRTST DEPTH:    2 ON  5    7 = BLOWING DUST OR SAND:
                                                       VSBY 1/2 MILE OR LESS
                                                   8 = SMOKE OR HAZE
[NO. OF DAYS WITH]      [WEATHER - DAYS WITH]      9 = BLOWING SNOW
                                                   X = TORNADO
MAX 32 OR BELOW:   5    0.01 INCH OR MORE:  19
MAX 70 OR ABOVE:   0    0.10 INCH OR MORE:   3
MIN 32 OR BELOW:  12    0.50 INCH OR MORE:   0
MIN  0 OR BELOW:   0    1.00 INCH OR MORE:   0

[HDD (BASE 65) ]
TOTAL THIS MO.   801    CLEAR  (SCALE 0-3)   M
DPTR FM NORMAL  -206    PTCLDY (SCALE 4-7)   M
SEASONAL TOTAL  7951    CLOUDY (SCALE 8-10)  M
DPTR FM NORMAL -1212

[CDD (BASE 65) ]
TOTAL THIS MO.     0
DPTR FM NORMAL     0    [PRESSURE DATA]
SEASONAL TOTAL     0    HIGHEST SLP     M
DPTR FM NORMAL     0    LOWEST  SLP     M

[REMARKS]
