000
CXAK56 PAFC 211521
CF6SNP

PRELIMINARY LOCAL CLIMATOLOGICAL DATA (WS FORM: F-6)

                                          STATION:   SAINT PAUL ISLAND
                                          MONTH:     FEBRUARY
                                          YEAR:      2018
                                          LATITUDE:   57  9 N
                                          LONGITUDE: 170 13 W

  TEMPERATURE IN F:       :PCPN:    SNOW:  WIND      :SUNSHINE: SKY     :PK WND
================================================================================
1   2   3   4   5  6A  6B    7    8   9   10  11  12  13   14  15   16   17  18
                                     12Z  AVG MX 2MIN
DY MAX MIN AVG DEP HDD CDD  WTR  SNW DPTH SPD SPD DIR MIN PSBL S-S WX    SPD DR
================================================================================

 1  27  22  25   1  40   0 0.00  0.0    1 25.5 35  40   M    M   7        42  30
 2  31  23  27   3  38   0 0.00  0.0    1 22.3 28  60   M    M   5        37  50
 3  37  31  34  10  31   0 0.05  0.0    M 27.2 33  70   M    M  10 1      41  60
 4  37  35  36  12  29   0 0.02  0.0    0 16.3 24  90   M    M   8 12     35 100
 5  35  31  33   9  32   0 0.13  1.3    0 20.8 31  80   M    M  10 1      37  80
 6  38  32  35  11  30   0 0.03  0.0    1 13.9 24 120   M    M   9 1      31 120
 7  39  37  38  14  27   0 0.11  0.0    0 31.0 40 140   M    M  10 1      50 140
 8  39  36  38  14  27   0 0.02  0.0    0 25.3 41 120   M    M  10 1      53 110
 9  36  31  34  10  31   0 0.01  0.0    0 10.9 20 140   M    M  10 1      23 140
10  38  32  35  11  30   0 0.04  0.0    0  9.8 18 110   M    M  10 1      24 120
11  37  33  35  11  30   0 0.01  0.0    0 12.4 25 290   M    M  10 1      32 290
12  39  32  36  12  29   0 0.08    T    0 23.9 44 180   M    M   8 18     53 180
13  39  33  36  12  29   0 0.06  0.0    0 25.3 39 190   M    M   9 18     53 180
14  40  33  37  13  28   0 0.01    M    0 17.1 36 130   M    M   6 1      47 130
15  40  33  37  13  28   0 0.09    M    0 28.6 44 140   M    M   9 18     53 140
16  39  35  37  13  28   0    T  0.0    0 26.5 38 180   M    M   5 18     46 180
17  39  34  37  13  28   0 0.28  0.0    0 25.8 37 120   M    M   9 1      62 130
18  41  35  38  14  27   0 0.11  0.0    0 27.2 45 160   M    M   8 18     59 160
19  41  36  39  15  26   0 0.02  0.0    0 28.3 46 160   M    M  10 18     60 150
20  40  32  36  12  29   0 0.12  0.0    0 16.4 23 200   M    M   9 1      32 210
================================================================================
SM  752  646       597   0  1.19     1.3 434.5          M      172
================================================================================
AV 37.6 32.3                              21.7 FASTST   M    M   9    MAX(MPH)
                                 MISC ---->  # 46 160               # 62  130
================================================================================
NOTES:
# LAST OF SEVERAL OCCURRENCES

COLUMN 17 PEAK WIND IN M.P.H.

PRELIMINARY LOCAL CLIMATOLOGICAL DATA (WS FORM: F-6) , PAGE 2

                                          STATION:  SAINT PAUL ISLAND
                                          MONTH:    FEBRUARY
                                          YEAR:     2018
                                          LATITUDE:   57  9 N
                                          LONGITUDE: 170 13 W

[TEMPERATURE DATA]      [PRECIPITATION DATA]       SYMBOLS USED IN COLUMN 16

AVERAGE MONTHLY: 35.0   TOTAL FOR MONTH:   1.19    1 = FOG OR MIST
DPTR FM NORMAL:  10.9   DPTR FM NORMAL:    0.22    2 = FOG REDUCING VISIBILITY
HIGHEST:    41 ON 19,18 GRTST 24HR  0.28 ON 17-17      TO 1/4 MILE OR LESS
LOWEST:     22 ON  1                               3 = THUNDER
                        SNOW, ICE PELLETS, HAIL    4 = ICE PELLETS
                        TOTAL MONTH:   1.3 INCHES  5 = HAIL
                        GRTST 24HR   1.3 ON  5- 5  6 = FREEZING RAIN OR DRIZZLE
                        GRTST DEPTH:   1 ON  6, 2  7 = DUSTSTORM OR SANDSTORM:
                                                       VSBY 1/2 MILE OR LESS
                                                   8 = SMOKE OR HAZE
[NO. OF DAYS WITH]      [WEATHER - DAYS WITH]      9 = BLOWING SNOW
                                                   X = TORNADO
MAX 32 OR BELOW:   2    0.01 INCH OR MORE:  17
MAX 90 OR ABOVE:   0    0.10 INCH OR MORE:   5
MIN 32 OR BELOW:   9    0.50 INCH OR MORE:   0
MIN  0 OR BELOW:   0    1.00 INCH OR MORE:   0

[HDD (BASE 65) ]
TOTAL THIS MO.   597    CLEAR  (SCALE 0-3)   0
DPTR FM NORMAL  -223    PTCLDY (SCALE 4-7)   5
TOTAL FM JUL 1  5754    CLOUDY (SCALE 8-10) 15
DPTR FM NORMAL  -845

[CDD (BASE 65) ]
TOTAL THIS MO.     0
DPTR FM NORMAL     0    [PRESSURE DATA]
TOTAL FM JAN 1     0    HIGHEST SLP M ON M
DPTR FM NORMAL     0    LOWEST  SLP 29.30 ON  6

[REMARKS]
