000
CXUS55 KCYS 171000
CF6SNY
PRELIMINARY LOCAL CLIMATOLOGICAL DATA (WS FORM: F-6)

                                          STATION:   SIDNEY NEBRASKA AIRPORT
                                          MONTH:     DECEMBER
                                          YEAR:      2014
                                          LATITUDE:   41  5 N
                                          LONGITUDE: 102 59 W

  TEMPERATURE IN F:       :PCPN:    SNOW:  WIND      :SUNSHINE: SKY     :PK WND
================================================================================
1   2   3   4   5  6A  6B    7    8   9   10  11  12  13   14  15   16   17  18
                                     12Z  AVG MX 2MIN
DY MAX MIN AVG DEP HDD CDD  WTR  SNW DPTH SPD SPD DIR MIN PSBL S-S WX    SPD DR
================================================================================

 1  36  14  25  -6  40   0 0.00    M    M 16.2 31 190   M    M   4        36 190
 2  60  19  40   9  25   0 0.00    M    M 12.5 35 310   M    M   0        42 310
 3  38  17  28  -2  37   0 0.00    M    M 12.7 28 180   M    M   2        34 190
 4  53  22  38   8  27   0 0.00    M    M 10.4 20 200   M    M   0        25 220
 5  53  22  38   8  27   0 0.00    M    M  9.5 22 360   M    M   0        26  10
 6  49  21  35   5  30   0 0.00    M    M 11.6 22 160   M    M   0        29 170
 7  59  21  40  11  25   0 0.00    M    M 12.3 30 330   M    M   0        36 330
 8  55  19  37   8  28   0 0.00    M    M  6.6 16 310   M    M   0        21 320
 9  48  18  33   4  32   0 0.00    M    M  8.4 14 290   M    M   0        16 210
10  62  25  44  15  21   0 0.00    M    M 10.0 16 300   M    M   0        26 320
11  62  21  42  14  23   0 0.00    M    M  8.8 16 210   M    M   0        19 210
12  62  19  41  13  24   0 0.00    M    M  8.2 15 180   M    M   0        18 200
13  47  25  36   8  29   0 0.00    M    M  6.8 15 160   M    M   6 12     18 160
14  32  22  27  -1  38   0 0.29    M    0 16.1 25 350   M    M   8 126    34  10
15  28   9  19  -9  46   0 0.02    M    M 24.2 39 340   M    M   6 1      46 340
16  29   0  15 -13  50   0 0.00    M    M  8.6 25 170   M    M   3 1      31 170
================================================================================
SM  773  294       502   0  0.31    M    182.9          M       29
================================================================================
AV 48.3 18.4                              11.4 FASTST   M    M   2    MAX(MPH)
                                 MISC ---->  # 39 340               # 46  340
================================================================================
NOTES:
# LAST OF SEVERAL OCCURRENCES

COLUMN 17 PEAK WIND IN M.P.H.

PRELIMINARY LOCAL CLIMATOLOGICAL DATA (WS FORM: F-6) , PAGE 2

                                          STATION:  SIDNEY NEBRASKA AIRPORT
                                          MONTH:    DECEMBER
                                          YEAR:     2014
                                          LATITUDE:   41  5 N
                                          LONGITUDE: 102 59 W

[TEMPERATURE DATA]      [PRECIPITATION DATA]       SYMBOLS USED IN COLUMN 16

AVERAGE MONTHLY: 33.3   TOTAL FOR MONTH:   0.31    1 = FOG OR MIST
DPTR FM NORMAL:   4.2   DPTR FM NORMAL:    0.00    2 = FOG REDUCING VISIBILITY
HIGHEST:    62 ON 12,11 GRTST 24HR  0.31 ON 14-15      TO 1/4 MILE OR LESS
LOWEST:      0 ON 16                               3 = THUNDER
                        SNOW, ICE PELLETS, HAIL    4 = ICE PELLETS
                        TOTAL MONTH:    M          5 = HAIL
                        GRTST 24HR    M  ON   M    6 = FREEZING RAIN OR DRIZZLE
                        GRTST DEPTH:   0           7 = DUSTSTORM OR SANDSTORM:
                                                       VSBY 1/2 MILE OR LESS
                                                   8 = SMOKE OR HAZE
[NO. OF DAYS WITH]      [WEATHER - DAYS WITH]      9 = BLOWING SNOW
                                                   X = TORNADO
MAX 32 OR BELOW:   3    0.01 INCH OR MORE:   2
MAX 90 OR ABOVE:   0    0.10 INCH OR MORE:   1
MIN 32 OR BELOW:  16    0.50 INCH OR MORE:   0
MIN  0 OR BELOW:   1    1.00 INCH OR MORE:   0

[HDD (BASE 65) ]
TOTAL THIS MO.   502    CLEAR  (SCALE 0-3)  11
DPTR FM NORMAL   -71    PTCLDY (SCALE 4-7)   5
TOTAL FM JUL 1  1992    CLOUDY (SCALE 8-10)  0
DPTR FM NORMAL    -3

[CDD (BASE 65) ]
TOTAL THIS MO.     0
DPTR FM NORMAL     0    [PRESSURE DATA]
TOTAL FM JAN 1   637    HIGHEST SLP M ON M
DPTR FM NORMAL  -193    LOWEST  SLP 29.61 ON 14

[REMARKS]
