000
CXUS55 KPUB 301059
CF6SPD
PRELIMINARY LOCAL CLIMATOLOGICAL DATA (WS FORM: F-6)

                                          STATION:   SPRINGFIELD CO
                                          MONTH:     JULY
                                          YEAR:      2016
                                          LATITUDE:   37 16 N
                                          LONGITUDE: 102 37 W

  TEMPERATURE IN F:       :PCPN:    SNOW:  WIND      :SUNSHINE: SKY     :PK WND
================================================================================
1   2   3   4   5  6A  6B    7    8   9   10  11  12  13   14  15   16   17  18
                                     12Z  AVG MX 2MIN
DY MAX MIN AVG DEP HDD CDD  WTR  SNW DPTH SPD SPD DIR MIN PSBL S-S WX    SPD DR
================================================================================

 1  82  61  72  -3   0   7    M  0.0    0 11.4 26 280   M    M   0        36 280
 2  84  62  73  -2   0   8 0.00  0.0    0  8.6 18 350   M    M   0        24 290
 3  82  59  71  -5   0   6    M  0.0    0  7.3 24 210   M    M   0        35 220
 4  92  57  75  -1   0  10 0.00  0.0    0  7.6 15 150   M    M   0        19 290
 5  98  56  77   1   0  12 0.00  0.0    0  6.2 16 310   M    M   0        22 330
 6  97  60  79   3   0  14 0.00  0.0    0  8.1 18 300   M    M   0        25 300
 7 100  62  81   5   0  16 0.00  0.0    0 11.1 35 140   M    M   0        42 150
 8  87  66  77   1   0  12 0.00  0.0    0 13.7 29  10   M    M   0        36 360
 9  97  58  78   2   0  13 0.00  0.0    0 10.5 23 140   M    M   0        30 130
10 102  67  85   9   0  20 0.00  0.0    0 15.0 35 170   M    M   0        44 180
11  98  64  81   5   0  16 0.00  0.0    0 14.4 25 360   M    M   0        33 360
12  92  65  79   3   0  14 0.00  0.0    0 11.6 25  20   M    M   0        33  10
13  96  59  78   2   0  13 0.00  0.0    0  8.7 21  10   M    M   0        24  10
14  86  63  75  -1   0  10 0.00  0.0    0 12.0 25  90   M    M   0        30  90
15  96  57  77   1   0  12 0.01  0.0    0 13.4 39  90   M    M   0        47  90
16 101  57  79   3   0  14 0.00  0.0    0 16.6 46 220   M    M   0        70 230
17 100  62  81   5   0  16    M  0.0    0 12.8 33 160   M    M   0        45 180
18  98  61  80   3   0  15 0.00  0.0    0 11.9 25 160   M    M   0        33 160
19  97  65  81   5   0  16    M  0.0    0 15.7 28 170   M    M   0        35 180
20 100  71  86  10   0  21 0.00  0.0    0 17.6 30 170   M    M   0        37 170
21 102  67  85   9   0  20 0.00  0.0    0  9.3 25 190   M    M   0        32 180
22 101  70  86  10   0  21 0.00  0.0    0 10.3 26 190   M    M   0        31 190
23 103  61  82   6   0  17 0.00  0.0    0  9.9 23 320   M    M   0        30 310
24  89  61  75  -1   0  10 0.00  0.0    0  7.8 16  70   M    M   0        22 310
25  87  55  71  -5   0   6 0.00  0.0    0  7.4 20 120   M    M   0        30 120
26  95  59  77   1   0  12 0.00  0.0    0  9.7 21 120   M    M   0        28 110
27  96  63  80   4   0  15 0.18  0.0    0  8.9 41  30   M    M   0        48  20
28  97  61  79   3   0  14 0.01  0.0    0 16.8 41 130   M    M   0        52 140
29  83  59  71  -5   0   6 0.00  0.0    0  9.4 26  30   M    M   0        34  30
================================================================================
SM 2738 1788         0 386  0.20     0.0 323.7          M        0
================================================================================
AV 94.4 61.7                              11.2 FASTST   M    M   0    MAX(MPH)
                                 MISC ---->  # 46 220               # 70  230
================================================================================
NOTES:
# LAST OF SEVERAL OCCURRENCES

COLUMN 17 PEAK WIND IN M.P.H.

PRELIMINARY LOCAL CLIMATOLOGICAL DATA (WS FORM: F-6) , PAGE 2

                                          STATION:  SPRINGFIELD CO
                                          MONTH:    JULY
                                          YEAR:     2016
                                          LATITUDE:   37 16 N
                                          LONGITUDE: 102 37 W

[TEMPERATURE DATA]      [PRECIPITATION DATA]       SYMBOLS USED IN COLUMN 16

AVERAGE MONTHLY: 78.0   TOTAL FOR MONTH:   0.20    1 = FOG OR MIST
DPTR FM NORMAL:   2.1   DPTR FM NORMAL:   -2.43    2 = FOG REDUCING VISIBILITY
HIGHEST:   103 ON 23    GRTST 24HR  0.18 ON 27-27      TO 1/4 MILE OR LESS
LOWEST:     55 ON 25                               3 = THUNDER
                        SNOW, ICE PELLETS, HAIL    4 = ICE PELLETS
                        TOTAL MONTH:   0.0 INCH    5 = HAIL
                        GRTST 24HR     0.0         6 = FREEZING RAIN OR DRIZZLE
                        GRTST DEPTH:   0           7 = DUSTSTORM OR SANDSTORM:
                                                       VSBY 1/2 MILE OR LESS
                                                   8 = SMOKE OR HAZE
[NO. OF DAYS WITH]      [WEATHER - DAYS WITH]      9 = BLOWING SNOW
                                                   X = TORNADO
MAX 32 OR BELOW:   0    0.01 INCH OR MORE:   3
MAX 90 OR ABOVE:  21    0.10 INCH OR MORE:   1
MIN 32 OR BELOW:   0    0.50 INCH OR MORE:   0
MIN  0 OR BELOW:   0    1.00 INCH OR MORE:   0

[HDD (BASE 65) ]
TOTAL THIS MO.     0    CLEAR  (SCALE 0-3)  29
DPTR FM NORMAL     0    PTCLDY (SCALE 4-7)   0
TOTAL FM JUL 1     0    CLOUDY (SCALE 8-10)  0
DPTR FM NORMAL     0

[CDD (BASE 65) ]
TOTAL THIS MO.   386
DPTR FM NORMAL    58    [PRESSURE DATA]
TOTAL FM JAN 1   656    HIGHEST SLP M ON M
DPTR FM NORMAL    66    LOWEST  SLP 29.71 ON M

[REMARKS]
