000
CXUS55 KTBW 251000
CF6SPG
PRELIMINARY LOCAL CLIMATOLOGICAL DATA (WS FORM: F-6)

                                          STATION:   Saint Petersburg
                                          MONTH:     JUNE
                                          YEAR:      2017
                                          LATITUDE:   27 46 N
                                          LONGITUDE:  82 38 W

  TEMPERATURE IN F:       :PCPN:    SNOW:  WIND      :SUNSHINE: SKY     :PK WND
================================================================================
1   2   3   4   5  6A  6B    7    8   9   10  11  12  13   14  15   16   17  18
                                     12Z  AVG MX 2MIN
DY MAX MIN AVG DEP HDD CDD  WTR  SNW DPTH SPD SPD DIR MIN PSBL S-S WX    SPD DR
================================================================================

 1  90  78  84   2   0  19 0.00  0.0    0  7.9 21 110   M    M   1 3      25 120
 2  85  76  81  -1   0  16 1.15  0.0    0  6.1 17 130   M    M   3 13     20 300
 3  86  76  81  -1   0  16 0.49  0.0    0  5.4 20 330   M    M   5 13     25 340
 4  84  75  80  -2   0  15 0.46  0.0    0  4.5 12 150   M    M   6 13     15 100
 5  81  75  78  -4   0  13 0.06  0.0    0  8.3 24 200   M    M   8 1      29 200
 6  84  76  80  -2   0  15 0.53  0.0    0 12.0 22 270   M    M   6 13     31 260
 7  83  73  78  -4   0  13 1.42  0.0    0 12.5 29 240   M    M   7 138    37 240
 8  86  78  82   0   0  17 0.17  0.0    0 10.7 23 260   M    M   6 18     30 260
 9  90  75  83   1   0  18    T  0.0    0  8.1 20  90   M    M   5        24 100
10  86  77  82   0   0  17 0.22  0.0    0  8.6 29 180   M    M   4 1      36 180
11  87  78  83   0   0  18 0.48  0.0    0  9.2 24 110   M    M   3 138    28 130
12  89  74  82  -1   0  17 2.01  0.0    0  9.5 35 150   M    M   3 138    38 150
13  88  76  82  -1   0  17 0.01  0.0    0  8.4 26 160   M    M   2 3      31 160
14  89  76  83   0   0  18 0.01  0.0    0  7.5 37 140   M    M   1 3      47 140
15  87  75  81  -2   0  16 0.21  0.0    0  9.1 28  70   M    M   2 13     31  70
16  88  76  82  -1   0  17 0.07  0.0    0  8.1 21 170   M    M   4 13     23 160
17  89  77  83   0   0  18 0.08  0.0    0  6.1 14 140   M    M   2 3      16 250
18  90  78  84   1   0  19 0.14  0.0    0  9.7 35 130   M    M   2 13     41 130
19  86  77  82  -1   0  17 0.22  0.0    0 12.7 36 160   M    M   5 138    42 160
20  87  78  83   0   0  18 0.36  0.0    0 13.4 25 180   M    M   3 18     30 160
21  90  79  85   2   0  20 0.02  0.0    0 13.7 20 210   M    M   1 38     26 210
22  92  79  86   3   0  21 0.00  0.0    0 10.2 21  80   M    M   2 3      24  80
23  90  78  84   1   0  19 0.00  0.0    0  8.4 20 160   M    M   1        22 160
24  88  79  84   1   0  19 0.40  0.0    0  6.2 16 210   M    M   6        18 210
================================================================================
SM 2095 1839         0 413  8.51     0.0 216.3          M       88
================================================================================
AV 87.3 76.6                               9.0 FASTST   M    M   4    MAX(MPH)
                                 MISC ---->  # 37 140               # 47  140
================================================================================
NOTES:
# LAST OF SEVERAL OCCURRENCES

COLUMN 17 PEAK WIND IN M.P.H.

PRELIMINARY LOCAL CLIMATOLOGICAL DATA (WS FORM: F-6) , PAGE 2

                                          STATION:  Saint Petersburg
                                          MONTH:    JUNE
                                          YEAR:     2017
                                          LATITUDE:   27 46 N
                                          LONGITUDE:  82 38 W

[TEMPERATURE DATA]      [PRECIPITATION DATA]       SYMBOLS USED IN COLUMN 16

AVERAGE MONTHLY: 82.0   TOTAL FOR MONTH:   8.51    1 = FOG OR MIST
DPTR FM NORMAL:  -0.6   DPTR FM NORMAL:    3.69    2 = FOG REDUCING VISIBILITY
HIGHEST:    92 ON 22    GRTST 24HR  2.01 ON 12-12      TO 1/4 MILE OR LESS
LOWEST:     73 ON  7                               3 = THUNDER
                        SNOW, ICE PELLETS, HAIL    4 = ICE PELLETS
                        TOTAL MONTH:   0.0 INCH    5 = HAIL
                        GRTST 24HR     0.0         6 = FREEZING RAIN OR DRIZZLE
                        GRTST DEPTH:   0           7 = DUSTSTORM OR SANDSTORM:
                                                       VSBY 1/2 MILE OR LESS
                                                   8 = SMOKE OR HAZE
[NO. OF DAYS WITH]      [WEATHER - DAYS WITH]      9 = BLOWING SNOW
                                                   X = TORNADO
MAX 32 OR BELOW:   0    0.01 INCH OR MORE:  20
MAX 90 OR ABOVE:   6    0.10 INCH OR MORE:  14
MIN 32 OR BELOW:   0    0.50 INCH OR MORE:   4
MIN  0 OR BELOW:   0    1.00 INCH OR MORE:   3

[HDD (BASE 65) ]
TOTAL THIS MO.     0    CLEAR  (SCALE 0-3)  11
DPTR FM NORMAL     0    PTCLDY (SCALE 4-7)  13
TOTAL FM JUL 1   144    CLOUDY (SCALE 8-10)  0
DPTR FM NORMAL  -273

[CDD (BASE 65) ]
TOTAL THIS MO.   413
DPTR FM NORMAL    -9    [PRESSURE DATA]
TOTAL FM JAN 1  1548    HIGHEST SLP 29.88 ON 18
DPTR FM NORMAL   213    LOWEST  SLP 29.68 ON  8

[REMARKS]
