000
CXUS54 KOUN 310800
CF6SPS
PRELIMINARY LOCAL CLIMATOLOGICAL DATA (WS FORM: F-6)

                                          STATION:   WICHITA FALLS
                                          MONTH:     OCTOBER
                                          YEAR:      2014
                                          LATITUDE:   33 58 N
                                          LONGITUDE:  98 29 W

  TEMPERATURE IN F:       :PCPN:    SNOW:  WIND      :SUNSHINE: SKY     :PK WND
================================================================================
1   2   3   4   5  6A  6B    7    8   9   10  11  12  13   14  15   16   17  18
                                     12Z  AVG MX 2MIN
DY MAX MIN AVG DEP HDD CDD  WTR  SNW DPTH SPD SPD DIR MIN PSBL S-S WX    SPD DR
================================================================================

 1  98  72  85  15   0  20 0.01  0.0    0 16.0 25 210   M    M   3        31 210
 2  87  58  73   4   0   8 0.00  0.0    0 14.9 30 330   M    M   2        36 320
 3  76  54  65  -4   0   0 0.00  0.0    0 10.5 29 360   M    M   0        35 360
 4  82  43  63  -6   2   0 0.00  0.0    0  8.4 18 190   M    M   0        24 210
 5  90  52  71   3   0   6 0.00  0.0    0  8.4 18 160   M    M   1        21 130
 6  92  63  78  10   0  13 0.00  0.0    0 10.3 18  90   M    M   1        22  90
 7 100  61  81  13   0  16 0.00  0.0    0 10.9 24 240   M    M   1        30 230
 8  93  71  82  15   0  17 0.00  0.0    0 12.9 21 140   M    M   4        26 180
 9  93  70  82  15   0  17 0.00  0.0    0 12.9 23 200   M    M   3        29 170
10  88  55  72   6   0   7 0.85  0.0    0 16.6 30 360   M    M   7 13     34 360
11  60  50  55 -11  10   0 0.00  0.0    0 10.5 23 340   M    M   9 1      28 330
12  82  47  65  -1   0   0 0.35  0.0    0 14.6 32 330   M    M   0 13     42 320
13  68  54  61  -5   4   0 0.08  0.0    0 19.0 36 320   M    M   5 1      44 320
14  76  50  63  -2   2   0 0.00  0.0    0 11.5 21 320   M    M   0        28 330
15  82  48  65   0   0   0 0.00  0.0    0  4.9 13 170   M    M   0        13 170
16  90  51  71   7   0   6 0.00  0.0    0 12.3 22 190   M    M   2 8      27 180
17  84  55  70   6   0   5 0.00  0.0    0 11.7 23  40   M    M   2        28  40
18  78  53  66   2   0   1 0.00  0.0    0  9.9 18  60   M    M   0        23  40
19  75  55  65   1   0   0 0.01  0.0    0  7.8 15 150   M    M   5        18 140
20  84  56  70   7   0   5 0.00  0.0    0  7.8 16 220   M    M   1 1      19 200
21  83  57  70   7   0   5 0.00  0.0    0  7.1 15 130   M    M   0 18     20 170
22  78  54  66   4   0   1    T  0.0    0  7.2 17 160   M    M   5 1      21 160
23  82  60  71   9   0   6 0.00  0.0    0  7.0 15 210   M    M   4        21 220
24  87  58  73  11   0   8 0.00  0.0    0  9.1 17 200   M    M   1 1      26 110
25  91  56  74  12   0   9 0.00  0.0    0  8.5 16 190   M    M   0        21 250
26  90  60  75  14   0  10 0.00  0.0    0 15.9 28 190   M    M   0        35 180
27  87  66  77  16   0  12 0.00  0.0    0 15.8 23 200   M    M   4        30 220
28  76  51  64   4   1   0 0.00  0.0    0 14.3 26  20   M    M   3        34  20
29  75  43  59  -1   6   0 0.00  0.0    0  5.8 13 110   M    M   0        16 110
30  80  50  65   5   0   0 0.00  0.0    0  9.8 20  30   M    M   1        23  20
================================================================================
SM 2507 1673        25 172  1.30     0.0 332.3          M       64
================================================================================
AV 83.6 55.8                              11.1 FASTST   M    M   2    MAX(MPH)
                                 MISC ---->  # 36 320               # 44  320
================================================================================
NOTES:
# LAST OF SEVERAL OCCURRENCES

COLUMN 17 PEAK WIND IN M.P.H.

PRELIMINARY LOCAL CLIMATOLOGICAL DATA (WS FORM: F-6) , PAGE 2

                                          STATION:  WICHITA FALLS
                                          MONTH:    OCTOBER
                                          YEAR:     2014
                                          LATITUDE:   33 58 N
                                          LONGITUDE:  98 29 W

[TEMPERATURE DATA]      [PRECIPITATION DATA]       SYMBOLS USED IN COLUMN 16

AVERAGE MONTHLY: 69.7   TOTAL FOR MONTH:   1.30    1 = FOG OR MIST
DPTR FM NORMAL:   5.0   DPTR FM NORMAL:   -1.72    2 = FOG REDUCING VISIBILITY
HIGHEST:   100 ON  7    GRTST 24HR  0.85 ON 10-10      TO 1/4 MILE OR LESS
LOWEST:     43 ON 29, 4                            3 = THUNDER
                        SNOW, ICE PELLETS, HAIL    4 = ICE PELLETS
                        TOTAL MONTH:   0.0 INCH    5 = HAIL
                        GRTST 24HR     0.0         6 = FREEZING RAIN OR DRIZZLE
                        GRTST DEPTH:   0           7 = DUSTSTORM OR SANDSTORM:
                                                       VSBY 1/2 MILE OR LESS
                                                   8 = SMOKE OR HAZE
[NO. OF DAYS WITH]      [WEATHER - DAYS WITH]      9 = BLOWING SNOW
                                                   X = TORNADO
MAX 32 OR BELOW:   0    0.01 INCH OR MORE:   5
MAX 90 OR ABOVE:   9    0.10 INCH OR MORE:   2
MIN 32 OR BELOW:   0    0.50 INCH OR MORE:   1
MIN  0 OR BELOW:   0    1.00 INCH OR MORE:   0

[HDD (BASE 65) ]
TOTAL THIS MO.    25    CLEAR  (SCALE 0-3)  22
DPTR FM NORMAL   -80    PTCLDY (SCALE 4-7)   7
TOTAL FM JUL 1    33    CLOUDY (SCALE 8-10)  1
DPTR FM NORMAL   -85

[CDD (BASE 65) ]
TOTAL THIS MO.   172
DPTR FM NORMAL    74    [PRESSURE DATA]
TOTAL FM JAN 1  2558    HIGHEST SLP M ON M
DPTR FM NORMAL   181    LOWEST  SLP 29.47 ON 13

[REMARKS]
