000
CXUS54 KLZK 271130
CF6SRC
PRELIMINARY LOCAL CLIMATOLOGICAL DATA (WS FORM: F-6)

                                          STATION:   Searcy Airport
                                          MONTH:     MAY
                                          YEAR:      2017
                                          LATITUDE:   35 12 N
                                          LONGITUDE:  91 44 W

  TEMPERATURE IN F:       :PCPN:    SNOW:  WIND      :SUNSHINE: SKY     :PK WND
================================================================================
1   2   3   4   5  6A  6B    7    8   9   10  11  12  13   14  15   16   17  18
                                     12Z  AVG MX 2MIN
DY MAX MIN AVG DEP HDD CDD  WTR  SNW DPTH SPD SPD DIR MIN PSBL S-S WX    SPD DR
================================================================================

 1  71  49  60  -5   5   0 0.00  0.0    0 10.0 17 260   M    M   6        27 260
 2  82  42  62  -3   3   0 0.00  0.0    0  3.8 13 160   M    M   0         M  M
 3   M   M   M   M   M   M 1.09  0.0    0  5.2 14 130   M    M   3 13     24 130
 4   M   M   M   M   M   M 0.88    M    0  9.8 20 340   M    M  10 1      32 350
 5  73  48  61  -5   4   0 0.00  0.0    0  8.9 18 350   M    M   0        29 350
 6  80  44  62  -5   3   0 0.00  0.0    0  5.2 13 230   M    M   0        18 250
 7  79  52  66  -1   0   1 0.00  0.0    0  4.3  9 130   M    M   0         M  M
 8  85  55  70   3   0   5 0.00  0.0    0  3.4 12 190   M    M   0         M  M
 9  85  57  71   3   0   6 0.00  0.0    0  3.9 10 230   M    M   0 1       M  M
10  85  60  73   5   0   8    T  0.0    0  5.2 16 180   M    M   1        18 200
11   M   M   M   M   M   M 0.31  0.0    0  4.7 10 200   M    M   5 13      M  M
12  71  61  66  -2   0   1 0.50  0.0    0  7.7 14  10   M    M   9 1      20  50
13  77  56  67  -2   0   2 0.00  0.0    0  6.4 15  40   M    M   1        21  70
14  82  51  67  -2   0   2 0.00  0.0    0  3.0 10 180   M    M   0         M  M
15  85  55  70   1   0   5 0.00  0.0    0  3.5 13 160   M    M   1 1       M  M
16  87  59  73   3   0   8 0.00  0.0    0  6.7 16 170   M    M   2 1      24 200
17  84  69  77   7   0  12    T  0.0    0 11.2 21 190   M    M   6        30 160
18  87  71  79   9   0  14 0.00  0.0    0  9.2 15 180   M    M   6        20 160
19  86  65  76   5   0  11 1.26  0.0    0  3.0  7 170   M    M   8 13      M  M
20  79  63  71   0   0   6 2.05  0.0    0  4.7 10 170   M    M   8 13      M  M
21  77  57  67  -4   0   2 0.00  0.0    0  5.2 12 330   M    M   2        16 340
22  75  56  66  -6   0   1 0.00  0.0    0  3.7  8 160   M    M   3         M  M
23  76  55  66  -6   0   1 0.09  0.0    0  2.7 13 360   M    M   5 3      21 360
24  69  55  62 -10   3   0 0.20  0.0    0  5.7 13 320   M    M   6 3      20 320
25  79  48  64  -8   1   0 0.00  0.0    0  4.7 14 170   M    M   0        16 190
26  82  63  73   0   0   8 0.00  0.0    0  8.2 15 190   M    M   6        22 200
================================================================================
SM 1836 1291        19  93  6.38     0.0 150.0          M       88
================================================================================
AV 79.8 56.1                               5.8 FASTST   M    M   3    MAX(MPH)
                                 MISC ---->  # 21 190               # 32  350
================================================================================
NOTES:
# LAST OF SEVERAL OCCURRENCES

COLUMN 17 PEAK WIND IN M.P.H.

PRELIMINARY LOCAL CLIMATOLOGICAL DATA (WS FORM: F-6) , PAGE 2

                                          STATION:  Searcy Airport
                                          MONTH:    MAY
                                          YEAR:     2017
                                          LATITUDE:   35 12 N
                                          LONGITUDE:  91 44 W

[TEMPERATURE DATA]      [PRECIPITATION DATA]       SYMBOLS USED IN COLUMN 16

AVERAGE MONTHLY: 68.0   TOTAL FOR MONTH:   6.38    1 = FOG OR MIST
DPTR FM NORMAL:  -0.9   DPTR FM NORMAL:    1.57    2 = FOG REDUCING VISIBILITY
HIGHEST:    87 ON 18,16 GRTST 24HR  2.05 ON 20-20      TO 1/4 MILE OR LESS
LOWEST:     42 ON  2                               3 = THUNDER
                        SNOW, ICE PELLETS, HAIL    4 = ICE PELLETS
                        TOTAL MONTH:   0.0 INCH    5 = HAIL
                        GRTST 24HR     0.0         6 = FREEZING RAIN OR DRIZZLE
                        GRTST DEPTH:   0           7 = DUSTSTORM OR SANDSTORM:
                                                       VSBY 1/2 MILE OR LESS
                                                   8 = SMOKE OR HAZE
[NO. OF DAYS WITH]      [WEATHER - DAYS WITH]      9 = BLOWING SNOW
                                                   X = TORNADO
MAX 32 OR BELOW:   0    0.01 INCH OR MORE:   8
MAX 90 OR ABOVE:   0    0.10 INCH OR MORE:   7
MIN 32 OR BELOW:   0    0.50 INCH OR MORE:   5
MIN  0 OR BELOW:   0    1.00 INCH OR MORE:   3

[HDD (BASE 65) ]
TOTAL THIS MO.    19    CLEAR  (SCALE 0-3)  13
DPTR FM NORMAL   -13    PTCLDY (SCALE 4-7)  11
TOTAL FM JUL 1  2408    CLOUDY (SCALE 8-10)  2
DPTR FM NORMAL -1122

[CDD (BASE 65) ]
TOTAL THIS MO.    93
DPTR FM NORMAL   -42    [PRESSURE DATA]
TOTAL FM JAN 1   186    HIGHEST SLP M ON M
DPTR FM NORMAL    -1    LOWEST  SLP M ON M

[REMARKS]
