000
CXUS54 KLZK 301330
CF6SRC
PRELIMINARY LOCAL CLIMATOLOGICAL DATA (WS FORM: F-6)

                                          STATION:   Searcy Airport
                                          MONTH:     JUNE
                                          YEAR:      2015
                                          LATITUDE:   35 12 N
                                          LONGITUDE:  91 44 W

  TEMPERATURE IN F:       :PCPN:    SNOW:  WIND      :SUNSHINE: SKY     :PK WND
================================================================================
1   2   3   4   5  6A  6B    7    8   9   10  11  12  13   14  15   16   17  18
                                     12Z  AVG MX 2MIN
DY MAX MIN AVG DEP HDD CDD  WTR  SNW DPTH SPD SPD DIR MIN PSBL S-S WX    SPD DR
================================================================================

 1  74  61  68  -6   0   3 0.00  0.0    0  6.5 12  30   M    M   9         M  M
 2  78  61  70  -5   0   5 0.00  0.0    0  5.3  9 130   M    M   7         M  M
 3  78  63  71  -4   0   6 0.00  0.0    0  2.8  8  80   M    M   7 1       M  M
 4  87  60  74  -1   0   9 0.00  0.0    0  1.5  7  90   M    M   0 1       M  M
 5  90  63  77   2   0  12 0.02  0.0    0  2.1  8 180   M    M   0 1       M  M
 6  87  68  78   2   0  13    T  0.0    0  2.5  8  80   M    M   5 1       M  M
 7  93  67  80   4   0  15 0.00  0.0    0  3.7  9 170   M    M   0 1       M  M
 8  90  72  81   5   0  16 0.02  0.0    0  5.9 12 230   M    M   1 1      17 220
 9  93  66  80   4   0  15 0.00  0.0    0  1.9  6 130   M    M   1 1       M  M
10  94  66  80   3   0  15 0.00  0.0    0  2.1  8 180   M    M   0         M  M
11  93  69  81   4   0  16 0.00  0.0    0  4.9 10 180   M    M   1 18      M  M
12  92  73  83   6   0  18 0.00  0.0    0  7.1 12 190   M    M   2         M  M
13  88  72  80   3   0  15 0.09  0.0    0  8.1 14 190   M    M   6         M  M
14  91  72  82   4   0  17 0.19  0.0    0  5.8 14 160   M    M   6         M  M
15  90  71  81   3   0  16    T  0.0    0  4.3 12 180   M    M   3         M  M
16  92  71  82   4   0  17 0.00  0.0    0  3.6 14 150   M    M   2         M  M
17  92  71  82   4   0  17 0.07  0.0    0  4.9 12 170   M    M   3 1       M  M
18   M   M   M   M   M   M 1.74    M    0  9.6 21 180   M    M   8 1      29 180
19  85  73  79   0   0  14 0.31  0.0    0  7.6 16 210   M    M   8 1      23 210
20  93  68  81   2   0  16 0.00  0.0    0  4.3 10 210   M    M   1 1      16 210
21  89  74  82   3   0  17 0.00  0.0    0  4.7 10 210   M    M   0        17 210
22  92  72  82   3   0  17 0.00  0.0    0  6.4 13 210   M    M   2        18 200
23  95  72  84   5   0  19 0.00  0.0    0  3.9  9 260   M    M   0         M  M
24  98  74  86   6   0  21 0.00  0.0    0  3.2  7 200   M    M   0 1       M  M
25  95  72  84   4   0  19 0.00  0.0    0  4.4  8 230   M    M   1         M  M
26  94  71  83   3   0  18 0.42  0.0    0  4.8 10 250   M    M   3 1      16 360
27  84  69  77  -3   0  12 0.00  0.0    0  5.7 13  20   M    M   4         M  M
28  87  65  76  -4   0  11 0.00  0.0    0  4.6  9 220   M    M   1         M  M
29  92  67  80   0   0  15 0.02  0.0    0  3.8  8 260   M    M   3 8      16  99
================================================================================
SM 2506 1923         0 404  2.88     0.0 136.0          M       84
================================================================================
AV 89.5 68.7                               4.7 FASTST   M    M   3    MAX(MPH)
                                 MISC ---->    21   M                 29    M
================================================================================
NOTES:
# LAST OF SEVERAL OCCURRENCES

COLUMN 17 PEAK WIND IN M.P.H.

PRELIMINARY LOCAL CLIMATOLOGICAL DATA (WS FORM: F-6) , PAGE 2

                                          STATION:  Searcy Airport
                                          MONTH:    JUNE
                                          YEAR:     2015
                                          LATITUDE:   35 12 N
                                          LONGITUDE:  91 44 W

[TEMPERATURE DATA]      [PRECIPITATION DATA]       SYMBOLS USED IN COLUMN 16

AVERAGE MONTHLY: 79.1   TOTAL FOR MONTH:   2.88    1 = FOG OR MIST
DPTR FM NORMAL:   1.5   DPTR FM NORMAL:    0.08    2 = FOG REDUCING VISIBILITY
HIGHEST:    98 ON 24    GRTST 24HR  1.74 ON 18-18      TO 1/4 MILE OR LESS
LOWEST:     60 ON  4                               3 = THUNDER
                        SNOW, ICE PELLETS, HAIL    4 = ICE PELLETS
                        TOTAL MONTH:   0.0 INCH    5 = HAIL
                        GRTST 24HR     0.0         6 = FREEZING RAIN OR DRIZZLE
                        GRTST DEPTH:   0           7 = DUSTSTORM OR SANDSTORM:
                                                       VSBY 1/2 MILE OR LESS
                                                   8 = SMOKE OR HAZE
[NO. OF DAYS WITH]      [WEATHER - DAYS WITH]      9 = BLOWING SNOW
                                                   X = TORNADO
MAX 32 OR BELOW:   0    0.01 INCH OR MORE:   9
MAX 90 OR ABOVE:  18    0.10 INCH OR MORE:   4
MIN 32 OR BELOW:   0    0.50 INCH OR MORE:   1
MIN  0 OR BELOW:   0    1.00 INCH OR MORE:   1

[HDD (BASE 65) ]
TOTAL THIS MO.     0    CLEAR  (SCALE 0-3)  19
DPTR FM NORMAL     0    PTCLDY (SCALE 4-7)   8
TOTAL FM JUL 1  3616    CLOUDY (SCALE 8-10)  2
DPTR FM NORMAL    85

[CDD (BASE 65) ]
TOTAL THIS MO.   404
DPTR FM NORMAL    38    [PRESSURE DATA]
TOTAL FM JAN 1   635    HIGHEST SLP M ON M
DPTR FM NORMAL    39    LOWEST  SLP M ON M

[REMARKS]
