000
CXUS55 KTBW 251000
CF6SRQ
PRELIMINARY LOCAL CLIMATOLOGICAL DATA (WS FORM: F-6)

                                          STATION:   Sarasota Bradenton
                                          MONTH:     MAY
                                          YEAR:      2017
                                          LATITUDE:   27 23 N
                                          LONGITUDE:  82 33 W

  TEMPERATURE IN F:       :PCPN:    SNOW:  WIND      :SUNSHINE: SKY     :PK WND
================================================================================
1   2   3   4   5  6A  6B    7    8   9   10  11  12  13   14  15   16   17  18
                                     12Z  AVG MX 2MIN
DY MAX MIN AVG DEP HDD CDD  WTR  SNW DPTH SPD SPD DIR MIN PSBL S-S WX    SPD DR
================================================================================

 1  88  72  80   6   0  15 0.00  0.0    0 12.4 22 180   M    M   1        29 170
 2  88  72  80   6   0  15    T  0.0    0  9.3 15 120   M    M   4 3      19 190
 3  90  71  81   7   0  16 0.00  0.0    0  7.7 15 270   M    M   4 3      22 250
 4  87  71  79   5   0  14    T  0.0    0 12.9 26 290   M    M   2 1      38 260
 5  79  67  73  -1   0   8    T  0.0    0 17.1 31 290   M    M   5 3      39 290
 6  79  63  71  -4   0   6    T  0.0    0 14.5 31 310   M    M   2        39 310
 7  82  60  71  -4   0   6 0.00  0.0    0  9.6 22 280   M    M   0        28 280
 8  86  60  73  -2   0   8 0.00  0.0    0  8.6 20 280   M    M   0 8      23 280
 9  90  60  75   0   0  10 0.00  0.0    0  6.7 16 270   M    M   0 8      19 280
10  88  65  77   2   0  12 0.00  0.0    0  7.9 20 280   M    M   0        25 280
11  88  66  77   1   0  12 0.00  0.0    0  6.8 20 280   M    M   0        22 270
12  85  67  76   0   0  11 0.00  0.0    0  6.6 15 230   M    M   0 8      18 230
13  88  75  82   6   0  17 0.08  0.0    0 13.4 23 210   M    M   4 38     30 210
14  86  73  80   4   0  15 0.00  0.0    0  9.5 17 290   M    M   2        22 280
15  94  72  83   7   0  18 0.00  0.0    0  8.8 20 290   M    M   3        24 300
16  94  71  83   7   0  18 0.02  0.0    0 10.2 16 120   M    M   3 38     19 270
17  97  74  86   9   0  21 0.00  0.0    0  9.9 18  90   M    M   2 8      27 110
18 100  73  87  10   0  22    T  0.0    0 12.7 22  90   M    M   3        27 110
19  97  75  86   9   0  21 2.05  0.0    0 12.1 28 150   M    M   5 13     31 150
20  92  74  83   6   0  18 0.35  0.0    0  9.0 18 130   M    M   4 13     22 140
21  88  71  80   3   0  15 1.68  0.0    0  7.8 16 170   M    M   2 13     21 260
22  87  72  80   2   0  15 0.41  0.0    0  7.6 21 160   M    M   3 13     24 160
23  88  75  82   4   0  17 0.00  0.0    0 13.3 21 190   M    M   5        26 200
24  86  72  79   1   0  14 0.46  0.0    0 19.0 32 290   M    M   7 123    41 280
================================================================================
SM 2127 1671         0 344  5.05     0.0 253.4          M       61
================================================================================
AV 88.6 69.6                              10.6 FASTST   M    M   3    MAX(MPH)
                                 MISC ---->  # 32 290               # 41  280
================================================================================
NOTES:
# LAST OF SEVERAL OCCURRENCES

COLUMN 17 PEAK WIND IN M.P.H.

PRELIMINARY LOCAL CLIMATOLOGICAL DATA (WS FORM: F-6) , PAGE 2

                                          STATION:  Sarasota Bradenton
                                          MONTH:    MAY
                                          YEAR:     2017
                                          LATITUDE:   27 23 N
                                          LONGITUDE:  82 33 W

[TEMPERATURE DATA]      [PRECIPITATION DATA]       SYMBOLS USED IN COLUMN 16

AVERAGE MONTHLY: 79.1   TOTAL FOR MONTH:   5.05    1 = FOG OR MIST
DPTR FM NORMAL:   3.3   DPTR FM NORMAL:    3.51    2 = FOG REDUCING VISIBILITY
HIGHEST:   100 ON 18    GRTST 24HR  2.05 ON 19-19      TO 1/4 MILE OR LESS
LOWEST:     60 ON  9, 8                            3 = THUNDER
                        SNOW, ICE PELLETS, HAIL    4 = ICE PELLETS
                        TOTAL MONTH:   0.0 INCH    5 = HAIL
                        GRTST 24HR     0.0         6 = FREEZING RAIN OR DRIZZLE
                        GRTST DEPTH:   0           7 = DUSTSTORM OR SANDSTORM:
                                                       VSBY 1/2 MILE OR LESS
                                                   8 = SMOKE OR HAZE
[NO. OF DAYS WITH]      [WEATHER - DAYS WITH]      9 = BLOWING SNOW
                                                   X = TORNADO
MAX 32 OR BELOW:   0    0.01 INCH OR MORE:   7
MAX 90 OR ABOVE:   8    0.10 INCH OR MORE:   5
MIN 32 OR BELOW:   0    0.50 INCH OR MORE:   2
MIN  0 OR BELOW:   0    1.00 INCH OR MORE:   2

[HDD (BASE 65) ]
TOTAL THIS MO.     0    CLEAR  (SCALE 0-3)  15
DPTR FM NORMAL     0    PTCLDY (SCALE 4-7)   9
TOTAL FM JUL 1   202    CLOUDY (SCALE 8-10)  0
DPTR FM NORMAL  -275

[CDD (BASE 65) ]
TOTAL THIS MO.   344
DPTR FM NORMAL    84    [PRESSURE DATA]
TOTAL FM JAN 1   943    HIGHEST SLP M ON M
DPTR FM NORMAL   286    LOWEST  SLP 29.67 ON 24

[REMARKS]
