000
CXUS54 KEWX 160910
CF6SSF
PRELIMINARY LOCAL CLIMATOLOGICAL DATA (WS FORM: F-6)

                                          STATION:   SAN ANTONIO STINSON FIELD
                                          MONTH:     DECEMBER
                                          YEAR:      2017
                                          LATITUDE:   29 19 N
                                          LONGITUDE:  98 29 W

  TEMPERATURE IN F:       :PCPN:    SNOW:  WIND      :SUNSHINE: SKY     :PK WND
================================================================================
1   2   3   4   5  6A  6B    7    8   9   10  11  12  13   14  15   16   17  18
                                     12Z  AVG MX 2MIN
DY MAX MIN AVG DEP HDD CDD  WTR  SNW DPTH SPD SPD DIR MIN PSBL S-S WX    SPD DR
================================================================================

 1  80  58  69  13   0   4 0.00    M    M  4.3 12 200   M    M   4        14 170
 2  81  50  66  11   0   1 0.00    M    M  2.4 12 180   M    M   2 128    20 120
 3  82  65  74  19   0   9    T    M    M  5.0 13 110   M    M   8 12     17 160
 4  87  67  77  22   0  12 0.00    M    M  8.5 20 170   M    M   6        25 160
 5  72  56  64   9   1   0 0.08    M    M 11.9 24  10   M    M  10 1      31  40
 6  56  41  49  -5  16   0 0.96    M    M  9.9 18 350   M    M  10 1      24 360
 7  44  34  39 -15  26   0 1.03    M    M  7.8 20 360   M    M  10 1      27 360
 8  58  34  46  -8  19   0 0.00    M    M  5.0 15 280   M    M   2        20 290
 9  72  34  53  -1  12   0 0.00    M    M  6.1 17 350   M    M   0        25 350
10  70  35  53   0  12   0 0.00    M    M  2.6 10 270   M    M   0 8      13 290
11  74  33  54   1  11   0 0.00    M    M  3.0 12 270   M    M   0 8      15 260
12  68  39  54   1  11   0 0.00    M    M  5.8 22  20   M    M   0 8      26  10
13  62  35  49  -4  16   0 0.00    M    M  2.9 12 220   M    M   0        16 220
14  66  41  54   1  11   0 0.00    M    M  4.3 17  20   M    M   2        26  40
15  62  44  53   0  12   0    T    M    0  5.9 17  10   M    M   3        23  40
================================================================================
SM 1034  666       147  26  2.07    M     85.4          M       57
================================================================================
AV 68.9 44.4                               5.7 FASTST   M    M   4    MAX(MPH)
                                 MISC ---->  # 24  10               # 31   40
================================================================================
NOTES:
# LAST OF SEVERAL OCCURRENCES

COLUMN 17 PEAK WIND IN M.P.H.

PRELIMINARY LOCAL CLIMATOLOGICAL DATA (WS FORM: F-6) , PAGE 2

                                          STATION:  SAN ANTONIO STINSON FIELD
                                          MONTH:    DECEMBER
                                          YEAR:     2017
                                          LATITUDE:   29 19 N
                                          LONGITUDE:  98 29 W

[TEMPERATURE DATA]      [PRECIPITATION DATA]       SYMBOLS USED IN COLUMN 16

AVERAGE MONTHLY: 56.7   TOTAL FOR MONTH:   2.07    1 = FOG OR MIST
DPTR FM NORMAL:   2.7   DPTR FM NORMAL:    1.12    2 = FOG REDUCING VISIBILITY
HIGHEST:    87 ON  4    GRTST 24HR  1.03 ON  7- 7      TO 1/4 MILE OR LESS
LOWEST:     33 ON 11                               3 = THUNDER
                        SNOW, ICE PELLETS, HAIL    4 = ICE PELLETS
                        TOTAL MONTH:    M          5 = HAIL
                        GRTST 24HR    M  ON   M    6 = FREEZING RAIN OR DRIZZLE
                        GRTST DEPTH:   0           7 = DUSTSTORM OR SANDSTORM:
                                                       VSBY 1/2 MILE OR LESS
                                                   8 = SMOKE OR HAZE
[NO. OF DAYS WITH]      [WEATHER - DAYS WITH]      9 = BLOWING SNOW
                                                   X = TORNADO
MAX 32 OR BELOW:   0    0.01 INCH OR MORE:   3
MAX 90 OR ABOVE:   0    0.10 INCH OR MORE:   2
MIN 32 OR BELOW:   0    0.50 INCH OR MORE:   2
MIN  0 OR BELOW:   0    1.00 INCH OR MORE:   1

[HDD (BASE 65) ]
TOTAL THIS MO.   147    CLEAR  (SCALE 0-3)   9
DPTR FM NORMAL   -26    PTCLDY (SCALE 4-7)   3
TOTAL FM JUL 1   248    CLOUDY (SCALE 8-10)  3
DPTR FM NORMAL  -116

[CDD (BASE 65) ]
TOTAL THIS MO.    26
DPTR FM NORMAL    16    [PRESSURE DATA]
TOTAL FM JAN 1  3971    HIGHEST SLP M ON M
DPTR FM NORMAL   786    LOWEST  SLP 29.79 ON  4

[REMARKS]
