000
CXUS53 KMPX 241000
CF6STC
PRELIMINARY LOCAL CLIMATOLOGICAL DATA (WS FORM: F-6)

                                          STATION:   ST CLOUD MN
                                          MONTH:     DECEMBER
                                          YEAR:      2014
                                          LATITUDE:   45 32 N
                                          LONGITUDE:  94  4 W

  TEMPERATURE IN F:       :PCPN:    SNOW:  WIND      :SUNSHINE: SKY     :PK WND
================================================================================
1   2   3   4   5  6A  6B    7    8   9   10  11  12  13   14  15   16   17  18
                                     12Z  AVG MX 2MIN
DY MAX MIN AVG DEP HDD CDD  WTR  SNW DPTH SPD SPD DIR MIN PSBL S-S WX    SPD DR
================================================================================

 1   7  -8   0 -21  65   0 0.00  0.0    3  9.8 26 310   M    M   1        33 310
 2  21   6  14  -7  51   0 0.00  0.0    3 11.2 24 180   M    M   5        32 190
 3  20   4  12  -8  53   0 0.00  0.0    3  8.4 20 300   M    M   0        24 290
 4  32  10  21   1  44   0 0.00  0.0    3  9.2 21 170   M    M   3        25 160
 5  36  18  27   7  38   0 0.00  0.0    3  3.8 14 170   M    M   5 18     16 170
 6  28   7  18  -1  47   0 0.00  0.0    2  4.6 12 150   M    M   3        14 150
 7  35  25  30  11  35   0 0.02    T    2 14.1 23 180   M    M   8 18     33 170
 8  37  20  29  11  36   0 0.04  0.2    2 13.7 24 300   M    M  10 18     29 300
 9  23  12  18   0  47   0 0.00  0.0    2  4.2 12 330   M    M   8 18     15 320
10  31  23  27  10  38   0 0.00  0.0    2  9.0 15 170   M    M  10 18     19 170
11  34  29  32  15  33   0 0.00  0.0    2  9.6 15 190   M    M  10 18     18 190
12  38  34  36  19  29   0 0.00  0.0    2  9.9 17 160   M    M  10 128    22 160
13  44  36  40  24  25   0 0.00  0.0    2  6.2 12 170   M    M  10 12     14 170
14  50  42  46  30  19   0 0.02  0.0    1  7.2 10 130   M    M  10 12     14 150
15  48  24  36  20  29   0 0.46  0.7    T 11.1 25 340   M    M  10 12     34 350
16  24  12  18   3  47   0    T  0.1    1 13.5 23 350   M    M   9 8      32 330
17  20   8  14  -1  51   0 0.00  0.0    1  5.2 12 320   M    M   4 8      16 310
18  22   9  16   1  49   0 0.01  0.2    1  2.4  8 150   M    M   7 18      9 150
19  32  22  27  13  38   0 0.02  0.2    1  9.2 15 140   M    M  10 18     18 140
20  32  31  32  18  33   0 0.00  0.0    1 11.4 18 190   M    M  10 18     23 200
21  38  32  35  21  30   0    T  0.0    1 11.5 17 150   M    M  10 128    21 160
22  39  36  38  24  27   0 0.11  0.0    T 11.4 16 150   M    M  10 1      20 130
23  39  36  38  24  27   0    T  0.0    0 10.7 17 350   M    M  10 18     24 330
================================================================================
SM  730  468       891   0  0.68     1.4 207.3          M      173
================================================================================
AV 31.7 20.3                               9.0 FASTST   M    M   8    MAX(MPH)
                                 MISC ---->  # 26 310               # 34  350
================================================================================
NOTES:
# LAST OF SEVERAL OCCURRENCES

COLUMN 17 PEAK WIND IN M.P.H.

PRELIMINARY LOCAL CLIMATOLOGICAL DATA (WS FORM: F-6) , PAGE 2

                                          STATION:  ST CLOUD MN
                                          MONTH:    DECEMBER
                                          YEAR:     2014
                                          LATITUDE:   45 32 N
                                          LONGITUDE:  94  4 W

[TEMPERATURE DATA]      [PRECIPITATION DATA]       SYMBOLS USED IN COLUMN 16

AVERAGE MONTHLY: 26.0   TOTAL FOR MONTH:   0.68    1 = FOG OR MIST
DPTR FM NORMAL:   9.1   DPTR FM NORMAL:    0.07    2 = FOG REDUCING VISIBILITY
HIGHEST:    50 ON 14    GRTST 24HR  0.46 ON 15-15      TO 1/4 MILE OR LESS
LOWEST:     -8 ON  1                               3 = THUNDER
                        SNOW, ICE PELLETS, HAIL    4 = ICE PELLETS
                        TOTAL MONTH:   1.4 INCHES  5 = HAIL
                        GRTST 24HR   0.7 ON   M    6 = FREEZING RAIN OR DRIZZLE
                        GRTST DEPTH:   3 ON  5, 4  7 = DUSTSTORM OR SANDSTORM:
                                                       VSBY 1/2 MILE OR LESS
                                                   8 = SMOKE OR HAZE
[NO. OF DAYS WITH]      [WEATHER - DAYS WITH]      9 = BLOWING SNOW
                                                   X = TORNADO
MAX 32 OR BELOW:  12    0.01 INCH OR MORE:   7
MAX 90 OR ABOVE:   0    0.10 INCH OR MORE:   2
MIN 32 OR BELOW:  18    0.50 INCH OR MORE:   0
MIN  0 OR BELOW:   1    1.00 INCH OR MORE:   0

[HDD (BASE 65) ]
TOTAL THIS MO.   891    CLEAR  (SCALE 0-3)   3
DPTR FM NORMAL  -213    PTCLDY (SCALE 4-7)   6
TOTAL FM JUL 1  2823    CLOUDY (SCALE 8-10) 14
DPTR FM NORMAL  -206

[CDD (BASE 65) ]
TOTAL THIS MO.     0
DPTR FM NORMAL     0    [PRESSURE DATA]
TOTAL FM JAN 1   597    HIGHEST SLP M ON M
DPTR FM NORMAL   132    LOWEST  SLP 29.70 ON 23

[REMARKS]
