000
CXUS55 KEAX 200736
CF6STJ
PRELIMINARY LOCAL CLIMATOLOGICAL DATA (WS FORM: F-6)

                                          STATION:   ST. JOSEPH MO
                                          MONTH:     AUGUST
                                          YEAR:      2017
                                          LATITUDE:   39 46 N
                                          LONGITUDE:  94 55 W

  TEMPERATURE IN F:       :PCPN:    SNOW:  WIND      :SUNSHINE: SKY     :PK WND
================================================================================
1   2   3   4   5  6A  6B    7    8   9   10  11  12  13   14  15   16   17  18
                                     12Z  AVG MX 2MIN
DY MAX MIN AVG DEP HDD CDD  WTR  SNW DPTH SPD SPD DIR MIN PSBL S-S WX    SPD DR
================================================================================

 1  87  60  74  -3   0   9 0.00    M    M  3.3 10 330   M    M   3 12     17 340
 2  88  58  73  -4   0   8 0.00    M    M  2.1 13 300   M    M   1 12     21 230
 3  79  58  69  -8   0   4    T    M    M  8.3 20 330   M    M   2 1      25 330
 4  79  47  63 -14   2   0 0.00    M    M  4.5 14 360   M    M   0        23  20
 5  71  51  61 -16   4   0 0.13    M    M  7.8 18 150   M    M   7 13     24 150
 6  73  61  67 -10   0   2 0.10    M    M  3.9 10  10   M    M   9 12     16  80
 7  81  58  70  -7   0   5 0.00    M    M  5.1 20  30   M    M   4 12     25  20
 8  82  55  69  -8   0   4 0.00    M    M  2.7 13 120   M    M   4 12     18 100
 9  83  54  69  -8   0   4    T    M    M  3.0 13 220   M    M   2 12     18 200
10  85  62  74  -2   0   9 0.04    M    M  3.0 20 330   M    M   6 123    24 350
11  82  61  72  -4   0   7 0.00    M    M  5.7 14  10   M    M   2        19  10
12  83  55  69  -7   0   4 0.00    M    M  4.0  9 150   M    M   1        12 120
13  81  53  67  -9   0   2 0.00    M    M  6.5 16 160   M    M   3 1      20 150
14  86  66  76   0   0  11 0.00    M    M  6.1 17 210   M    M   4 1      22 210
15  89  65  77   1   0  12 0.00    M    M  6.0 14 140   M    M   2 12     20 150
16  85  71  78   2   0  13 0.25    M    M  8.8 17 270   M    M   5 13     22 280
17  84  59  72  -4   0   7 0.00    M    M  7.0 20 300   M    M   0 18     26 300
18  90  57  74  -1   0   9    T    M    M  4.4 15 250   M    M   3 123    20 250
19  92  60  76   1   0  11 0.00    M    M  3.8 12 180   M    M   3 12     15  40
================================================================================
SM 1580 1111         6 121  0.52    M     96.0          M       61
================================================================================
AV 83.2 58.5                               5.1 FASTST   M    M   3    MAX(MPH)
                                 MISC ---->  # 20 330               # 26  300
================================================================================
NOTES:
# LAST OF SEVERAL OCCURRENCES

COLUMN 17 PEAK WIND IN M.P.H.

PRELIMINARY LOCAL CLIMATOLOGICAL DATA (WS FORM: F-6) , PAGE 2

                                          STATION:  ST. JOSEPH MO
                                          MONTH:    AUGUST
                                          YEAR:     2017
                                          LATITUDE:   39 46 N
                                          LONGITUDE:  94 55 W

[TEMPERATURE DATA]      [PRECIPITATION DATA]       SYMBOLS USED IN COLUMN 16

AVERAGE MONTHLY: 70.8   TOTAL FOR MONTH:   0.52    1 = FOG OR MIST
DPTR FM NORMAL:  -5.6   DPTR FM NORMAL:   -1.78    2 = FOG REDUCING VISIBILITY
HIGHEST:    92 ON 19    GRTST 24HR  0.25 ON 16-16      TO 1/4 MILE OR LESS
LOWEST:     47 ON  4                               3 = THUNDER
                        SNOW, ICE PELLETS, HAIL    4 = ICE PELLETS
                        TOTAL MONTH:    M          5 = HAIL
                        GRTST 24HR    M  ON   M    6 = FREEZING RAIN OR DRIZZLE
                        GRTST DEPTH:  M  ON   M    7 = DUSTSTORM OR SANDSTORM:
                                                       VSBY 1/2 MILE OR LESS
                                                   8 = SMOKE OR HAZE
[NO. OF DAYS WITH]      [WEATHER - DAYS WITH]      9 = BLOWING SNOW
                                                   X = TORNADO
MAX 32 OR BELOW:   0    0.01 INCH OR MORE:   4
MAX 90 OR ABOVE:   2    0.10 INCH OR MORE:   3
MIN 32 OR BELOW:   0    0.50 INCH OR MORE:   0
MIN  0 OR BELOW:   0    1.00 INCH OR MORE:   0

[HDD (BASE 65) ]
TOTAL THIS MO.     6    CLEAR  (SCALE 0-3)  11
DPTR FM NORMAL     6    PTCLDY (SCALE 4-7)   7
TOTAL FM JUL 1     6    CLOUDY (SCALE 8-10)  1
DPTR FM NORMAL     5

[CDD (BASE 65) ]
TOTAL THIS MO.   121
DPTR FM NORMAL   -96    [PRESSURE DATA]
TOTAL FM JAN 1   981    HIGHEST SLP  0.00 ON M
DPTR FM NORMAL    10    LOWEST  SLP  0.00 ON M

[REMARKS]
