000
CXUS55 KEAX 290736
CF6STJ
PRELIMINARY LOCAL CLIMATOLOGICAL DATA (WS FORM: F-6)

                                          STATION:   ST. JOSEPH MO
                                          MONTH:     JUNE
                                          YEAR:      2017
                                          LATITUDE:   39 46 N
                                          LONGITUDE:  94 55 W

  TEMPERATURE IN F:       :PCPN:    SNOW:  WIND      :SUNSHINE: SKY     :PK WND
================================================================================
1   2   3   4   5  6A  6B    7    8   9   10  11  12  13   14  15   16   17  18
                                     12Z  AVG MX 2MIN
DY MAX MIN AVG DEP HDD CDD  WTR  SNW DPTH SPD SPD DIR MIN PSBL S-S WX    SPD DR
================================================================================

 1  82  61  72   2   0   7 0.04    M    M  4.6 18 240   M    M   5        22 240
 2  89  62  76   6   0  11 0.00    M    M  5.7 16 200   M    M   1        19 200
 3  88  62  75   4   0  10 0.00    M    M  3.2 12 190   M    M   1 1      15 170
 4  90  66  78   7   0  13 0.00    M    M  3.9 12 200   M    M   1        17 310
 5  96  63  80   9   0  15 0.00    M    M  5.1 17  40   M    M   0 12     22  40
 6  85  60  73   1   0   8 0.00    M    M  7.5 12  80   M    M   0        17  99
 7  84  54  69  -3   0   4 0.00    M    M  2.8 13  80   M    M   0        17  60
 8  86  54  70  -2   0   5 0.00    M    M  4.3 14 230   M    M   0        20 180
 9  88  59  74   2   0   9 0.00    M    M  9.4 17 190   M    M   0        23 190
10  92  69  81   8   0  16 0.00    M    M 17.8 28 180   M    M   0 8      35 190
11  94  74  84  11   0  19 0.00    M    M 18.8 30 180   M    M   0        40 180
12  93  73  83  10   0  18 0.00    M    M 13.2 22 200   M    M   1        27 180
13  91  76  84  11   0  19 0.00    M    M 17.1 29 170   M    M   2        35 170
14  90  70  80   6   0  15 0.25    M    M  9.7 25 200   M    M   3 13     33 220
15  94  67  81   7   0  16 0.09    M    M  8.3 38 210   M    M   0 3      45 220
16  92  67  80   6   0  15 0.63    M    M  9.7 48 340   M    M   1 13     76 320
17  89  69  79   5   0  14 0.10    M    M  7.8 20 350   M    M   4 13     25 330
18  82  64  73  -1   0   8 0.01    M    M 11.7 25 320   M    M   1        29 290
19  88  62  75   0   0  10    T    M    M  5.3 15 320   M    M   3        19 280
20  92  60  76   1   0  11 0.00    M    M  6.5 16 240   M    M   1        22 270
21  93  71  82   7   0  17    T    M    M 12.3 24 190   M    M   1        31 200
22  90  72  81   6   0  16 0.00    M    M 11.6 22 200   M    M   1        27 180
23  80  58  69  -6   0   4 0.17    M    M 11.7 28 340   M    M   2 13     35 330
24  81  51  66  -9   0   1 0.00    M    M  6.5 18 300   M    M   0        22 290
25  77  51  64 -12   1   0 0.00    M    M  5.8 18  10   M    M   0        22  10
26  70  53  62 -14   3   0 0.66    M    M  5.0 21 350   M    M   4 13     25 340
27  81  52  67  -9   0   2 0.00    M    M  9.4 20 140   M    M   5 12     26 180
28  89  69  79   3   0  14 0.10    M    M 16.7 29  60   M    M   3 13     39 200
================================================================================
SM 2446 1769         4 297  2.05    M    251.4          M       40
================================================================================
AV 87.4 63.2                               9.0 FASTST   M    M   1    MAX(MPH)
                                 MISC ---->  # 48 340               # 76  320
================================================================================
NOTES:
# LAST OF SEVERAL OCCURRENCES

COLUMN 17 PEAK WIND IN M.P.H.

PRELIMINARY LOCAL CLIMATOLOGICAL DATA (WS FORM: F-6) , PAGE 2

                                          STATION:  ST. JOSEPH MO
                                          MONTH:    JUNE
                                          YEAR:     2017
                                          LATITUDE:   39 46 N
                                          LONGITUDE:  94 55 W

[TEMPERATURE DATA]      [PRECIPITATION DATA]       SYMBOLS USED IN COLUMN 16

AVERAGE MONTHLY: 75.3   TOTAL FOR MONTH:   2.05    1 = FOG OR MIST
DPTR FM NORMAL:   1.8   DPTR FM NORMAL:   -1.94    2 = FOG REDUCING VISIBILITY
HIGHEST:    96 ON  5    GRTST 24HR  0.66 ON 26-26      TO 1/4 MILE OR LESS
LOWEST:     51 ON 25,24                            3 = THUNDER
                        SNOW, ICE PELLETS, HAIL    4 = ICE PELLETS
                        TOTAL MONTH:    M          5 = HAIL
                        GRTST 24HR    M  ON   M    6 = FREEZING RAIN OR DRIZZLE
                        GRTST DEPTH:  M  ON   M    7 = DUSTSTORM OR SANDSTORM:
                                                       VSBY 1/2 MILE OR LESS
                                                   8 = SMOKE OR HAZE
[NO. OF DAYS WITH]      [WEATHER - DAYS WITH]      9 = BLOWING SNOW
                                                   X = TORNADO
MAX 32 OR BELOW:   0    0.01 INCH OR MORE:   9
MAX 90 OR ABOVE:  12    0.10 INCH OR MORE:   6
MIN 32 OR BELOW:   0    0.50 INCH OR MORE:   2
MIN  0 OR BELOW:   0    1.00 INCH OR MORE:   0

[HDD (BASE 65) ]
TOTAL THIS MO.     4    CLEAR  (SCALE 0-3)  22
DPTR FM NORMAL    -2    PTCLDY (SCALE 4-7)   6
TOTAL FM JUL 1  4264    CLOUDY (SCALE 8-10)  0
DPTR FM NORMAL -1192

[CDD (BASE 65) ]
TOTAL THIS MO.   297
DPTR FM NORMAL    52    [PRESSURE DATA]
TOTAL FM JAN 1   416    HIGHEST SLP  0.00 ON M
DPTR FM NORMAL    58    LOWEST  SLP  0.00 ON M

[REMARKS]
