000
CXUS55 KEAX 210736
CF6STJ
PRELIMINARY LOCAL CLIMATOLOGICAL DATA (WS FORM: F-6)

                                          STATION:   ST. JOSEPH MO
                                          MONTH:     APRIL
                                          YEAR:      2014
                                          LATITUDE:   39 46 N
                                          LONGITUDE:  94 55 W

  TEMPERATURE IN F:       :PCPN:    SNOW:  WIND      :SUNSHINE: SKY     :PK WND
================================================================================
1   2   3   4   5  6A  6B    7    8   9   10  11  12  13   14  15   16   17  18
                                     12Z  AVG MX 2MIN
DY MAX MIN AVG DEP HDD CDD  WTR  SNW DPTH SPD SPD DIR MIN PSBL S-S WX    SPD DR
================================================================================

 1  54  26  40 -10  25   0 0.00    M    M  7.7 25 310   M    M   4        32 310
 2  48  41  45  -5  20   0 0.18    M    M 10.9 25  60   M    M  10 13     29  70
 3  56  36  46  -4  19   0 0.97    M    M 12.3 25 310   M    M  10 13     31 310
 4  44  29  37 -14  28   0    T    M    M 15.7 29 320   M    M   9        39 320
 5  59  24  42  -9  23   0 0.00    M    M  6.1 16 160   M    M   0        20 160
 6  64  44  54   3  11   0 0.00    M    M  5.6 15 110   M    M   8        18  80
 7  65  39  52   0  13   0    T    M    M  7.8 28  10   M    M   7 8      35 360
 8  61  35  48  -4  17   0    T    M    M 12.2 26 350   M    M   4        33 320
 9  77  29  53   1  12   0 0.00    M    M 12.6 28 190   M    M   0        37 190
10  67  37  52   0  13   0 0.00    M    M 12.4 31  20   M    M   0        37  20
11  77  34  56   3   9   0 0.00    M    M  5.8 15 150   M    M   0 18     20 160
12  84  52  68  15   0   3 0.24    M    M 16.4 32 250   M    M   0 38     41 250
13  73  34  54   1  11   0 0.64    M    M 17.6 32 320   M    M   8 13     42 360
14  44  29  37 -17  28   0 0.01    M    M 18.4 35 360   M    M   7 1      46 350
15  54  23  39 -15  26   0 0.00    M    M  7.5 20 160   M    M   1 1      27 170
16  67  39  53  -1  12   0 0.00    M    M 20.6 38 190   M    M   2        50 180
17  56  34  45 -10  20   0 0.00    M    M  8.3 20 330   M    M   4        24 330
18  69  28  49  -6  16   0 0.00    M    M  6.0 17 140   M    M   0 18     21 190
19  80  44  62   7   3   0 0.00    M    M 11.6 26 170   M    M   0        32 180
20  82  54  68  12   0   3 0.00    M    M 10.7 23 200   M    M   1        29 180
================================================================================
SM 1281  711       306   6  2.04    M    226.2          M       75
================================================================================
AV 64.1 35.5                              11.3 FASTST   M    M   4    MAX(MPH)
                                 MISC ---->  # 38 190               # 50  180
================================================================================
NOTES:
# LAST OF SEVERAL OCCURRENCES

COLUMN 17 PEAK WIND IN M.P.H.

PRELIMINARY LOCAL CLIMATOLOGICAL DATA (WS FORM: F-6) , PAGE 2

                                          STATION:  ST. JOSEPH MO
                                          MONTH:    APRIL
                                          YEAR:     2014
                                          LATITUDE:   39 46 N
                                          LONGITUDE:  94 55 W

[TEMPERATURE DATA]      [PRECIPITATION DATA]       SYMBOLS USED IN COLUMN 16

AVERAGE MONTHLY: 49.8   TOTAL FOR MONTH:   2.04    1 = FOG OR MIST
DPTR FM NORMAL:  -2.8   DPTR FM NORMAL:   -0.14    2 = FOG REDUCING VISIBILITY
HIGHEST:    84 ON 12    GRTST 24HR  1.13 ON  2- 3      TO 1/4 MILE OR LESS
LOWEST:     23 ON 15                               3 = THUNDER
                        SNOW, ICE PELLETS, HAIL    4 = ICE PELLETS
                        TOTAL MONTH:    M          5 = HAIL
                        GRTST 24HR    M  ON   M    6 = FREEZING RAIN OR DRIZZLE
                        GRTST DEPTH:  M  ON   M    7 = DUSTSTORM OR SANDSTORM:
                                                       VSBY 1/2 MILE OR LESS
                                                   8 = SMOKE OR HAZE
[NO. OF DAYS WITH]      [WEATHER - DAYS WITH]      9 = BLOWING SNOW
                                                   X = TORNADO
MAX 32 OR BELOW:   0    0.01 INCH OR MORE:   5
MAX 90 OR ABOVE:   0    0.10 INCH OR MORE:   4
MIN 32 OR BELOW:   7    0.50 INCH OR MORE:   2
MIN  0 OR BELOW:   0    1.00 INCH OR MORE:   0

[HDD (BASE 65) ]
TOTAL THIS MO.   306    CLEAR  (SCALE 0-3)  10
DPTR FM NORMAL    47    PTCLDY (SCALE 4-7)   6
TOTAL FM JUL 1  6072    CLOUDY (SCALE 8-10)  4
DPTR FM NORMAL   820

[CDD (BASE 65) ]
TOTAL THIS MO.     6
DPTR FM NORMAL    -7    [PRESSURE DATA]
TOTAL FM JAN 1     6    HIGHEST SLP  0.00 ON M
DPTR FM NORMAL    -9    LOWEST  SLP  0.00 ON M

[REMARKS]
