033
CXUS55 KSTO 181425
CF6STO
PRELIMINARY LOCAL CLIMATOLOGICAL DATA (WS FORM: F-6)

                                          STATION:   SACRAMENTO CITY
                                          MONTH:     OCTOBER
                                          YEAR:      2017
                                          LATITUDE:   38 36 N
                                          LONGITUDE: 121 23 W

  TEMPERATURE IN F:       :PCPN:    SNOW:  WIND      :SUNSHINE: SKY     :PK WND
================================================================================
1   2   3   4   5  6A  6B    7    8   9   10  11  12  13   14  15   16   17  18
                                     12Z  AVG MX 2MIN
DY MAX MIN AVG DEP HDD CDD  WTR  SNW DPTH SPD SPD DIR MIN PSBL S-S WX    SPD DR
================================================================================

 1  81  59  70   0   0   5 0.00  0.0    M   M   M   M   M    M   M         M  M
 2  79  54  67  -3   0   2 0.00  0.0    M   M   M   M   M    M   M         M  M
 3  80  47  64  -6   1   0 0.00    M    M   M   M   M   M    M   M         M  M
 4  81  50  66  -3   0   1 0.00    M    M   M   M   M   M    M   M         M  M
 5  83  49  66  -3   0   1 0.00    M    M   M   M   M   M    M   M         M  M
 6  86  50  68  -1   0   3 0.00    M    M   M   M   M   M    M   M         M  M
 7  87  53  70   2   0   5 0.00    M    M   M   M   M   M    M   M         M  M
 8  80  55  68   0   0   3 0.00  0.0    M   M   M   M   M    M   M         M  M
 9  83  58  71   3   0   6 0.00  0.0    M   M   M   M   M    M   M         M  M
10  85  52  69   2   0   4 0.00  0.0    M   M   M   M   M    M   M         M  M
11  75  54  65  -2   0   0 0.00  0.0    0   M   M   M   M    M   M         M  M
12  75  48  62  -5   3   0 0.00  0.0    0   M   M   M   M    M   M         M  M
13  77  44  61  -5   4   0 0.00    M    M   M   M   M   M    M   M         M  M
14  77  54  66   0   0   1 0.00  0.0    M   M   M   M   M    M   M         M  M
15  82  46  64  -2   1   0 0.00  0.0    M   M   M   M   M    M   M         M  M
16  85  49  67   1   0   2 0.00  0.0    M   M   M   M   M    M   M         M  M
17  82  51  67   2   0   2 0.00  0.0    M   M   M   M   M    M   M         M  M
================================================================================
SM 1378  873         9  35  0.00     0.0     M          M        M
================================================================================
AV 81.1 51.4                                 M FASTST   M    M   0    MAX(MPH)
                                 MISC ---->     M   M                  M    M
================================================================================
NOTES:
# LAST OF SEVERAL OCCURRENCES

COLUMN 17 PEAK WIND IN M.P.H.

PRELIMINARY LOCAL CLIMATOLOGICAL DATA (WS FORM: F-6) , PAGE 2

                                          STATION:  SACRAMENTO CITY
                                          MONTH:    OCTOBER
                                          YEAR:     2017
                                          LATITUDE:   38 36 N
                                          LONGITUDE: 121 23 W

[TEMPERATURE DATA]      [PRECIPITATION DATA]       SYMBOLS USED IN COLUMN 16

AVERAGE MONTHLY: 66.2   TOTAL FOR MONTH:   0.00    1 = FOG OR MIST
DPTR FM NORMAL:  -1.5   DPTR FM NORMAL:   -0.42    2 = FOG REDUCING VISIBILITY
HIGHEST:    87 ON  7    GRTST 24HR  0.00 ON 17-17      TO 1/4 MILE OR LESS
LOWEST:     44 ON 13                               3 = THUNDER
                        SNOW, ICE PELLETS, HAIL    4 = ICE PELLETS
                        TOTAL MONTH:   0.0 INCH    5 = HAIL
                        GRTST 24HR     0.0         6 = FREEZING RAIN OR DRIZZLE
                        GRTST DEPTH:   0           7 = DUSTSTORM OR SANDSTORM:
                                                       VSBY 1/2 MILE OR LESS
                                                   8 = SMOKE OR HAZE
[NO. OF DAYS WITH]      [WEATHER - DAYS WITH]      9 = BLOWING SNOW
                                                   X = TORNADO
MAX 32 OR BELOW:   0    0.01 INCH OR MORE:   0
MAX 90 OR ABOVE:   0    0.10 INCH OR MORE:   0
MIN 32 OR BELOW:   0    0.50 INCH OR MORE:   0
MIN  0 OR BELOW:   0    1.00 INCH OR MORE:   0

[HDD (BASE 65) ]
TOTAL THIS MO.     9    CLEAR  (SCALE 0-3)   0
DPTR FM NORMAL   -12    PTCLDY (SCALE 4-7)   0
TOTAL FM JUL 1    10    CLOUDY (SCALE 8-10)  0
DPTR FM NORMAL   -18

[CDD (BASE 65) ]
TOTAL THIS MO.    35
DPTR FM NORMAL   -29    [PRESSURE DATA]
TOTAL FM JAN 1  1858    HIGHEST SLP M ON M
DPTR FM NORMAL   406    LOWEST  SLP M ON M

[REMARKS]
