000
CXUS55 KSTO 221455
CF6STO
PRELIMINARY LOCAL CLIMATOLOGICAL DATA (WS FORM: F-6)

                                          STATION:   SACRAMENTO CITY
                                          MONTH:     OCTOBER
                                          YEAR:      2014
                                          LATITUDE:   38 36 N
                                          LONGITUDE: 121 23 W

  TEMPERATURE IN F:       :PCPN:    SNOW:  WIND      :SUNSHINE: SKY     :PK WND
================================================================================
1   2   3   4   5  6A  6B    7    8   9   10  11  12  13   14  15   16   17  18
                                     12Z  AVG MX 2MIN
DY MAX MIN AVG DEP HDD CDD  WTR  SNW DPTH SPD SPD DIR MIN PSBL S-S WX    SPD DR
================================================================================

 1  86  58  72   2   0   7 0.00    M    M   M   M   M   M    M   M         M  M
 2  89  54  72   2   0   7 0.00    M    M   M   M   M   M    M   M         M  M
 3  95  58  77   7   0  12 0.00    M    M   M   M   M   M    M   M         M  M
 4  96  58  77   8   0  12 0.00    M    M   M   M   M   M    M   M         M  M
 5  95  59  77   8   0  12 0.00    M    M   M   M   M   M    M   M         M  M
 6  96  59  78   9   0  13 0.00  0.0    0   M   M   M   M    M   M         M  M
 7  96  59  78  10   0  13 0.00    M    M   M   M   M   M    M   M         M  M
 8  95  58  77   9   0  12 0.00    M    M   M   M   M   M    M   M         M  M
 9  90  58  74   6   0   9 0.00    M    M   M   M   M   M    M   M         M  M
10  87  57  72   5   0   7 0.00    M    M   M   M   M   M    M   M         M  M
11  87  57  72   5   0   7 0.00    M    M   M   M   M   M    M   M         M  M
12  88  60  74   7   0   9 0.00    M    M   M   M   M   M    M   M         M  M
13  92  56  74   8   0   9 0.00    M    M   M   M   M   M    M   M         M  M
14  74  57  66   0   0   1 0.00    M    M   M   M   M   M    M   M         M  M
15  72  60  66   0   0   1 0.09    M    M   M   M   M   M    M   M         M  M
16  78  56  67   1   0   2 0.00    M    M   M   M   M   M    M   M         M  M
17  74  54  64  -1   1   0 0.00    M    M   M   M   M   M    M   M         M  M
18  81  55  68   3   0   3 0.00    M    M   M   M   M   M    M   M         M  M
19  82  54  68   4   0   3 0.00    M    M   M   M   M   M    M   M         M  M
20  74  59  67   3   0   2 0.00    M    M   M   M   M   M    M   M         M  M
21  72  50  61  -3   4   0 0.00    M    M   M   M   M   M    M   M         M  M
================================================================================
SM 1799 1196         5 141  0.09     0.0     M          M        M
================================================================================
AV 85.7 57.0                                 M FASTST   M    M   1    MAX(MPH)
                                 MISC ---->     M   M                  M    M
================================================================================
NOTES:
# LAST OF SEVERAL OCCURRENCES

COLUMN 17 PEAK WIND IN M.P.H.

PRELIMINARY LOCAL CLIMATOLOGICAL DATA (WS FORM: F-6) , PAGE 2

                                          STATION:  SACRAMENTO CITY
                                          MONTH:    OCTOBER
                                          YEAR:     2014
                                          LATITUDE:   38 36 N
                                          LONGITUDE: 121 23 W

[TEMPERATURE DATA]      [PRECIPITATION DATA]       SYMBOLS USED IN COLUMN 16

AVERAGE MONTHLY: 71.3   TOTAL FOR MONTH:   0.09    1 = FOG OR MIST
DPTR FM NORMAL:   4.3   DPTR FM NORMAL:   -0.48    2 = FOG REDUCING VISIBILITY
HIGHEST:    96 ON  7, 6 GRTST 24HR  0.09 ON 15-15      TO 1/4 MILE OR LESS
LOWEST:     50 ON 21                               3 = THUNDER
                        SNOW, ICE PELLETS, HAIL    4 = ICE PELLETS
                        TOTAL MONTH:   0.0 INCH    5 = HAIL
                        GRTST 24HR     0.0         6 = FREEZING RAIN OR DRIZZLE
                        GRTST DEPTH:   0           7 = DUSTSTORM OR SANDSTORM:
                                                       VSBY 1/2 MILE OR LESS
                                                   8 = SMOKE OR HAZE
[NO. OF DAYS WITH]      [WEATHER - DAYS WITH]      9 = BLOWING SNOW
                                                   X = TORNADO
MAX 32 OR BELOW:   0    0.01 INCH OR MORE:   1
MAX 90 OR ABOVE:   8    0.10 INCH OR MORE:   0
MIN 32 OR BELOW:   0    0.50 INCH OR MORE:   0
MIN  0 OR BELOW:   0    1.00 INCH OR MORE:   0

[HDD (BASE 65) ]
TOTAL THIS MO.     5    CLEAR  (SCALE 0-3)   0
DPTR FM NORMAL   -25    PTCLDY (SCALE 4-7)   0
TOTAL FM JUL 1     5    CLOUDY (SCALE 8-10)  0
DPTR FM NORMAL   -32

[CDD (BASE 65) ]
TOTAL THIS MO.   141
DPTR FM NORMAL    70    [PRESSURE DATA]
TOTAL FM JAN 1  1911    HIGHEST SLP M ON M
DPTR FM NORMAL   452    LOWEST  SLP M ON M

[REMARKS]
